000
CXUS51 KPHI 011039
CLAGED
CLIMATE REPORT
NATIONAL WEATHER SERVICE MOUNT HOLLY NJ
539 AM EST SUN JAN 01 2023
...................................
...THE GEORGETOWN DE CLIMATE SUMMARY FOR THE YEAR OF 2022...
CLIMATE NORMAL PERIOD: 1991 TO 2020
CLIMATE RECORD PERIOD: 1948 TO 2022
WEATHER OBSERVED NORMAL DEPART LAST YEAR`S
VALUE DATE(S) VALUE FROM VALUE DATE(S)
NORMAL
................................................................
TEMPERATURE (F)
RECORD
HIGH 104 07/23/2011
07/22/2011
LOW -13 01/28/1987
HIGHEST 97 08/04 MM MM 96 07/01
LOWEST 8 01/30 MM MM 19 01/30
AVG. MAXIMUM 68.2 66.9 1.3 68.8
AVG. MINIMUM 47.7 48.2 -0.5 49.3
MEAN 57.9 57.6 0.3 59.1
DAYS MAX >= 90 50 30.5 19.5 40
DAYS MAX <= 32 7 8.7 -1.7 0
DAYS MIN <= 32 90 83.2 6.8 79
DAYS MIN <= 0 0 0.2 -0.2 0
PRECIPITATION (INCHES)
RECORD
MAXIMUM 69.21 1948
MINIMUM 33.92 1965
TOTALS 40.59 43.88 -3.29 41.48
DAILY AVG. 0.11 0.12 -0.01 0.11
DAYS >= .01 120 132.2 -12.2 MM
DAYS >= .10 77 72.7 4.3 MM
DAYS >= .50 32 27.7 4.3 MM
DAYS >= 1.00 12 11.1 0.9 MM
GREATEST
24 HR. TOTAL 1.90 12/15 TO 12/16 2.45
STORM TOTAL 1.89 2.45
(MM/DD(HH)) MM
DEGREE DAYS
HEATING TOTAL 4004 4070 -66 3637
SINCE 7/1 1437 1450 -13 MM
COOLING TOTAL 1542 1396 146 1629
SINCE 1/1 1542 1395 147 MM
FREEZE DATES
RECORD
EARLIEST MM
LATEST MM
EARLIEST 11/14
LATEST 04/11
................................................................
WIND (MPH)
AVERAGE WIND SPEED 6.8
RESULTANT WIND SPEED/DIRECTION 1/210
HIGHEST WIND SPEED/DIRECTION 39/050 DATE 02/18
HIGHEST GUST SPEED/DIRECTION 53/050 DATE 05/07
SKY COVER
POSSIBLE SUNSHINE (PERCENT) MM
AVERAGE SKY COVER 0.33
NUMBER OF DAYS FAIR 219
NUMBER OF DAYS PC 88
NUMBER OF DAYS CLOUDY 58
AVERAGE RH (PERCENT) 69
WEATHER CONDITIONS. NUMBER OF DAYS WITH
THUNDERSTORM 36 MIXED PRECIP 0
HEAVY RAIN 46 RAIN 66
LIGHT RAIN 154 FREEZING RAIN 1
LT FREEZING RAIN 2 HAIL 0
HEAVY SNOW 2 SNOW 5
LIGHT SNOW 15 SLEET 0
FOG 161 FOG W/VIS <= 1/4 MILE 32
HAZE 12
- INDICATES NEGATIVE NUMBERS.
R INDICATES RECORD WAS SET OR TIED.
MM INDICATES DATA IS MISSING.
T INDICATES TRACE AMOUNT.
$$