000
CXUS55 KRIW 011110
CF6GEY
PRELIMINARY LOCAL CLIMATOLOGICAL DATA (WS FORM: F-6)
STATION: GREYBULL WY
MONTH: FEBRUARY
YEAR: 2024
LATITUDE: 44 30 N
LONGITUDE: 108 4 W
TEMPERATURE IN F: :PCPN: SNOW: WIND :SUNSHINE: SKY :PK WND
================================================================================
1 2 3 4 5 6A 6B 7 8 9 10 11 12 13 14 15 16 17 18
12Z AVG MX 2MIN
DY MAX MIN AVG DEP HDD CDD WTR SNW DPTH SPD SPD DIR MIN PSBL S-S WX SPD DR
================================================================================
1 56 17 37 18 28 0 0.00 M M 3.7 13 100 M M 0 15 100
2 50 20 35 16 30 0 0.00 M M 2.3 7 250 M M 3 10 110
3 48 24 36 17 29 0 T M M 6.1 20 310 M M 8 26 300
4 42 29 36 16 29 0 T M M 5.1 13 310 M M 8 17 310
5 51 24 38 18 27 0 0.00 M M 7.8 21 170 M M 1 26 170
6 47 25 36 16 29 0 0.00 M M 2.2 10 320 M M 2 11 320
7 46 31 39 19 26 0 T M M 9.3 24 300 M M 7 30 300
8 44 24 34 13 31 0 0.00 M M 4.9 15 300 M M 4 21 290
9 43 18 31 10 34 0 T M M 4.9 20 360 M M 8 1 25 360
10 36 19 28 7 37 0 T M M 6.0 20 310 M M 7 8 26 310
11 38 12 25 3 40 0 0.00 M M 4.4 12 170 M M 4 16 150
12 45 M M M M M 0.00 M M M M M M M M M M
13 47 17 32 10 33 0 0.00 M M 5.6 18 310 M M 3 24 310
14 32 23 28 5 37 0 T M M 5.6 17 320 M M 9 18 23 320
15 26 16 21 -2 44 0 T M M 12.7 22 320 M M 9 18 29 330
16 18 -9 5 -19 60 0 0.05 M M 7.9 18 320 M M 7 18 24 310
17 26 -11 8 -16 57 0 0.00 M M 2.5 9 110 M M 0 13 100
18 32 -2 15 -10 50 0 0.00 M M 2.8 10 110 M M 4 14 110
19 47 10 29 4 36 0 0.00 M M 2.2 8 120 M M 1 13 120
20 54 20 37 11 28 0 0.00 M M 3.4 10 180 M M 1 15 180
21 53 25 39 13 26 0 0.00 M M 2.9 7 320 M M 1 M M
22 53 18 36 9 29 0 0.00 M M 4.9 20 300 M M 3 25 300
23 52 23 38 11 27 0 0.00 M M 5.6 17 260 M M 0 24 270
24 57 23 40 12 25 0 0.00 M M 6.2 16 300 M M 3 23 310
25 59 31 45 17 20 0 0.00 M M 5.8 14 280 M M 5 19 270
26 62 23 43 14 22 0 0.00 M M 12.3 35 330 M M 2 43 320
27 27 14 21 -9 44 0 T M M 8.8 29 320 M M 8 1 38 310
28 44 7 26 -4 39 0 0.00 M M 5.4 15 130 M M 0 22 200
29 55 16 36 6 29 0 0.00 M M 7.0 16 130 M M 0 31 130
================================================================================
SM 1290 487 946 0 0.05 M 158.3 M 108
================================================================================
AV 44.5 17.4 5.7 FASTST M M 4 MAX(MPH)
MISC ----> 35 330 43 320
================================================================================
NOTES:
# LAST OF SEVERAL OCCURRENCES
COLUMN 17 PEAK WIND IN M.P.H.
PRELIMINARY LOCAL CLIMATOLOGICAL DATA (WS FORM: F-6) , PAGE 2
STATION: GREYBULL WY
MONTH: FEBRUARY
YEAR: 2024
LATITUDE: 44 30 N
LONGITUDE: 108 4 W
[TEMPERATURE DATA] [PRECIPITATION DATA] SYMBOLS USED IN COLUMN 16
AVERAGE MONTHLY: 30.9 TOTAL FOR MONTH: 0.05 1 = FOG OR MIST
DPTR FM NORMAL: 7.3 DPTR FM NORMAL: -0.07 2 = FOG REDUCING VISIBILITY
HIGHEST: 62 ON 26 GRTST 24HR 0.05 ON 16-16 TO 1/4 MILE OR LESS
LOWEST: -11 ON 17 3 = THUNDER
SNOW, ICE PELLETS, HAIL 4 = ICE PELLETS
TOTAL MONTH: M 5 = HAIL
GRTST 24HR M ON M 6 = FREEZING RAIN OR DRIZZLE
GRTST DEPTH: M ON M 7 = DUSTSTORM OR SANDSTORM:
VSBY 1/2 MILE OR LESS
8 = SMOKE OR HAZE
[NO. OF DAYS WITH] [WEATHER - DAYS WITH] 9 = BLOWING SNOW
X = TORNADO
MAX 32 OR BELOW: 6 0.01 INCH OR MORE: 1
MAX 90 OR ABOVE: 0 0.10 INCH OR MORE: 0
MIN 32 OR BELOW: 28 0.50 INCH OR MORE: 0
MIN 0 OR BELOW: 3 1.00 INCH OR MORE: 0
[HDD (BASE 65) ]
TOTAL THIS MO. 946 CLEAR (SCALE 0-3) 14
DPTR FM NORMAL -212 PTCLDY (SCALE 4-7) 11
TOTAL FM JUL 1 5256 CLOUDY (SCALE 8-10) 4
DPTR FM NORMAL -636
[CDD (BASE 65) ]
TOTAL THIS MO. 0
DPTR FM NORMAL 0 [PRESSURE DATA]
TOTAL FM JAN 1 0 HIGHEST SLP 30.74 ON 17
DPTR FM NORMAL 0 LOWEST SLP 29.28 ON 26
[REMARKS]
#FINAL-02-24#