000
CXUS53 KIND 010700
CF6GEZ
PRELIMINARY LOCAL CLIMATOLOGICAL DATA (WS FORM: F-6)
STATION: SHELBYVILLE IN
MONTH: FEBRUARY
YEAR: 2021
LATITUDE: 39 35 N
LONGITUDE: 85 48 W
TEMPERATURE IN F: :PCPN: SNOW: WIND :SUNSHINE: SKY :PK WND
================================================================================
1 2 3 4 5 6A 6B 7 8 9 10 11 12 13 14 15 16 17 18
12Z AVG MX 2MIN
DY MAX MIN AVG DEP HDD CDD WTR SNW DPTH SPD SPD DIR MIN PSBL S-S WX SPD DR
================================================================================
1 32 27 30 1 35 0 0.01 M M 15.9 22 330 M M 10 8 29 330
2 35 18 27 -2 38 0 0.00 M M 10.4 21 350 M M 3 18 26 350
3 38 22 30 1 35 0 0.00 M M 6.1 15 340 M M 3 19 350
4 38 27 33 3 32 0 0.17 M M 15.1 35 260 M M 5 1 44 260
5 35 23 29 -1 36 0 T M M 15.5 29 260 M M 7 39 250
6 M 16 M M M M M M M 7.3 15 290 M M 0 23 290
7 M M M M M M M M M M M M M M M M M
8 30 13 22 -8 43 0 0.03 M M 4.5 12 110 M M 10 18 14 100
9 26 22 24 -6 41 0 0.05 M M 7.4 15 30 M M 10 18 18 30
10 24 20 22 -8 43 0 0.02 M M 11.9 18 50 M M 10 8 23 30
11 25 20 23 -7 42 0 T M M 13.0 21 30 M M 9 30 40
12 28 21 25 -6 40 0 0.00 M M 10.0 17 350 M M 10 22 30
13 29 21 25 -6 40 0 T M M 9.5 14 310 M M 10 18 330
14 22 9 16 -15 49 0 T M M 12.7 20 350 M M 6 8 25 350
15 20 13 17 -14 48 0 0.16 M M 14.3 22 350 M M 10 8 31 40
16 21 3 12 -20 53 0 T M M 7.5 20 360 M M 6 8 27 350
17 24 -4 10 -22 55 0 0.00 M M 5.8 16 60 M M 4 18 19 60
18 27 16 22 -10 43 0 0.05 M M 8.8 14 330 M M 9 8 18 330
19 24 2 13 -19 52 0 0.00 M M 6.9 17 260 M M 3 128 21 250
20 31 14 23 -10 42 0 0.00 M M 6.2 10 150 M M 5 13 220
21 45 15 30 -3 35 0 T M M 12.7 31 200 M M 2 49 210
22 45 35 40 7 25 0 0.03 M M 15.0 29 210 M M 7 18 42 220
23 53 35 44 10 21 0 0.00 M M 10.4 21 270 M M 3 29 270
24 61 34 48 14 17 0 0.00 M M 11.9 25 310 M M 2 30 310
25 48 27 38 4 27 0 0.00 M M 5.7 14 320 M M 0 17 310
26 48 29 39 4 26 0 0.01 M M 10.8 21 150 M M 4 18 25 160
27 58 42 50 15 15 0 0.05 M M 6.3 13 150 M M 6 18 16 150
28 64 43 54 19 11 0 1.32 M M 11.1 23 310 M M 9 1 36 290
================================================================================
SM 931 563 944 0 1.90 M 272.7 M 163
================================================================================
AV 35.8 20.9 10.1 FASTST M M 6 MAX(MPH)
MISC ----> 35 260 49 210
================================================================================
NOTES:
# LAST OF SEVERAL OCCURRENCES
COLUMN 17 PEAK WIND IN M.P.H.
PRELIMINARY LOCAL CLIMATOLOGICAL DATA (WS FORM: F-6) , PAGE 2
STATION: SHELBYVILLE IN
MONTH: FEBRUARY
YEAR: 2021
LATITUDE: 39 35 N
LONGITUDE: 85 48 W
[TEMPERATURE DATA] [PRECIPITATION DATA] SYMBOLS USED IN COLUMN 16
AVERAGE MONTHLY: 28.3 TOTAL FOR MONTH: 1.90 1 = FOG OR MIST
DPTR FM NORMAL: -3.4 DPTR FM NORMAL: -0.46 2 = FOG REDUCING VISIBILITY
HIGHEST: 64 ON 28 GRTST 24HR 1.32 ON 28-28 TO 1/4 MILE OR LESS
LOWEST: -4 ON 17 3 = THUNDER
SNOW, ICE PELLETS, HAIL 4 = ICE PELLETS
TOTAL MONTH: M 5 = HAIL
GRTST 24HR M ON M 6 = FREEZING RAIN OR DRIZZLE
GRTST DEPTH: M ON M 7 = DUSTSTORM OR SANDSTORM:
VSBY 1/2 MILE OR LESS
8 = SMOKE OR HAZE
[NO. OF DAYS WITH] [WEATHER - DAYS WITH] 9 = BLOWING SNOW
X = TORNADO
MAX 32 OR BELOW: 14 0.01 INCH OR MORE: 11
MAX 90 OR ABOVE: 0 0.10 INCH OR MORE: 3
MIN 32 OR BELOW: 22 0.50 INCH OR MORE: 1
MIN 0 OR BELOW: 1 1.00 INCH OR MORE: 1
[HDD (BASE 65) ]
TOTAL THIS MO. 944 CLEAR (SCALE 0-3) 7
DPTR FM NORMAL 10 PTCLDY (SCALE 4-7) 10
TOTAL FM JUL 1 3615 CLOUDY (SCALE 8-10) 11
DPTR FM NORMAL -548
[CDD (BASE 65) ]
TOTAL THIS MO. 0
DPTR FM NORMAL 0 [PRESSURE DATA]
TOTAL FM JAN 1 0 HIGHEST SLP M ON M
DPTR FM NORMAL 0 LOWEST SLP 29.47 ON 4
[REMARKS]
#FINAL-02-21#