000
CXUS55 KALY 010710
CF6GFL
PRELIMINARY LOCAL CLIMATOLOGICAL DATA (WS FORM: F-6)
STATION: GLENS FALLS NY
MONTH: AUGUST
YEAR: 2020
LATITUDE: 43 20 N
LONGITUDE: 73 37 W
TEMPERATURE IN F: :PCPN: SNOW: WIND :SUNSHINE: SKY :PK WND
================================================================================
1 2 3 4 5 6A 6B 7 8 9 10 11 12 13 14 15 16 17 18
12Z AVG MX 2MIN
DY MAX MIN AVG DEP HDD CDD WTR SNW DPTH SPD SPD DIR MIN PSBL S-S WX SPD DR
================================================================================
1 87 55 71 2 0 6 T M M 1.8 10 210 M M 0 1 15 160
2 85 64 75 6 0 10 T M M 7.1 20 180 M M 6 27 190
3 84 63 74 5 0 9 0.00 M M 8.1 20 230 M M 3 27 230
4 69 65 67 -2 0 2 2.81 M M 6.2 29 320 M M 8 1 40 310
5 80 53 67 -1 0 2 0.00 M M 7.0 17 230 M M 2 1 25 240
6 78 50 64 -4 1 0 0.00 M M 2.8 12 160 M M 1 1 16 200
7 77 49 63 -5 2 0 0.01 M M 2.1 10 10 M M 4 1 15 180
8 84 64 74 6 0 9 T M M 2.7 10 160 M M 6 1 15 230
9 85 61 73 5 0 8 0.01 M M 3.3 14 210 M M 5 1 19 220
10 88 62 75 7 0 10 0.46 M M 4.1 17 150 M M 4 1 21 190
11 89 64 77 9 0 12 0.16 M M 6.1 20 250 M M 2 1 28 260
12 87 62 75 7 0 10 0.00 M M 2.1 10 300 M M 4 1 12 260
13 85 57 71 3 0 6 0.00 M M 1.4 8 20 M M 1 1 11 30
14 84 60 72 4 0 7 0.00 M M 4.6 14 40 M M 3 17 20
15 84 54 69 2 0 4 0.00 M M 3.6 12 110 M M 2 1 15 100
16 77 55 66 -1 0 1 0.00 M M 3.3 14 90 M M 2 1 17 90
17 77 53 65 -2 0 0 0.09 M M 2.9 15 160 M M 4 1 18 170
18 79 54 67 0 0 2 0.05 M M 3.7 22 330 M M 6 1 27 350
19 72 51 62 -5 3 0 0.07 M M 1.9 18 350 M M 5 13 23 340
20 76 45 61 -6 4 0 0.00 M M 3.6 14 210 M M 1 1 19 200
21 84 53 69 3 0 4 0.00 M M 5.6 20 360 M M 3 1 25 190
22 83 58 71 5 0 6 0.20 M M 3.9 15 100 M M 4 13 18 60
23 88 54 71 5 0 6 0.47 M M 3.0 25 50 M M 1 13 37 350
24 87 58 73 7 0 8 0.00 M M 3.5 17 70 M M 3 13 25 70
25 82 58 70 4 0 5 0.13 M M 7.4 24 330 M M 2 13 33 320
26 72 52 62 -3 3 0 0.00 M M 7.8 17 320 M M 0 24 310
27 62 51 57 -8 8 0 0.27 M M 2.1 9 20 M M 9 12 30
28 75 59 67 2 0 2 0.00 M M 1.9 12 10 M M 6 14 20
29 76 58 67 2 0 2 0.88 M M 4.2 18 250 M M 7 13 27 230
30 71 48 60 -4 5 0 0.00 M M 6.9 18 300 M M 4 24 320
31 72 42 57 -7 8 0 0.00 M M 1.5 12 160 M M 0 1 14 200
================================================================================
SM 2479 1732 34 131 5.61 M 126.2 M 108
================================================================================
AV 80.0 55.9 4.1 FASTST M M 3 MAX(MPH)
MISC ----> 29 320 40 310
================================================================================
NOTES:
# LAST OF SEVERAL OCCURRENCES
COLUMN 17 PEAK WIND IN M.P.H.
PRELIMINARY LOCAL CLIMATOLOGICAL DATA (WS FORM: F-6) , PAGE 2
STATION: GLENS FALLS NY
MONTH: AUGUST
YEAR: 2020
LATITUDE: 43 20 N
LONGITUDE: 73 37 W
[TEMPERATURE DATA] [PRECIPITATION DATA] SYMBOLS USED IN COLUMN 16
AVERAGE MONTHLY: 67.9 TOTAL FOR MONTH: 5.61 1 = FOG OR MIST
DPTR FM NORMAL: 0.9 DPTR FM NORMAL: 1.93 2 = FOG REDUCING VISIBILITY
HIGHEST: 89 ON 11 GRTST 24HR 2.81 ON 4- 4 TO 1/4 MILE OR LESS
LOWEST: 42 ON 31 3 = THUNDER
SNOW, ICE PELLETS, HAIL 4 = ICE PELLETS
TOTAL MONTH: M 5 = HAIL
GRTST 24HR M ON M 6 = FREEZING RAIN OR DRIZZLE
GRTST DEPTH: M ON M 7 = DUSTSTORM OR SANDSTORM:
VSBY 1/2 MILE OR LESS
8 = SMOKE OR HAZE
[NO. OF DAYS WITH] [WEATHER - DAYS WITH] 9 = BLOWING SNOW
X = TORNADO
MAX 32 OR BELOW: 0 0.01 INCH OR MORE: 13
MAX 90 OR ABOVE: 0 0.10 INCH OR MORE: 8
MIN 32 OR BELOW: 0 0.50 INCH OR MORE: 2
MIN 0 OR BELOW: 0 1.00 INCH OR MORE: 1
[HDD (BASE 65) ]
TOTAL THIS MO. 34 CLEAR (SCALE 0-3) 16
DPTR FM NORMAL -11 PTCLDY (SCALE 4-7) 13
TOTAL FM JUL 1 34 CLOUDY (SCALE 8-10) 2
DPTR FM NORMAL -32
[CDD (BASE 65) ]
TOTAL THIS MO. 131
DPTR FM NORMAL 24 [PRESSURE DATA]
TOTAL FM JAN 1 543 HIGHEST SLP M ON M
DPTR FM NORMAL 216 LOWEST SLP 29.35 ON 29
[REMARKS]
#FINAL-08-20#