000
CDUS41 KALY 240623
CLIGFL


CLIMATE REPORT
NATIONAL WEATHER SERVICE ALBANY NY
223 AM EDT TUE APR 24 2018


...................................

...THE GLENS FALLS NY CLIMATE SUMMARY FOR APRIL 23 2018...

CLIMATE NORMAL PERIOD 1981 TO 2010
CLIMATE RECORD PERIOD 1949 TO 2018


WEATHER ITEM   OBSERVED TIME   RECORD YEAR NORMAL DEPARTURE LAST
                VALUE   (LST)  VALUE       VALUE  FROM      YEAR
                                                  NORMAL
..................................................................
TEMPERATURE (F)
 YESTERDAY
  MAXIMUM         66    505 PM  85    2007  60      6       68
  MINIMUM         24    456 AM  18    1982  35    -11       31
  AVERAGE         45                        48     -3       50

PRECIPITATION (IN)
  YESTERDAY        0.00          1.78 1977   0.10  -0.10     0.00
  MONTH TO DATE    1.68                      2.25  -0.57     2.96
  SINCE MAR 1      3.41                      5.19  -1.78     5.50
  SINCE JAN 1      8.17                     10.13  -1.96    10.19

DEGREE DAYS
 HEATING
  YESTERDAY       20                        17      3       15
  MONTH TO DATE  663                       501    162      382
  SINCE MAR 1   1682                      1544    138     1450
  SINCE JUL 1   6982                      7164   -182     5972

 COOLING
  YESTERDAY        0                         0      0        0
  MONTH TO DATE    0                         0      0        2
  SINCE MAR 1      0                         0      0        2
  SINCE JAN 1      0                         0      0        2
..................................................................


WIND (MPH)
  HIGHEST WIND SPEED    12   HIGHEST WIND DIRECTION    SE (140)
  HIGHEST GUST SPEED    18   HIGHEST GUST DIRECTION    SE (140)
  AVERAGE WIND SPEED     3.2


SKY COVER
  AVERAGE SKY COVER 0.0



RELATIVE HUMIDITY (PERCENT)
 HIGHEST   100           500 AM
 LOWEST     12           300 PM
 AVERAGE    56

..........................................................


THE GLENS FALLS NY CLIMATE NORMALS FOR TODAY
                         NORMAL    RECORD    YEAR
 MAXIMUM TEMPERATURE (F)   61        82      2001
 MINIMUM TEMPERATURE (F)   36        26      2002


SUNRISE AND SUNSET
APRIL 24 2018.........SUNRISE   558 AM EDT   SUNSET   748 PM EDT
APRIL 25 2018.........SUNRISE   556 AM EDT   SUNSET   749 PM EDT


-  INDICATES NEGATIVE NUMBERS.
R  INDICATES RECORD WAS SET OR TIED.
MM INDICATES DATA IS MISSING.
T  INDICATES TRACE AMOUNT.




$$
