896
CDUS41 KALY 250623
CLIGFL


CLIMATE REPORT
NATIONAL WEATHER SERVICE ALBANY NY
222 AM EDT WED APR 25 2018


...................................

...THE GLENS FALLS NY CLIMATE SUMMARY FOR APRIL 24 2018...

CLIMATE NORMAL PERIOD 1981 TO 2010
CLIMATE RECORD PERIOD 1949 TO 2018


WEATHER ITEM   OBSERVED TIME   RECORD YEAR NORMAL DEPARTURE LAST
                VALUE   (LST)  VALUE       VALUE  FROM      YEAR
                                                  NORMAL
..................................................................
TEMPERATURE (F)
 YESTERDAY
  MAXIMUM         70    334 PM  82    2001  61      9       65
  MINIMUM         30    521 AM  26    2002  36     -6       32
  AVERAGE         50                        48      2       49

PRECIPITATION (IN)
  YESTERDAY        0.00          2.66 1968   0.10  -0.10     0.00
  MONTH TO DATE    1.68                      2.35  -0.67     2.96
  SINCE MAR 1      3.41                      5.29  -1.88     5.50
  SINCE JAN 1      8.17                     10.23  -2.06    10.19

DEGREE DAYS
 HEATING
  YESTERDAY       15                        17     -2       16
  MONTH TO DATE  678                       518    160      398
  SINCE MAR 1   1697                      1561    136     1466
  SINCE JUL 1   6997                      7181   -184     5988

 COOLING
  YESTERDAY        0                         0      0        0
  MONTH TO DATE    0                         0      0        2
  SINCE MAR 1      0                         0      0        2
  SINCE JAN 1      0                         0      0        2
..................................................................


WIND (MPH)
  HIGHEST WIND SPEED    20   HIGHEST WIND DIRECTION     S (160)
  HIGHEST GUST SPEED    25   HIGHEST GUST DIRECTION     S (170)
  AVERAGE WIND SPEED     7.9


SKY COVER
  AVERAGE SKY COVER 0.0



RELATIVE HUMIDITY (PERCENT)
 HIGHEST    89           600 AM
 LOWEST     17           400 PM
 AVERAGE    53

..........................................................


THE GLENS FALLS NY CLIMATE NORMALS FOR TODAY
                         NORMAL    RECORD    YEAR
 MAXIMUM TEMPERATURE (F)   61        89      2009
 MINIMUM TEMPERATURE (F)   36        23      2003


SUNRISE AND SUNSET
APRIL 25 2018.........SUNRISE   556 AM EDT   SUNSET   749 PM EDT
APRIL 26 2018.........SUNRISE   555 AM EDT   SUNSET   750 PM EDT


-  INDICATES NEGATIVE NUMBERS.
R  INDICATES RECORD WAS SET OR TIED.
MM INDICATES DATA IS MISSING.
T  INDICATES TRACE AMOUNT.




$$
