000
CDUS41 KALY 182107
CLIGFL


CLIMATE REPORT
NATIONAL WEATHER SERVICE ALBANY NY
506 PM EDT WED APR 18 2018


...................................

...THE GLENS FALLS NY CLIMATE SUMMARY FOR APRIL 18 2018...
VALID TODAY AS OF 0400 PM LOCAL TIME.

CLIMATE NORMAL PERIOD 1981 TO 2010
CLIMATE RECORD PERIOD 1949 TO 2018


WEATHER ITEM   OBSERVED TIME   RECORD YEAR NORMAL DEPARTURE LAST
                VALUE   (LST)  VALUE       VALUE  FROM      YEAR
                                                  NORMAL
..................................................................
TEMPERATURE (F)
 TODAY
  MAXIMUM         46   1202 PM  90    1976  58    -12       55
  MINIMUM         33    356 AM  23    2014  34     -1       32
                                      1990
  AVERAGE         40                        46     -6       44

PRECIPITATION (IN)
  TODAY            0.00          0.64 1997   0.10  -0.10     0.00
  MONTH TO DATE    1.68                      1.76  -0.08     2.31
  SINCE MAR 1      3.41                      4.70  -1.29     4.85
  SINCE JAN 1      8.17                      9.64  -1.47     9.54

DEGREE DAYS
 HEATING
  TODAY           25                        19      6       21
  MONTH TO DATE  543                       411    132      300
  SINCE MAR 1   1562                      1454    108     1368
  SINCE JUL 1   6862                      7074   -212     5890

 COOLING
  TODAY            0                         0      0        0
  MONTH TO DATE    0                         0      0        2
  SINCE MAR 1      0                         0      0        2
  SINCE JAN 1      0                         0      0        2
..................................................................


WIND (MPH)
  HIGHEST WIND SPEED    20   HIGHEST WIND DIRECTION    SW (220)
  HIGHEST GUST SPEED    26   HIGHEST GUST DIRECTION    SW (230)
  AVERAGE WIND SPEED     9.3


SKY COVER
  AVERAGE SKY COVER 1.0



RELATIVE HUMIDITY (PERCENT)
 HIGHEST    75           500 AM
 LOWEST     49          1200 PM
 AVERAGE    62

..........................................................


THE GLENS FALLS NY CLIMATE NORMALS FOR TOMORROW
                         NORMAL    RECORD    YEAR
 MAXIMUM TEMPERATURE (F)   59        89      1976
 MINIMUM TEMPERATURE (F)   34        23      1990


SUNRISE AND SUNSET
APRIL 18 2018.........SUNRISE   607 AM EDT   SUNSET   741 PM EDT
APRIL 19 2018.........SUNRISE   606 AM EDT   SUNSET   742 PM EDT


-  INDICATES NEGATIVE NUMBERS.
R  INDICATES RECORD WAS SET OR TIED.
MM INDICATES DATA IS MISSING.
T  INDICATES TRACE AMOUNT.




$$
