000
CDUS41 KALY 180623
CLIGFL


CLIMATE REPORT
NATIONAL WEATHER SERVICE ALBANY NY
222 AM EDT FRI MAY 18 2018


...................................

...THE GLENS FALLS NY CLIMATE SUMMARY FOR MAY 17 2018...

CLIMATE NORMAL PERIOD 1981 TO 2010
CLIMATE RECORD PERIOD 1949 TO 2018


WEATHER ITEM   OBSERVED TIME   RECORD YEAR NORMAL DEPARTURE LAST
                VALUE   (LST)  VALUE       VALUE  FROM      YEAR
                                                  NORMAL
..................................................................
TEMPERATURE (F)
 YESTERDAY
  MAXIMUM         78    247 PM  91    2017  69      9       91
                                      1977
  MINIMUM         52   1159 PM  28    1967  43      9       50
  AVERAGE         65                        56      9       71

PRECIPITATION (IN)
  YESTERDAY        0.00          1.03 1990   0.11  -0.11      T
  MONTH TO DATE    0.32                      1.95  -1.63     2.95
  SINCE MAR 1      5.75                      7.89  -2.14     8.79
  SINCE JAN 1     10.51                     12.83  -2.32    13.48

DEGREE DAYS
 HEATING
  YESTERDAY        0                        10    -10        0
  MONTH TO DATE  115                       205    -90      206
  SINCE MAR 1   1912                      1861     51     1718
  SINCE JUL 1   7212                      7481   -269     6240

 COOLING
  YESTERDAY        0                         0      0        6
  MONTH TO DATE    9                         0      9        6
  SINCE MAR 1      9                         1      8       12
  SINCE JAN 1      9                         1      8       12
..................................................................


WIND (MPH)
  HIGHEST WIND SPEED    16   HIGHEST WIND DIRECTION    NE (60)
  HIGHEST GUST SPEED    21   HIGHEST GUST DIRECTION    NE (60)
  AVERAGE WIND SPEED     6.1


SKY COVER
  AVERAGE SKY COVER 0.4



RELATIVE HUMIDITY (PERCENT)
 HIGHEST    93          1200 AM
 LOWEST     55           600 PM
 AVERAGE    74

..........................................................


THE GLENS FALLS NY CLIMATE NORMALS FOR TODAY
                         NORMAL    RECORD    YEAR
 MAXIMUM TEMPERATURE (F)   69        92      2017
 MINIMUM TEMPERATURE (F)   43        28      1983


SUNRISE AND SUNSET
MAY 18 2018...........SUNRISE   527 AM EDT   SUNSET   815 PM EDT
MAY 19 2018...........SUNRISE   526 AM EDT   SUNSET   816 PM EDT


-  INDICATES NEGATIVE NUMBERS.
R  INDICATES RECORD WAS SET OR TIED.
MM INDICATES DATA IS MISSING.
T  INDICATES TRACE AMOUNT.




$$
