000
CDUS41 KALY 140656
CLIGFL


CLIMATE REPORT
NATIONAL WEATHER SERVICE ALBANY NY
254 AM EDT SAT APR 14 2018


...................................

...THE GLENS FALLS NY CLIMATE SUMMARY FOR APRIL 13 2018...

CLIMATE NORMAL PERIOD 1981 TO 2010
CLIMATE RECORD PERIOD 1949 TO 2018


WEATHER ITEM   OBSERVED TIME   RECORD YEAR NORMAL DEPARTURE LAST
                VALUE   (LST)  VALUE       VALUE  FROM      YEAR
                                                  NORMAL
..................................................................
TEMPERATURE (F)
 YESTERDAY
  MAXIMUM         55    421 PM  83    1977  56     -1       61
  MINIMUM         37   1247 AM  17    1967  32      5       31
  AVERAGE         46                        44      2       46

PRECIPITATION (IN)
  YESTERDAY        T             1.33 2002   0.10  -0.10      T
  MONTH TO DATE    0.81                      1.27  -0.46     2.28
  SINCE MAR 1      2.54                      4.21  -1.67     4.82
  SINCE JAN 1      7.30                      9.15  -1.85     9.51

DEGREE DAYS
 HEATING
  YESTERDAY       19                        21     -2       19
  MONTH TO DATE  401                       311     90      235
  SINCE MAR 1   1420                      1354     66     1303
  SINCE JUL 1   6720                      6974   -254     5825

 COOLING
  YESTERDAY        0                         0      0        0
  MONTH TO DATE    0                         0      0        0
  SINCE MAR 1      0                         0      0        0
  SINCE JAN 1      0                         0      0        0
..................................................................


WIND (MPH)
  HIGHEST WIND SPEED    12   HIGHEST WIND DIRECTION    SW (230)
  HIGHEST GUST SPEED    16   HIGHEST GUST DIRECTION    SW (230)
  AVERAGE WIND SPEED     4.9


SKY COVER
  AVERAGE SKY COVER 0.6



RELATIVE HUMIDITY (PERCENT)
 HIGHEST   100          1200 AM
 LOWEST     61           400 PM
 AVERAGE    81

..........................................................


THE GLENS FALLS NY CLIMATE NORMALS FOR TODAY
                         NORMAL    RECORD    YEAR
 MAXIMUM TEMPERATURE (F)   56        84      1968
 MINIMUM TEMPERATURE (F)   32        17      1992


SUNRISE AND SUNSET
APRIL 14 2018.........SUNRISE   614 AM EDT   SUNSET   736 PM EDT
APRIL 15 2018.........SUNRISE   612 AM EDT   SUNSET   737 PM EDT


-  INDICATES NEGATIVE NUMBERS.
R  INDICATES RECORD WAS SET OR TIED.
MM INDICATES DATA IS MISSING.
T  INDICATES TRACE AMOUNT.




$$
