000
CDUS41 KALY 060624
CLIGFL


CLIMATE REPORT
NATIONAL WEATHER SERVICE ALBANY NY
223 AM EDT FRI APR 6 2018


...................................

...THE GLENS FALLS NY CLIMATE SUMMARY FOR APRIL 5 2018...

CLIMATE NORMAL PERIOD 1981 TO 2010
CLIMATE RECORD PERIOD 1949 TO 2018


WEATHER ITEM   OBSERVED TIME   RECORD YEAR NORMAL DEPARTURE LAST
                VALUE   (LST)  VALUE       VALUE  FROM      YEAR
                                                  NORMAL
..................................................................
TEMPERATURE (F)
 YESTERDAY
  MAXIMUM         37    312 PM  71    2010  52    -15       52
  MINIMUM         18   1129 PM   7    2016  29    -11       40
  AVERAGE         28                        40    -12       46

PRECIPITATION (IN)
  YESTERDAY        0.00          1.76 1952   0.09  -0.09     0.00
  MONTH TO DATE    0.41                      0.47  -0.06     1.45
  SINCE MAR 1      2.14                      3.41  -1.27     3.99
  SINCE JAN 1      6.90                      8.35  -1.45     8.68

DEGREE DAYS
 HEATING
  YESTERDAY       37                        25     12       19
  MONTH TO DATE  149                       129     20      112
  SINCE MAR 1   1168                      1172     -4     1180
  SINCE JUL 1   6468                      6792   -324     5702

 COOLING
  YESTERDAY        0                         0      0        0
  MONTH TO DATE    0                         0      0        0
  SINCE MAR 1      0                         0      0        0
  SINCE JAN 1      0                         0      0        0
..................................................................


WIND (MPH)
  HIGHEST WIND SPEED    29   HIGHEST WIND DIRECTION     W (290)
  HIGHEST GUST SPEED    38   HIGHEST GUST DIRECTION     W (290)
  AVERAGE WIND SPEED    11.7


SKY COVER
  AVERAGE SKY COVER 0.2



RELATIVE HUMIDITY (PERCENT)
 HIGHEST    77          1100 PM
 LOWEST     27           100 PM
 AVERAGE    52

..........................................................


THE GLENS FALLS NY CLIMATE NORMALS FOR TODAY
                         NORMAL    RECORD    YEAR
 MAXIMUM TEMPERATURE (F)   52        73      1991
 MINIMUM TEMPERATURE (F)   29        13      1995


SUNRISE AND SUNSET
APRIL  6 2018.........SUNRISE   628 AM EDT   SUNSET   727 PM EDT
APRIL  7 2018.........SUNRISE   626 AM EDT   SUNSET   728 PM EDT


-  INDICATES NEGATIVE NUMBERS.
R  INDICATES RECORD WAS SET OR TIED.
MM INDICATES DATA IS MISSING.
T  INDICATES TRACE AMOUNT.




$$
