000
CDUS41 KALY 230625
CLIGFL


CLIMATE REPORT
NATIONAL WEATHER SERVICE ALBANY NY
224 AM EDT WED MAY 23 2018


...................................

...THE GLENS FALLS NY CLIMATE SUMMARY FOR MAY 22 2018...

CLIMATE NORMAL PERIOD 1981 TO 2010
CLIMATE RECORD PERIOD 1949 TO 2018


WEATHER ITEM   OBSERVED TIME   RECORD YEAR NORMAL DEPARTURE LAST
                VALUE   (LST)  VALUE       VALUE  FROM      YEAR
                                                  NORMAL
..................................................................
TEMPERATURE (F)
 YESTERDAY
  MAXIMUM         60    519 PM  88    1977  70    -10       56
  MINIMUM         49   1251 AM  30    2002  45      4       48
  AVERAGE         55                        57     -2       52

PRECIPITATION (IN)
  YESTERDAY        0.32          0.66 2017   0.12   0.20     0.66
  MONTH TO DATE    1.14                      2.55  -1.41     4.11
  SINCE MAR 1      6.57                      8.49  -1.92     9.95
  SINCE JAN 1     11.33                     13.43  -2.10    14.64

DEGREE DAYS
 HEATING
  YESTERDAY       10                         8      2       13
  MONTH TO DATE  164                       248    -84      239
  SINCE MAR 1   1961                      1904     57     1751
  SINCE JUL 1   7261                      7524   -263     6273

 COOLING
  YESTERDAY        0                         0      0        0
  MONTH TO DATE    9                         0      9       15
  SINCE MAR 1      9                         1      8       21
  SINCE JAN 1      9                         1      8       21
..................................................................


WIND (MPH)
  HIGHEST WIND SPEED    20   HIGHEST WIND DIRECTION     S (200)
  HIGHEST GUST SPEED    25   HIGHEST GUST DIRECTION     S (200)
  AVERAGE WIND SPEED     4.3


SKY COVER
  AVERAGE SKY COVER 0.7



RELATIVE HUMIDITY (PERCENT)
 HIGHEST   100           100 PM
 LOWEST     80           700 PM
 AVERAGE    90

..........................................................


THE GLENS FALLS NY CLIMATE NORMALS FOR TODAY
                         NORMAL    RECORD    YEAR
 MAXIMUM TEMPERATURE (F)   70        91      1964
 MINIMUM TEMPERATURE (F)   45        31      2015


SUNRISE AND SUNSET
MAY 23 2018...........SUNRISE   523 AM EDT   SUNSET   820 PM EDT
MAY 24 2018...........SUNRISE   522 AM EDT   SUNSET   821 PM EDT


-  INDICATES NEGATIVE NUMBERS.
R  INDICATES RECORD WAS SET OR TIED.
MM INDICATES DATA IS MISSING.
T  INDICATES TRACE AMOUNT.




$$
