101
CDUS41 KALY 210623
CLIGFL


CLIMATE REPORT
NATIONAL WEATHER SERVICE ALBANY NY
222 AM EDT MON MAY 21 2018


...................................

...THE GLENS FALLS NY CLIMATE SUMMARY FOR MAY 20 2018...

CLIMATE NORMAL PERIOD 1981 TO 2010
CLIMATE RECORD PERIOD 1949 TO 2018


WEATHER ITEM   OBSERVED TIME   RECORD YEAR NORMAL DEPARTURE LAST
                VALUE   (LST)  VALUE       VALUE  FROM      YEAR
                                                  NORMAL
..................................................................
TEMPERATURE (F)
 YESTERDAY
  MAXIMUM         70    505 PM  90    1975  69      1       66
  MINIMUM         46   1147 PM  27    2002  44      2       43
  AVERAGE         58                        57      1       55

PRECIPITATION (IN)
  YESTERDAY        0.08          0.91 1957   0.12  -0.04     0.00
  MONTH TO DATE    0.82                      2.32  -1.50     3.44
  SINCE MAR 1      6.25                      8.26  -2.01     9.28
  SINCE JAN 1     11.01                     13.20  -2.19    13.97

DEGREE DAYS
 HEATING
  YESTERDAY        7                         9     -2       10
  MONTH TO DATE  148                       232    -84      216
  SINCE MAR 1   1945                      1888     57     1728
  SINCE JUL 1   7245                      7508   -263     6250

 COOLING
  YESTERDAY        0                         0      0        0
  MONTH TO DATE    9                         0      9       15
  SINCE MAR 1      9                         1      8       21
  SINCE JAN 1      9                         1      8       21
..................................................................


WIND (MPH)
  HIGHEST WIND SPEED    15   HIGHEST WIND DIRECTION     N (340)
  HIGHEST GUST SPEED    21   HIGHEST GUST DIRECTION    NW (330)
  AVERAGE WIND SPEED     6.3


SKY COVER
  AVERAGE SKY COVER 0.5



RELATIVE HUMIDITY (PERCENT)
 HIGHEST   100           400 AM
 LOWEST     55           600 PM
 AVERAGE    78

..........................................................


THE GLENS FALLS NY CLIMATE NORMALS FOR TODAY
                         NORMAL    RECORD    YEAR
 MAXIMUM TEMPERATURE (F)   70        87      2009
 MINIMUM TEMPERATURE (F)   44        29      2002


SUNRISE AND SUNSET
MAY 21 2018...........SUNRISE   525 AM EDT   SUNSET   818 PM EDT
MAY 22 2018...........SUNRISE   524 AM EDT   SUNSET   819 PM EDT


-  INDICATES NEGATIVE NUMBERS.
R  INDICATES RECORD WAS SET OR TIED.
MM INDICATES DATA IS MISSING.
T  INDICATES TRACE AMOUNT.




$$
