712
CDUS41 KALY 160623
CLIGFL


CLIMATE REPORT
NATIONAL WEATHER SERVICE ALBANY NY
222 AM EDT MON APR 16 2018


...................................

...THE GLENS FALLS NY CLIMATE SUMMARY FOR APRIL 15 2018...

CLIMATE NORMAL PERIOD 1981 TO 2010
CLIMATE RECORD PERIOD 1949 TO 2018


WEATHER ITEM   OBSERVED TIME   RECORD YEAR NORMAL DEPARTURE LAST
                VALUE   (LST)  VALUE       VALUE  FROM      YEAR
                                                  NORMAL
..................................................................
TEMPERATURE (F)
 YESTERDAY
  MAXIMUM         32    512 PM  84    2003  57    -25       71
  MINIMUM         27    543 AM  20    1982  33     -6       28
  AVERAGE         30                        45    -15       50

PRECIPITATION (IN)
  YESTERDAY        0.23          1.49 2007   0.10   0.13     0.02
  MONTH TO DATE    1.05                      1.47  -0.42     2.30
  SINCE MAR 1      2.78                      4.41  -1.63     4.84
  SINCE JAN 1      7.54                      9.35  -1.81     9.53

DEGREE DAYS
 HEATING
  YESTERDAY       35                        20     15       15
  MONTH TO DATE  465                       352    113      270
  SINCE MAR 1   1484                      1395     89     1338
  SINCE JUL 1   6784                      7015   -231     5860

 COOLING
  YESTERDAY        0                         0      0        0
  MONTH TO DATE    0                         0      0        0
  SINCE MAR 1      0                         0      0        0
  SINCE JAN 1      0                         0      0        0
..................................................................


WIND (MPH)
  HIGHEST WIND SPEED    16   HIGHEST WIND DIRECTION    NE (30)
  HIGHEST GUST SPEED    21   HIGHEST GUST DIRECTION    NE (30)
  AVERAGE WIND SPEED    10.2


SKY COVER
  AVERAGE SKY COVER 1.0



RELATIVE HUMIDITY (PERCENT)
 HIGHEST   100          1100 PM
 LOWEST     85           200 AM
 AVERAGE    93

..........................................................


THE GLENS FALLS NY CLIMATE NORMALS FOR TODAY
                         NORMAL    RECORD    YEAR
 MAXIMUM TEMPERATURE (F)   57        89      2002
 MINIMUM TEMPERATURE (F)   33        21      1992


SUNRISE AND SUNSET
APRIL 16 2018.........SUNRISE   611 AM EDT   SUNSET   739 PM EDT
APRIL 17 2018.........SUNRISE   609 AM EDT   SUNSET   740 PM EDT


-  INDICATES NEGATIVE NUMBERS.
R  INDICATES RECORD WAS SET OR TIED.
MM INDICATES DATA IS MISSING.
T  INDICATES TRACE AMOUNT.




$$
