000
CDUS41 KALY 120623
CLIGFL


CLIMATE REPORT
NATIONAL WEATHER SERVICE ALBANY NY
223 AM EDT SAT MAY 12 2018


...................................

...THE GLENS FALLS NY CLIMATE SUMMARY FOR MAY 11 2018...

CLIMATE NORMAL PERIOD 1981 TO 2010
CLIMATE RECORD PERIOD 1949 TO 2018


WEATHER ITEM   OBSERVED TIME   RECORD YEAR NORMAL DEPARTURE LAST
                VALUE   (LST)  VALUE       VALUE  FROM      YEAR
                                                  NORMAL
..................................................................
TEMPERATURE (F)
 YESTERDAY
  MAXIMUM         61    418 PM  90    1993  67     -6       64
  MINIMUM         42    939 PM  22    1966  41      1       38
  AVERAGE         52                        54     -2       51

PRECIPITATION (IN)
  YESTERDAY        0.00          0.94 1981   0.11  -0.11     0.00
  MONTH TO DATE    0.24                      1.25  -1.01     2.43
  SINCE MAR 1      5.67                      7.19  -1.52     8.27
  SINCE JAN 1     10.43                     12.13  -1.70    12.96

DEGREE DAYS
 HEATING
  YESTERDAY       13                        11      2       14
  MONTH TO DATE   68                       142    -74      158
  SINCE MAR 1   1865                      1798     67     1670
  SINCE JUL 1   7165                      7418   -253     6192

 COOLING
  YESTERDAY        0                         0      0        0
  MONTH TO DATE    9                         0      9        0
  SINCE MAR 1      9                         1      8        6
  SINCE JAN 1      9                         1      8        6
..................................................................


WIND (MPH)
  HIGHEST WIND SPEED    20   HIGHEST WIND DIRECTION     E (70)
  HIGHEST GUST SPEED    24   HIGHEST GUST DIRECTION     W (280)
  AVERAGE WIND SPEED     9.6


SKY COVER
  AVERAGE SKY COVER 0.0



RELATIVE HUMIDITY (PERCENT)
 HIGHEST    77           100 AM
 LOWEST     32          1000 AM
 AVERAGE    55

..........................................................


THE GLENS FALLS NY CLIMATE NORMALS FOR TODAY
                         NORMAL    RECORD    YEAR
 MAXIMUM TEMPERATURE (F)   67        87      2014
                                             1991
 MINIMUM TEMPERATURE (F)   41        28      2005


SUNRISE AND SUNSET
MAY 12 2018...........SUNRISE   534 AM EDT   SUNSET   809 PM EDT
MAY 13 2018...........SUNRISE   532 AM EDT   SUNSET   810 PM EDT


-  INDICATES NEGATIVE NUMBERS.
R  INDICATES RECORD WAS SET OR TIED.
MM INDICATES DATA IS MISSING.
T  INDICATES TRACE AMOUNT.




$$
