998
CDUS41 KALY 122042
CLIGFL


CLIMATE REPORT
NATIONAL WEATHER SERVICE ALBANY NY
442 PM EDT THU APR 12 2018


...................................

...THE GLENS FALLS NY CLIMATE SUMMARY FOR APRIL 12 2018...
VALID TODAY AS OF 0400 PM LOCAL TIME.

CLIMATE NORMAL PERIOD 1981 TO 2010
CLIMATE RECORD PERIOD 1949 TO 2018


WEATHER ITEM   OBSERVED TIME   RECORD YEAR NORMAL DEPARTURE LAST
                VALUE   (LST)  VALUE       VALUE  FROM      YEAR
                                                  NORMAL
..................................................................
TEMPERATURE (F)
 TODAY
  MAXIMUM         52   1152 AM  73    2006  55     -3       60
  MINIMUM         22    536 AM  18    1989  31     -9       47
  AVERAGE         37                        43     -6       54

PRECIPITATION (IN)
  TODAY            T             1.03 2007   0.10  -0.10     0.01
  MONTH TO DATE    0.58                      1.17  -0.59     2.28
  SINCE MAR 1      2.31                      4.11  -1.80     4.82
  SINCE JAN 1      7.07                      9.05  -1.98     9.51

DEGREE DAYS
 HEATING
  TODAY           28                        22      6       11
  MONTH TO DATE  382                       290     92      216
  SINCE MAR 1   1401                      1333     68     1284
  SINCE JUL 1   6701                      6953   -252     5806

 COOLING
  TODAY            0                         0      0        0
  MONTH TO DATE    0                         0      0        0
  SINCE MAR 1      0                         0      0        0
  SINCE JAN 1      0                         0      0        0
..................................................................


WIND (MPH)
  HIGHEST WIND SPEED    20   HIGHEST WIND DIRECTION     S (170)
  HIGHEST GUST SPEED    24   HIGHEST GUST DIRECTION     S (160)
  AVERAGE WIND SPEED     3.3


SKY COVER
  AVERAGE SKY COVER 0.3



RELATIVE HUMIDITY (PERCENT)
 HIGHEST   100           300 AM
 LOWEST     48          1200 PM
 AVERAGE    74

..........................................................


THE GLENS FALLS NY CLIMATE NORMALS FOR TOMORROW
                         NORMAL    RECORD    YEAR
 MAXIMUM TEMPERATURE (F)   56        83      1977
 MINIMUM TEMPERATURE (F)   32        17      1967


SUNRISE AND SUNSET
APRIL 12 2018.........SUNRISE   617 AM EDT   SUNSET   734 PM EDT
APRIL 13 2018.........SUNRISE   616 AM EDT   SUNSET   735 PM EDT


-  INDICATES NEGATIVE NUMBERS.
R  INDICATES RECORD WAS SET OR TIED.
MM INDICATES DATA IS MISSING.
T  INDICATES TRACE AMOUNT.




$$
