000
CDUS41 KALY 120622
CLIGFL


CLIMATE REPORT
NATIONAL WEATHER SERVICE ALBANY NY
221 AM EDT THU APR 12 2018


...................................

...THE GLENS FALLS NY CLIMATE SUMMARY FOR APRIL 11 2018...

CLIMATE NORMAL PERIOD 1981 TO 2010
CLIMATE RECORD PERIOD 1949 TO 2018


WEATHER ITEM   OBSERVED TIME   RECORD YEAR NORMAL DEPARTURE LAST
                VALUE   (LST)  VALUE       VALUE  FROM      YEAR
                                                  NORMAL
..................................................................
TEMPERATURE (F)
 YESTERDAY
  MAXIMUM         46    336 PM  85    2017  55     -9       85
  MINIMUM         18    527 AM   9    1974  31    -13       44
  AVERAGE         32                        43    -11       65

PRECIPITATION (IN)
  YESTERDAY        0.00          0.86 1992   0.10  -0.10     0.04
  MONTH TO DATE    0.58                      1.07  -0.49     2.27
  SINCE MAR 1      2.31                      4.01  -1.70     4.81
  SINCE JAN 1      7.07                      8.95  -1.88     9.50

DEGREE DAYS
 HEATING
  YESTERDAY       33                        22     11        0
  MONTH TO DATE  354                       268     86      205
  SINCE MAR 1   1373                      1311     62     1273
  SINCE JUL 1   6673                      6931   -258     5795

 COOLING
  YESTERDAY        0                         0      0        0
  MONTH TO DATE    0                         0      0        0
  SINCE MAR 1      0                         0      0        0
  SINCE JAN 1      0                         0      0        0
..................................................................


WIND (MPH)
  HIGHEST WIND SPEED    18   HIGHEST WIND DIRECTION     S (200)
  HIGHEST GUST SPEED    26   HIGHEST GUST DIRECTION    SW (240)
  AVERAGE WIND SPEED     4.0


SKY COVER
  AVERAGE SKY COVER 0.4



RELATIVE HUMIDITY (PERCENT)
 HIGHEST   100           300 AM
 LOWEST     40           100 PM
 AVERAGE    70

..........................................................


THE GLENS FALLS NY CLIMATE NORMALS FOR TODAY
                         NORMAL    RECORD    YEAR
 MAXIMUM TEMPERATURE (F)   55        73      2006
 MINIMUM TEMPERATURE (F)   31        18      1989


SUNRISE AND SUNSET
APRIL 12 2018.........SUNRISE   617 AM EDT   SUNSET   734 PM EDT
APRIL 13 2018.........SUNRISE   616 AM EDT   SUNSET   735 PM EDT


-  INDICATES NEGATIVE NUMBERS.
R  INDICATES RECORD WAS SET OR TIED.
MM INDICATES DATA IS MISSING.
T  INDICATES TRACE AMOUNT.




$$
