000
CDUS41 KALY 300626
CLIGFL


CLIMATE REPORT
NATIONAL WEATHER SERVICE ALBANY NY
225 AM EDT FRI MAR 30 2018


...................................

...THE GLENS FALLS NY CLIMATE SUMMARY FOR MARCH 29 2018...

CLIMATE NORMAL PERIOD 1981 TO 2010
CLIMATE RECORD PERIOD 1949 TO 2018


WEATHER ITEM   OBSERVED TIME   RECORD YEAR NORMAL DEPARTURE LAST
                VALUE   (LST)  VALUE       VALUE  FROM      YEAR
                                                  NORMAL
..................................................................
TEMPERATURE (F)
 YESTERDAY
  MAXIMUM         46   1154 AM  79    1981  48     -2       45
  MINIMUM         32    314 AM   6    1959  26      6       32
  AVERAGE         39                        37      2       39

PRECIPITATION (IN)
  YESTERDAY        0.21          1.28 1993   0.09   0.12     0.05
  MONTH TO DATE    1.56                      2.75  -1.19     1.60
  SINCE MAR 1      1.56                      2.75  -1.19     1.60
  SINCE JAN 1      6.32                      7.69  -1.37     6.29

DEGREE DAYS
 HEATING
  YESTERDAY       26                        28     -2       26
  MONTH TO DATE  970                       988    -18     1005
  SINCE MAR 1    970                       988    -18     1005
  SINCE JUL 1   6270                      6608   -338     5527

 COOLING
  YESTERDAY        0                         0      0        0
  MONTH TO DATE    0                         0      0        0
  SINCE MAR 1      0                         0      0        0
  SINCE JAN 1      0                         0      0        0
..................................................................


WIND (MPH)
  HIGHEST WIND SPEED     6   HIGHEST WIND DIRECTION     W (290)
  HIGHEST GUST SPEED     7   HIGHEST GUST DIRECTION     S (160)
  AVERAGE WIND SPEED     1.0


SKY COVER
  AVERAGE SKY COVER 1.0



RELATIVE HUMIDITY (PERCENT)
 HIGHEST   100           200 AM
 LOWEST     76          1200 PM
 AVERAGE    88

..........................................................


THE GLENS FALLS NY CLIMATE NORMALS FOR TODAY
                         NORMAL    RECORD    YEAR
 MAXIMUM TEMPERATURE (F)   49        85      1998
 MINIMUM TEMPERATURE (F)   26        10      2008


SUNRISE AND SUNSET
MARCH 30 2018.........SUNRISE   640 AM EDT   SUNSET   719 PM EDT
MARCH 31 2018.........SUNRISE   638 AM EDT   SUNSET   720 PM EDT


-  INDICATES NEGATIVE NUMBERS.
R  INDICATES RECORD WAS SET OR TIED.
MM INDICATES DATA IS MISSING.
T  INDICATES TRACE AMOUNT.




$$
