000
CDUS41 KALY 172047
CLIGFL


CLIMATE REPORT
NATIONAL WEATHER SERVICE ALBANY NY
447 PM EDT TUE APR 17 2018


...................................

...THE GLENS FALLS NY CLIMATE SUMMARY FOR APRIL 17 2018...
VALID TODAY AS OF 0400 PM LOCAL TIME.

CLIMATE NORMAL PERIOD 1981 TO 2010
CLIMATE RECORD PERIOD 1949 TO 2018


WEATHER ITEM   OBSERVED TIME   RECORD YEAR NORMAL DEPARTURE LAST
                VALUE   (LST)  VALUE       VALUE  FROM      YEAR
                                                  NORMAL
..................................................................
TEMPERATURE (F)
 TODAY
  MAXIMUM         42   1235 PM  91    2002  58    -16       68
  MINIMUM         36    816 AM  20    2014  33      3       44
  AVERAGE         39                        45     -6       56

PRECIPITATION (IN)
  TODAY            0.01          1.07 1954   0.09  -0.08     0.00
  MONTH TO DATE    1.68                      1.66   0.02     2.31
  SINCE MAR 1      3.41                      4.60  -1.19     4.85
  SINCE JAN 1      8.17                      9.54  -1.37     9.54

DEGREE DAYS
 HEATING
  TODAY           26                        20      6        9
  MONTH TO DATE  517                       392    125      279
  SINCE MAR 1   1536                      1435    101     1347
  SINCE JUL 1   6836                      7055   -219     5869

 COOLING
  TODAY            0                         0      0        0
  MONTH TO DATE    0                         0      0        2
  SINCE MAR 1      0                         0      0        2
  SINCE JAN 1      0                         0      0        2
..................................................................


WIND (MPH)
  HIGHEST WIND SPEED    17   HIGHEST WIND DIRECTION     W (280)
  HIGHEST GUST SPEED    24   HIGHEST GUST DIRECTION     W (290)
  AVERAGE WIND SPEED     7.1


SKY COVER
  AVERAGE SKY COVER 1.0



RELATIVE HUMIDITY (PERCENT)
 HIGHEST   100           800 AM
 LOWEST     59           200 PM
 AVERAGE    80

..........................................................


THE GLENS FALLS NY CLIMATE NORMALS FOR TOMORROW
                         NORMAL    RECORD    YEAR
 MAXIMUM TEMPERATURE (F)   58        90      1976
 MINIMUM TEMPERATURE (F)   34        23      2014
                                             1990


SUNRISE AND SUNSET
APRIL 17 2018.........SUNRISE   609 AM EDT   SUNSET   740 PM EDT
APRIL 18 2018.........SUNRISE   607 AM EDT   SUNSET   741 PM EDT


-  INDICATES NEGATIVE NUMBERS.
R  INDICATES RECORD WAS SET OR TIED.
MM INDICATES DATA IS MISSING.
T  INDICATES TRACE AMOUNT.




$$
