000
CDUS41 KALY 220623
CLIGFL


CLIMATE REPORT
NATIONAL WEATHER SERVICE ALBANY NY
223 AM EDT TUE MAY 22 2018


...................................

...THE GLENS FALLS NY CLIMATE SUMMARY FOR MAY 21 2018...

CLIMATE NORMAL PERIOD 1981 TO 2010
CLIMATE RECORD PERIOD 1949 TO 2018


WEATHER ITEM   OBSERVED TIME   RECORD YEAR NORMAL DEPARTURE LAST
                VALUE   (LST)  VALUE       VALUE  FROM      YEAR
                                                  NORMAL
..................................................................
TEMPERATURE (F)
 YESTERDAY
  MAXIMUM         77    521 PM  87    2009  70      7       68
  MINIMUM         41    340 AM  29    2002  44     -3       41
  AVERAGE         59                        57      2       55

PRECIPITATION (IN)
  YESTERDAY        0.00          1.49 1954   0.11  -0.11     0.01
  MONTH TO DATE    0.82                      2.43  -1.61     3.45
  SINCE MAR 1      6.25                      8.37  -2.12     9.29
  SINCE JAN 1     11.01                     13.31  -2.30    13.98

DEGREE DAYS
 HEATING
  YESTERDAY        6                         8     -2       10
  MONTH TO DATE  154                       240    -86      226
  SINCE MAR 1   1951                      1896     55     1738
  SINCE JUL 1   7251                      7516   -265     6260

 COOLING
  YESTERDAY        0                         0      0        0
  MONTH TO DATE    9                         0      9       15
  SINCE MAR 1      9                         1      8       21
  SINCE JAN 1      9                         1      8       21
..................................................................


WIND (MPH)
  HIGHEST WIND SPEED    15   HIGHEST WIND DIRECTION    SE (140)
  HIGHEST GUST SPEED    22   HIGHEST GUST DIRECTION    SE (140)
  AVERAGE WIND SPEED     4.6


SKY COVER
  AVERAGE SKY COVER 0.0



RELATIVE HUMIDITY (PERCENT)
 HIGHEST   100           400 AM
 LOWEST     31           500 PM
 AVERAGE    66

..........................................................


THE GLENS FALLS NY CLIMATE NORMALS FOR TODAY
                         NORMAL    RECORD    YEAR
 MAXIMUM TEMPERATURE (F)   70        88      1977
 MINIMUM TEMPERATURE (F)   45        30      2002


SUNRISE AND SUNSET
MAY 22 2018...........SUNRISE   524 AM EDT   SUNSET   819 PM EDT
MAY 23 2018...........SUNRISE   523 AM EDT   SUNSET   820 PM EDT


-  INDICATES NEGATIVE NUMBERS.
R  INDICATES RECORD WAS SET OR TIED.
MM INDICATES DATA IS MISSING.
T  INDICATES TRACE AMOUNT.




$$
