000
CDUS41 KALY 170623
CLIGFL


CLIMATE REPORT
NATIONAL WEATHER SERVICE ALBANY NY
222 AM EDT THU MAY 17 2018


...................................

...THE GLENS FALLS NY CLIMATE SUMMARY FOR MAY 16 2018...

CLIMATE NORMAL PERIOD 1981 TO 2010
CLIMATE RECORD PERIOD 1949 TO 2018


WEATHER ITEM   OBSERVED TIME   RECORD YEAR NORMAL DEPARTURE LAST
                VALUE   (LST)  VALUE       VALUE  FROM      YEAR
                                                  NORMAL
..................................................................
TEMPERATURE (F)
 YESTERDAY
  MAXIMUM         73    302 PM  90    1951  68      5       78
  MINIMUM         42    424 AM  30    1967  43     -1       45
  AVERAGE         58                        55      3       62

PRECIPITATION (IN)
  YESTERDAY        0.00          1.37 2011   0.12  -0.12      T
  MONTH TO DATE    0.32                      1.84  -1.52     2.95
  SINCE MAR 1      5.75                      7.78  -2.03     8.79
  SINCE JAN 1     10.51                     12.72  -2.21    13.48

DEGREE DAYS
 HEATING
  YESTERDAY        7                        10     -3        3
  MONTH TO DATE  115                       195    -80      206
  SINCE MAR 1   1912                      1851     61     1718
  SINCE JUL 1   7212                      7471   -259     6240

 COOLING
  YESTERDAY        0                         0      0        0
  MONTH TO DATE    9                         0      9        0
  SINCE MAR 1      9                         1      8        6
  SINCE JAN 1      9                         1      8        6
..................................................................


WIND (MPH)
  HIGHEST WIND SPEED    18   HIGHEST WIND DIRECTION     S (160)
  HIGHEST GUST SPEED    25   HIGHEST GUST DIRECTION     S (200)
  AVERAGE WIND SPEED     6.2


SKY COVER
  AVERAGE SKY COVER 0.1



RELATIVE HUMIDITY (PERCENT)
 HIGHEST   100          1200 AM
 LOWEST     47           400 PM
 AVERAGE    74

..........................................................


THE GLENS FALLS NY CLIMATE NORMALS FOR TODAY
                         NORMAL    RECORD    YEAR
 MAXIMUM TEMPERATURE (F)   69        91      2017
                                             1977
 MINIMUM TEMPERATURE (F)   43        28      1967


SUNRISE AND SUNSET
MAY 17 2018...........SUNRISE   528 AM EDT   SUNSET   814 PM EDT
MAY 18 2018...........SUNRISE   527 AM EDT   SUNSET   815 PM EDT


-  INDICATES NEGATIVE NUMBERS.
R  INDICATES RECORD WAS SET OR TIED.
MM INDICATES DATA IS MISSING.
T  INDICATES TRACE AMOUNT.




$$
