000
CDUS41 KALY 190623
CLIGFL


CLIMATE REPORT
NATIONAL WEATHER SERVICE ALBANY NY
222 AM EDT SAT MAY 19 2018


...................................

...THE GLENS FALLS NY CLIMATE SUMMARY FOR MAY 18 2018...

CLIMATE NORMAL PERIOD 1981 TO 2010
CLIMATE RECORD PERIOD 1949 TO 2018


WEATHER ITEM   OBSERVED TIME   RECORD YEAR NORMAL DEPARTURE LAST
                VALUE   (LST)  VALUE       VALUE  FROM      YEAR
                                                  NORMAL
..................................................................
TEMPERATURE (F)
 YESTERDAY
  MAXIMUM         69    445 PM  92    2017  69      0       92
  MINIMUM         41    525 AM  28    1983  43     -2       55
  AVERAGE         55                        56     -1       74

PRECIPITATION (IN)
  YESTERDAY        0.00          0.78 1976   0.13  -0.13     0.48
  MONTH TO DATE    0.32                      2.08  -1.76     3.43
  SINCE MAR 1      5.75                      8.02  -2.27     9.27
  SINCE JAN 1     10.51                     12.96  -2.45    13.96

DEGREE DAYS
 HEATING
  YESTERDAY       10                         9      1        0
  MONTH TO DATE  125                       214    -89      206
  SINCE MAR 1   1922                      1870     52     1718
  SINCE JUL 1   7222                      7490   -268     6240

 COOLING
  YESTERDAY        0                         0      0        9
  MONTH TO DATE    9                         0      9       15
  SINCE MAR 1      9                         1      8       21
  SINCE JAN 1      9                         1      8       21
..................................................................


WIND (MPH)
  HIGHEST WIND SPEED    17   HIGHEST WIND DIRECTION     N (20)
  HIGHEST GUST SPEED    21   HIGHEST GUST DIRECTION    NE (30)
  AVERAGE WIND SPEED     6.2


SKY COVER
  AVERAGE SKY COVER 0.0



RELATIVE HUMIDITY (PERCENT)
 HIGHEST    82          1000 PM
 LOWEST     22           300 PM
 AVERAGE    52

..........................................................


THE GLENS FALLS NY CLIMATE NORMALS FOR TODAY
                         NORMAL    RECORD    YEAR
 MAXIMUM TEMPERATURE (F)   69        88      1989
 MINIMUM TEMPERATURE (F)   44        28      2002


SUNRISE AND SUNSET
MAY 19 2018...........SUNRISE   526 AM EDT   SUNSET   816 PM EDT
MAY 20 2018...........SUNRISE   525 AM EDT   SUNSET   817 PM EDT


-  INDICATES NEGATIVE NUMBERS.
R  INDICATES RECORD WAS SET OR TIED.
MM INDICATES DATA IS MISSING.
T  INDICATES TRACE AMOUNT.




$$
