000
CDUS41 KALY 080623
CLIGFL


CLIMATE REPORT
NATIONAL WEATHER SERVICE ALBANY NY
222 AM EDT TUE MAY 8 2018


...................................

...THE GLENS FALLS NY CLIMATE SUMMARY FOR MAY 7 2018...

CLIMATE NORMAL PERIOD 1981 TO 2010
CLIMATE RECORD PERIOD 1949 TO 2018


WEATHER ITEM   OBSERVED TIME   RECORD YEAR NORMAL DEPARTURE LAST
                VALUE   (LST)  VALUE       VALUE  FROM      YEAR
                                                  NORMAL
..................................................................
TEMPERATURE (F)
 YESTERDAY
  MAXIMUM         66    511 PM  88    2000  66      0       56
  MINIMUM         43   1159 PM  25    1967  40      3       43
  AVERAGE         55                        53      2       50

PRECIPITATION (IN)
  YESTERDAY        T             1.03 1989   0.11  -0.11     0.01
  MONTH TO DATE    0.23                      0.80  -0.57     2.36
  SINCE MAR 1      5.66                      6.74  -1.08     8.20
  SINCE JAN 1     10.42                     11.68  -1.26    12.89

DEGREE DAYS
 HEATING
  YESTERDAY       10                        13     -3       15
  MONTH TO DATE   35                        95    -60       86
  SINCE MAR 1   1832                      1751     81     1598
  SINCE JUL 1   7132                      7371   -239     6120

 COOLING
  YESTERDAY        0                         0      0        0
  MONTH TO DATE    9                         0      9        0
  SINCE MAR 1      9                         1      8        6
  SINCE JAN 1      9                         1      8        6
..................................................................


WIND (MPH)
  HIGHEST WIND SPEED    15   HIGHEST WIND DIRECTION     E (70)
  HIGHEST GUST SPEED    18   HIGHEST GUST DIRECTION     E (70)
  AVERAGE WIND SPEED     6.8


SKY COVER
  AVERAGE SKY COVER 0.5



RELATIVE HUMIDITY (PERCENT)
 HIGHEST    67          1200 AM
 LOWEST     33          1200 PM
 AVERAGE    50

..........................................................


THE GLENS FALLS NY CLIMATE NORMALS FOR TODAY
                         NORMAL    RECORD    YEAR
 MAXIMUM TEMPERATURE (F)   66        88      2015
 MINIMUM TEMPERATURE (F)   40        27      1968


SUNRISE AND SUNSET
MAY  8 2018...........SUNRISE   538 AM EDT   SUNSET   804 PM EDT
MAY  9 2018...........SUNRISE   537 AM EDT   SUNSET   805 PM EDT


-  INDICATES NEGATIVE NUMBERS.
R  INDICATES RECORD WAS SET OR TIED.
MM INDICATES DATA IS MISSING.
T  INDICATES TRACE AMOUNT.




$$
