000
CDUS41 KALY 012049
CLIGFL


CLIMATE REPORT
NATIONAL WEATHER SERVICE ALBANY NY
449 PM EDT SUN APR 1 2018


...................................

...THE GLENS FALLS NY CLIMATE SUMMARY FOR APRIL 1 2018...
VALID TODAY AS OF 0400 PM LOCAL TIME.

CLIMATE NORMAL PERIOD 1981 TO 2010
CLIMATE RECORD PERIOD 1949 TO 2018


WEATHER ITEM   OBSERVED TIME   RECORD YEAR NORMAL DEPARTURE LAST
                VALUE   (LST)  VALUE       VALUE  FROM      YEAR
                                                  NORMAL
..................................................................
TEMPERATURE (F)
 TODAY
  MAXIMUM         45    637 AM  77    1986  50     -5       42
  MINIMUM         40   1145 AM  13    1965  27     13       33
  AVERAGE         43                        38      5       38

PRECIPITATION (IN)
  TODAY            T             1.76 1976   0.09  -0.09     0.09
  MONTH TO DATE    T                         0.09  -0.09     0.09
  SINCE MAR 1      1.73                      3.03  -1.30     2.63
  SINCE JAN 1      6.49                      7.97  -1.48     7.32

DEGREE DAYS
 HEATING
  TODAY           22                        27     -5       27
  MONTH TO DATE   22                        27     -5       27
  SINCE MAR 1   1041                      1070    -29     1095
  SINCE JUL 1   6341                      6690   -349     5617

 COOLING
  TODAY            0                         0      0        0
  MONTH TO DATE    0                         0      0        0
  SINCE MAR 1      0                         0      0        0
  SINCE JAN 1      0                         0      0        0
..................................................................


WIND (MPH)
  HIGHEST WIND SPEED    20   HIGHEST WIND DIRECTION    SW (220)
  HIGHEST GUST SPEED    28   HIGHEST GUST DIRECTION    SW (220)
  AVERAGE WIND SPEED    11.3


SKY COVER
  AVERAGE SKY COVER 0.6



RELATIVE HUMIDITY (PERCENT)
 HIGHEST    55           900 AM
 LOWEST     33           200 PM
 AVERAGE    44

..........................................................


THE GLENS FALLS NY CLIMATE NORMALS FOR TOMORROW
                         NORMAL    RECORD    YEAR
 MAXIMUM TEMPERATURE (F)   50        78      2010
 MINIMUM TEMPERATURE (F)   28        18      1956


SUNRISE AND SUNSET
APRIL  1 2018.........SUNRISE   636 AM EDT   SUNSET   721 PM EDT
APRIL  2 2018.........SUNRISE   635 AM EDT   SUNSET   722 PM EDT


-  INDICATES NEGATIVE NUMBERS.
R  INDICATES RECORD WAS SET OR TIED.
MM INDICATES DATA IS MISSING.
T  INDICATES TRACE AMOUNT.




$$
