000
CXUS51 KALY 041306 CCA
CLMGFL

CLIMATE REPORT...CORRECTED MONTHLY PRECIPITATION
NATIONAL WEATHER SERVICE ALBANY NY
805 AM EST SUN MAR 4 2018

...................................

...THE GLENS FALLS NY CLIMATE SUMMARY FOR THE MONTH OF FEBRUARY 2018...

CLIMATE NORMAL PERIOD 1981 TO 2010
CLIMATE RECORD PERIOD 1949 TO 2018

WEATHER         OBSERVED          NORMAL  DEPART  LAST YEAR`S
                 VALUE   DATE(S)  VALUE   FROM    VALUE  DATE(S)
                                          NORMAL
................................................................
TEMPERATURE (F)
HIGHEST            66   02/21                         70  02/25
LOWEST             -7   02/09                         -5  02/10
AVG. MAXIMUM     37.9              32.8     5.1     41.7
AVG. MINIMUM     15.1               9.8     5.3     19.7
MEAN             26.5              21.3     5.2     30.7
DAYS MAX >= 90      0               0.0     0.0        0
DAYS MAX <= 32      8              12.7    -4.7        7
DAYS MIN <= 32     26              26.9    -0.9       24
DAYS MIN <= 0       4               6.8    -2.8        1

PRECIPITATION (INCHES)
RECORD
 MAXIMUM         6.32   2008
 MINIMUM         0.25   1978
TOTALS           2.49              2.08    0.41    2.51
DAILY AVG.       0.08              0.07    0.01     0.09
DAYS >= .01        14               9.4     4.6        8
DAYS >= .10         3               5.0    -2.0        5
DAYS >= .50         2               1.4     0.6        3
DAYS >= 1.00        0               0.3    -0.3        0
GREATEST
 24 HR. TOTAL    0.92   02/07 TO 02/07

DEGREE_DAYS
HEATING TOTAL    1071              1224    -153      953
 SINCE 7/1       5300              5620    -320     4522
COOLING TOTAL       0                 0       0        0
 SINCE 1/1          0                 0       0        0

FREEZE DATES
RECORD
 EARLIEST     08/29/1982
 LATEST       06/01/2009
EARLIEST                        09/29
LATEST                          05/13
.................................................................

WIND (MPH)
AVERAGE WIND SPEED              5.0
HIGHEST WIND SPEED/DIRECTION    24/290    DATE  02/21
HIGHEST GUST SPEED/DIRECTION    32/320    DATE  02/02

SKY COVER
AVERAGE SKY COVER           0.60

AVERAGE RH (PERCENT)     76

WEATHER CONDITIONS. NUMBER OF DAYS WITH
THUNDERSTORM              0     MIXED PRECIP               0
HEAVY RAIN                0     RAIN                       0
LIGHT RAIN                7     FREEZING RAIN              1
LT FREEZING RAIN          2     HAIL                       0
HEAVY SNOW                1     SNOW                       3
LIGHT SNOW                9     SLEET                      0
FOG                      23     FOG W/VIS <= 1/4 MILE     12
HAZE                     12

-  INDICATES NEGATIVE NUMBERS.
R  INDICATES RECORD WAS SET OR TIED.
MM INDICATES DATA IS MISSING.
T  INDICATES TRACE AMOUNT.

$$
