584
CXUS51 KALY 010657
CLMGFL


CLIMATE REPORT
NATIONAL WEATHER SERVICE ALBANY NY
154 AM EST MON JAN 1 2018

...................................

...THE GLENS FALLS NY CLIMATE SUMMARY FOR THE MONTH OF DECEMBER 2017...

CLIMATE NORMAL PERIOD 1981 TO 2010
CLIMATE RECORD PERIOD 1949 TO 2017

WEATHER         OBSERVED          NORMAL  DEPART  LAST YEAR`S
                 VALUE   DATE(S)  VALUE   FROM    VALUE  DATE(S)
                                          NORMAL
................................................................
TEMPERATURE (F)
HIGHEST            52   12/06                         50  12/01
                        12/05
LOWEST            -21R  12/30                         -6  12/16
AVG. MAXIMUM     29.5              34.0    -4.5     36.3
AVG. MINIMUM     11.4              16.0    -4.6     19.5
MEAN             20.4              25.0    -4.6     27.9
DAYS MAX >= 90      0               0.0     0.0        0
DAYS MAX <= 32     16              12.7     3.3        7
DAYS MIN <= 32     30              28.8     1.2       28
DAYS MIN <= 0       9               3.4     5.6        2

PRECIPITATION (INCHES)
RECORD
 MAXIMUM         7.61   1973
 MINIMUM         0.75   1958
TOTALS           2.32              3.05   -0.73     2.87
DAILY AVG.       0.07              0.10   -0.03     0.10
DAYS >= .01         8              11.3    -3.3       12
DAYS >= .10         5               6.3    -1.3        7
DAYS >= .50         2               2.1    -0.1        1
DAYS >= 1.00        0               0.6    -0.6        0
GREATEST
 24 HR. TOTAL    0.69   12/05 TO 12/05

DEGREE_DAYS
HEATING TOTAL    1374              1240     134     1145
 SINCE 7/1       2785              2938    -153     2461
COOLING TOTAL       0                 0       0        0
 SINCE 1/1        388               352      36      643

FREEZE DATES
RECORD
 EARLIEST     08/29/1982
 LATEST       06/01/2009
EARLIEST                        09/29
LATEST                          05/13
.................................................................

WIND (MPH)
AVERAGE WIND SPEED              4.3
HIGHEST WIND SPEED/DIRECTION    25/280    DATE  12/25
HIGHEST GUST SPEED/DIRECTION    33/320    DATE  12/20

SKY COVER
AVERAGE SKY COVER           0.60

AVERAGE RH (PERCENT)     76

WEATHER CONDITIONS. NUMBER OF DAYS WITH
THUNDERSTORM              0     MIXED PRECIP               0
HEAVY RAIN                0     RAIN                       1
LIGHT RAIN                4     FREEZING RAIN              1
LT FREEZING RAIN          3     HAIL                       0
HEAVY SNOW                1     SNOW                       3
LIGHT SNOW               10     SLEET                      0
FOG                      21     FOG W/VIS <= 1/4 MILE      5
HAZE                      9

-  INDICATES NEGATIVE NUMBERS.
R  INDICATES RECORD WAS SET OR TIED.
MM INDICATES DATA IS MISSING.
T  INDICATES TRACE AMOUNT.

$$
