000
CXUS51 KALY 021406
CLSGFL
CLIMATE REPORT
NATIONAL WEATHER SERVICE ALBANY NY
1006 AM EDT WED JUN 02 2021
...................................
...THE GLENS FALLS NY CLIMATE SUMMARY FOR THE SEASON, FROM
3/1/2021 TO 5/31/2021...
CLIMATE NORMAL PERIOD: 1991 TO 2020
CLIMATE RECORD PERIOD: 1893 TO 2021
WEATHER OBSERVED NORMAL DEPART LAST YEAR`S
VALUE DATE(S) VALUE FROM VALUE DATE(S)
NORMAL
................................................................
TEMPERATURE (F)
RECORD
HIGH 93 05/28/1901
LOW -24 03/04/1950
HIGHEST 90 05/26 88 05/27
LOWEST 5 03/02 5 03/01
AVG. MAXIMUM 57.6 56.0 1.6 56.3
AVG. MINIMUM 32.9 32.5 0.4 33.7
MEAN 45.2 44.3 0.9 45.0
DAYS MAX >= 90 1 0.3 0.7 0
DAYS MAX <= 32 5 4.7 0.3 0
DAYS MIN <= 32 40 43.2 -3.2 47
DAYS MIN <= 0 0 1.6 -1.6 0
PRECIPITATION (INCHES)
RECORD
MAXIMUM 17.77 1983
MINIMUM 2.59 1941
TOTALS 6.79 9.24 -2.45 9.17
DAILY AVG. 0.07 0.10
DAYS >= .01 28 34.7 -6.7 19
DAYS >= .10 17 20.4 -3.4 11
DAYS >= .50 4 6.0 -2.0 5
DAYS >= 1.00 2 1.6 0.4 2
GREATEST
24 HR. TOTAL 1.23
DEGREE DAYS
HEATING TOTAL 1830 1927 -97 1868
SINCE 7/1 7014 7333 -319 MM
COOLING TOTAL 32 19 13 45
SINCE 1/1 32 19 13 MM
................................................................
WIND (MPH)
AVERAGE WIND SPEED 6.1
HIGHEST WIND SPEED/DIRECTION 36/300 DATE 03/01
HIGHEST GUST SPEED/DIRECTION 53/320 DATE 03/01
WEATHER CONDITIONS. NUMBER OF DAYS WITH
THUNDERSTORM 3 MIXED PRECIP 0
HEAVY RAIN 2 RAIN 10
LIGHT RAIN 39 FREEZING RAIN 0
LT FREEZING RAIN 0 HAIL 0
HEAVY SNOW 0 SNOW 2
LIGHT SNOW 5 SLEET 0
FOG 35 FOG W/VIS <= 1/4 MILE 6
HAZE 6
- INDICATES NEGATIVE NUMBERS.
R INDICATES RECORD WAS SET OR TIED.
MM INDICATES DATA IS MISSING.
T INDICATES TRACE AMOUNT.
$$