000
CXUS51 KALY 012048
CLSGFL
CLIMATE REPORT
NATIONAL WEATHER SERVICE ALBANY NY
448 PM EDT WED JUN 01 2022
...................................
...THE GLENS FALLS NY CLIMATE SUMMARY FOR THE SEASON, FROM
3/1/2022 TO 5/31/2022...
CLIMATE NORMAL PERIOD: 1991 TO 2020
CLIMATE RECORD PERIOD: 1893 TO 2022
WEATHER OBSERVED NORMAL DEPART LAST YEAR`S
VALUE DATE(S) VALUE FROM VALUE DATE(S)
NORMAL
................................................................
TEMPERATURE (F)
RECORD
HIGH 93 05/28/1901
LOW -24 03/04/1950
HIGHEST 90 05/22 90 05/26
LOWEST -6 03/04 5 03/02
AVG. MAXIMUM 57.9 56.0 1.9 57.6
AVG. MINIMUM 33.6 32.5 1.1 32.9
MEAN 45.8 44.3 1.5 45.2
DAYS MAX >= 90 1 0.3 0.7 1
DAYS MAX <= 32 4 4.7 -0.7 5
DAYS MIN <= 32 46 43.2 2.8 40
DAYS MIN <= 0 1 1.6 -0.6 0
PRECIPITATION (INCHES)
RECORD
MAXIMUM 17.77 1983
MINIMUM 2.59 1941
TOTALS 9.77 9.24 0.53 6.79
DAILY AVG. 0.11 0.07
DAYS >= .01 33 34.7 -1.7 28
DAYS >= .10 20 20.4 -0.4 17
DAYS >= .50 7 6.0 1.0 4
DAYS >= 1.00 1 1.6 -0.6 2
GREATEST
24 HR. TOTAL 2.39 04/07 TO 04/08
DEGREE DAYS
HEATING TOTAL 1791 1927 -136 1830
SINCE 7/1 6907 7333 -426 7013
COOLING TOTAL 54 19 35 32
SINCE 1/1 54 19 35 32
................................................................
WIND (MPH)
AVERAGE WIND SPEED 6.2
HIGHEST WIND SPEED/DIRECTION 30/180 DATE 04/18
HIGHEST GUST SPEED/DIRECTION 45/290 DATE 03/06
WEATHER CONDITIONS. NUMBER OF DAYS WITH
THUNDERSTORM 3 MIXED PRECIP 0
HEAVY RAIN 6 RAIN 13
LIGHT RAIN 40 FREEZING RAIN 0
LT FREEZING RAIN 0 HAIL 0
HEAVY SNOW 1 SNOW 2
LIGHT SNOW 7 SLEET 0
FOG 45 FOG W/VIS <= 1/4 MILE 17
HAZE 3
- INDICATES NEGATIVE NUMBERS.
R INDICATES RECORD WAS SET OR TIED.
MM INDICATES DATA IS MISSING.
T INDICATES TRACE AMOUNT.
$$