000
CXUS55 KGGW 010910
CF6GGW
PRELIMINARY LOCAL CLIMATOLOGICAL DATA (WS FORM: F-6)
STATION: GLASGOW MT
MONTH: NOVEMBER
YEAR: 2021
LATITUDE: 48 13 N
LONGITUDE: 106 37 W
TEMPERATURE IN F: :PCPN: SNOW: WIND :SUNSHINE: SKY :PK WND
================================================================================
1 2 3 4 5 6A 6B 7 8 9 10 11 12 13 14 15 16 17 18
12Z AVG MX 2MIN
DY MAX MIN AVG DEP HDD CDD WTR SNW DPTH SPD SPD DIR MIN PSBL S-S WX SPD DR
================================================================================
1 41 14 28 -9 37 0 0.00 0.0 0 6.9 14 100 M M 0 17 90
2 50 19 35 -1 30 0 0.00 0.0 0 10.4 16 130 M M 0 21 130
3 60 22 41 5 24 0 0.00 0.0 0 6.6 15 120 M M 0 18 130
4 71 36 54 19 11 0 0.00 0.0 0 11.3 20 300 M M 0 28 300
5 64 34 49 14 16 0 0.01 0.0 0 12.4 33 300 M M 1 46 290
6 60 32 46 12 19 0 0.00 0.0 0 5.8 15 320 M M 2 19 320
7 54 30 42 8 23 0 T 0.0 0 10.0 24 260 M M 4 34 280
8 55 21 38 4 27 0 0.00 0.0 0 6.8 20 260 M M 0 25 260
9 57 22 40 7 25 0 T 0.0 0 13.2 25 130 M M 3 34 130
10 52 33 43 10 22 0 0.00 0.0 0 16.8 33 290 M M 1 44 280
11 38 27 33 1 32 0 0.00 0.0 0 20.4 30 300 M M 6 43 290
12 36 15 26 -6 39 0 0.00 0.0 0 10.6 21 130 M M 6 26 120
13 48 30 39 8 26 0 0.15 T 0 12.0 25 320 M M 5 1 35 320
14 44 30 37 6 28 0 0.02 0.0 0 7.5 14 120 M M 7 16 110
15 60 40 50 20 15 0 0.00 0.0 0 8.5 16 210 M M 4 23 190
16 58 28 43 13 22 0 0.00 0.0 0 32.9 49 290 M M 5 69 290
17 34 15 25 -5 40 0 0.00 0.0 0 20.0 39 310 M M 2 49 310
18 41 12 27 -2 38 0 0.00 0.0 0 11.5 21 150 M M 1 27 150
19 44 24 34 5 31 0 0.00 0.0 0 5.4 12 340 M M 5 13 340
20 51 16 34 6 31 0 0.00 0.0 0 10.4 25 290 M M 0 35 280
21 33 18 26 -2 39 0 0.00 0.0 0 6.5 18 350 M M 2 25 350
22 52 21 37 10 28 0 0.00 0.0 0 6.6 15 120 M M 0 19 10
23 53 23 38 11 27 0 0.01 T 0 9.8 26 350 M M 3 1 38 350
24 23 10 17 -9 48 0 0.00 0.0 T 10.7 26 340 M M 4 33 340
25 43 12 28 2 37 0 0.00 0.0 0 7.8 16 110 M M 2 19 110
26 56 37 47 21 18 0 0.00 0.0 0 12.9 30 290 M M 1 45 280
27 43 26 35 10 30 0 0.00 0.0 0 7.9 15 110 M M 3 21 320
28 58 29 44 19 21 0 0.00 0.0 0 8.7 17 290 M M 2 24 290
29 55 26 41 17 24 0 0.00 0.0 0 8.6 22 290 M M 1 31 290
30 53 25 39 15 26 0 0.00 0.0 0 8.1 17 300 M M 3 12 23 300
================================================================================
SM 1487 727 834 0 0.19 T 327.0 M 73
================================================================================
AV 49.6 24.2 10.9 FASTST M M 2 MAX(MPH)
MISC ----> 49 290 69 290
================================================================================
NOTES:
# LAST OF SEVERAL OCCURRENCES
COLUMN 17 PEAK WIND IN M.P.H.
PRELIMINARY LOCAL CLIMATOLOGICAL DATA (WS FORM: F-6) , PAGE 2
STATION: GLASGOW MT
MONTH: NOVEMBER
YEAR: 2021
LATITUDE: 48 13 N
LONGITUDE: 106 37 W
[TEMPERATURE DATA] [PRECIPITATION DATA] SYMBOLS USED IN COLUMN 16
AVERAGE MONTHLY: 36.9 TOTAL FOR MONTH: 0.19 1 = FOG OR MIST
DPTR FM NORMAL: 6.7 DPTR FM NORMAL: -0.30 2 = FOG REDUCING VISIBILITY
HIGHEST: 71 ON 4 GRTST 24HR 0.15 ON 13-13 TO 1/4 MILE OR LESS
LOWEST: 10 ON 24 3 = THUNDER
SNOW, ICE PELLETS, HAIL 4 = ICE PELLETS
TOTAL MONTH: T 5 = HAIL
GRTST 24HR T ON 13-13 6 = FREEZING RAIN OR DRIZZLE
GRTST DEPTH: T 7 = DUSTSTORM OR SANDSTORM:
VSBY 1/2 MILE OR LESS
8 = SMOKE OR HAZE
[NO. OF DAYS WITH] [WEATHER - DAYS WITH] 9 = BLOWING SNOW
X = TORNADO
MAX 32 OR BELOW: 1 0.01 INCH OR MORE: 4
MAX 90 OR ABOVE: 0 0.10 INCH OR MORE: 1
MIN 32 OR BELOW: 25 0.50 INCH OR MORE: 0
MIN 0 OR BELOW: 0 1.00 INCH OR MORE: 0
[HDD (BASE 65) ]
TOTAL THIS MO. 834 CLEAR (SCALE 0-3) 20
DPTR FM NORMAL -208 PTCLDY (SCALE 4-7) 10
TOTAL FM JUL 1 1434 CLOUDY (SCALE 8-10) 0
DPTR FM NORMAL -471
[CDD (BASE 65) ]
TOTAL THIS MO. 0
DPTR FM NORMAL 0 [PRESSURE DATA]
TOTAL FM JAN 1 1002 HIGHEST SLP M ON M
DPTR FM NORMAL 418 LOWEST SLP 29.25 ON 16
[REMARKS]
#FINAL-11-21#