000
CXUS52 KTBW 021530
CF6GIF
PRELIMINARY LOCAL CLIMATOLOGICAL DATA (WS FORM: F-6)
STATION: WINTER HAVEN
MONTH: MARCH
YEAR: 2021
LATITUDE: 28 4 N
LONGITUDE: 81 45 W
TEMPERATURE IN F: :PCPN: SNOW: WIND :SUNSHINE: SKY :PK WND
================================================================================
1 2 3 4 5 6A 6B 7 8 9 10 11 12 13 14 15 16 17 18
12Z AVG MX 2MIN
DY MAX MIN AVG DEP HDD CDD WTR SNW DPTH SPD SPD DIR MIN PSBL S-S WX SPD DR
================================================================================
1 87 70 79 13 0 14 0.01 0.0 0 6.8 15 280 M M 4 8 20 220
2 86 66 76 10 0 11 T 0.0 0 5.5 15 210 M M 6 1 23 120
3 76 56 66 0 0 1 0.37 0.0 0 12.3 21 290 M M 4 1 30 230
4 77 56 67 1 0 2 0.00 0.0 0 7.8 14 340 M M 5 19 260
5 77 50 64 -2 1 0 0.00 0.0 0 5.4 13 350 M M 0 16 350
6 72 59 66 0 0 1 0.02 0.0 0 8.6 20 40 M M 6 24 50
7 70 50 60 -6 5 0 0.00 0.0 0 12.8 21 360 M M 3 29 350
8 72 49 61 -6 4 0 0.00 0.0 0 11.8 23 60 M M 1 8 29 70
9 76 53 65 -2 0 0 0.00 0.0 0 10.1 21 60 M M 2 8 26 60
10 78 55 67 0 0 2 0.00 0.0 0 9.7 21 80 M M 3 33 70
11 81 56 69 2 0 4 0.00 0.0 0 9.1 17 90 M M 0 8 22 10
12 82 57 70 3 0 5 0.00 0.0 0 6.8 16 100 M M 1 28 340
13 83 57 70 3 0 5 0.00 0.0 0 5.4 13 70 M M 0 16 110
14 84 58 71 3 0 6 0.00 0.0 0 3.8 13 290 M M 0 17 280
15 85 60 73 5 0 8 0.00 0.0 0 4.7 17 90 M M 1 1 21 90
16 87 65 76 8 0 11 0.00 0.0 0 7.5 17 160 M M 1 23 210
17 88 65 77 9 0 12 0.00 0.0 0 7.4 21 190 M M 1 26 170
18 88 67 78 10 0 13 0.01 0.0 0 12.4 24 210 M M 4 3 31 210
19 74 56 65 -3 0 0 0.00 0.0 0 10.8 21 290 M M 2 32 360
20 70 54 62 -7 3 0 0.00 0.0 0 11.5 18 360 M M 7 31 350
21 67 51 59 -10 6 0 T 0.0 0 8.8 17 350 M M 10 22 360
22 71 57 64 -5 1 0 0.00 0.0 0 10.0 17 360 M M 9 1 21 350
23 80 58 69 0 0 4 0.00 0.0 0 3.8 12 320 M M 4 128 14 280
24 84 58 71 2 0 6 0.00 0.0 0 3.2 12 200 M M 0 1 15 200
25 93 64 79 10 0 14 0.00 0.0 0 6.7 15 180 M M 3 12 20 190
26 91 72 82 13 0 17 0.00 0.0 0 5.8 16 180 M M 4 20 190
27 91 70 81 11 0 16 0.00 0.0 0 7.2 15 150 M M 1 22 110
28 89 70 80 10 0 15 0.00 0.0 0 8.6 20 280 M M 3 8 26 180
29 85 70 78 8 0 13 T 0.0 0 6.6 15 80 M M 5 1 28 170
30 91 68 80 10 0 15 0.00 0.0 0 7.5 14 140 M M 4 8 22 50
31 91 72 82 12 0 17 0.00 0.0 0 7.7 16 280 M M 4 21 280
================================================================================
SM 2526 1869 20 212 0.41 0.0 246.1 M 98
================================================================================
AV 81.5 60.3 7.9 FASTST M M 3 MAX(MPH)
MISC ----> 24 210 33 70
================================================================================
NOTES:
# LAST OF SEVERAL OCCURRENCES
COLUMN 17 PEAK WIND IN M.P.H.
PRELIMINARY LOCAL CLIMATOLOGICAL DATA (WS FORM: F-6) , PAGE 2
STATION: WINTER HAVEN
MONTH: MARCH
YEAR: 2021
LATITUDE: 28 4 N
LONGITUDE: 81 45 W
[TEMPERATURE DATA] [PRECIPITATION DATA] SYMBOLS USED IN COLUMN 16
AVERAGE MONTHLY: 70.9 TOTAL FOR MONTH: 0.41 1 = FOG OR MIST
DPTR FM NORMAL: 3.0 DPTR FM NORMAL: -3.16 2 = FOG REDUCING VISIBILITY
HIGHEST: 93 ON 25 GRTST 24HR 0.37 ON 3- 3 TO 1/4 MILE OR LESS
LOWEST: 49 ON 8 3 = THUNDER
SNOW, ICE PELLETS, HAIL 4 = ICE PELLETS
TOTAL MONTH: 0.0 INCH 5 = HAIL
GRTST 24HR 0.0 6 = FREEZING RAIN OR DRIZZLE
GRTST DEPTH: 0 7 = DUSTSTORM OR SANDSTORM:
VSBY 1/2 MILE OR LESS
8 = SMOKE OR HAZE
[NO. OF DAYS WITH] [WEATHER - DAYS WITH] 9 = BLOWING SNOW
X = TORNADO
MAX 32 OR BELOW: 0 0.01 INCH OR MORE: 4
MAX 90 OR ABOVE: 5 0.10 INCH OR MORE: 1
MIN 32 OR BELOW: 0 0.50 INCH OR MORE: 0
MIN 0 OR BELOW: 0 1.00 INCH OR MORE: 0
[HDD (BASE 65) ]
TOTAL THIS MO. 20 CLEAR (SCALE 0-3) 17
DPTR FM NORMAL -30 PTCLDY (SCALE 4-7) 12
TOTAL FM JUL 1 400 CLOUDY (SCALE 8-10) 2
DPTR FM NORMAL 72
[CDD (BASE 65) ]
TOTAL THIS MO. 212
DPTR FM NORMAL 77 [PRESSURE DATA]
TOTAL FM JAN 1 418 HIGHEST SLP 30.51 ON 9
DPTR FM NORMAL 172 LOWEST SLP 29.87 ON 3
[REMARKS]
#FINAL-03-21#