000
CXUS55 KGJT 030857 CCA
CF6GJT
PRELIMINARY LOCAL CLIMATOLOGICAL DATA (WS FORM: F-6)
STATION: GRAND JUNCTION CO
MONTH: JANUARY
YEAR: 2023
LATITUDE: 39 7 N
LONGITUDE: 108 32 W
TEMPERATURE IN F: :PCPN: SNOW: WIND :SUNSHINE: SKY :PK WND
================================================================================
1 2 3 4 5 6A 6B 7 8 9 10 11 12 13 14 15 16 17 18
12Z AVG MX 2MIN
DY MAX MIN AVG DEP HDD CDD WTR SNW DPTH SPD SPD DIR MIN PSBL S-S WX SPD DR
================================================================================
1 47 35 41 15 24 0 T 0.0 1 12.4 24 140 M M 10 32 150
2 43 32 38 12 27 0 0.09 1.4 0 9.8 25 130 M M 10 1 31 130
3 35 26 31 5 34 0 0.08 0.9 2 2.4 8 360 M M 9 18 11 20
4 37 21 29 3 36 0 0.00 0.0 1 3.9 14 100 M M 1 18 90
5 37 24 31 5 34 0 0.00 0.0 1 7.1 23 120 M M 2 30 120
6 38 30 34 8 31 0 0.04 0.2 T 2.9 10 360 M M 9 1 13 250
7 42 27 35 9 30 0 0.00 0.0 T 2.2 12 120 M M 3 12 13 120
8 43 29 36 10 29 0 0.00 0.0 0 4.4 13 140 M M 4 15 130
9 41 28 35 9 30 0 0.03 0.0 0 4.4 14 110 M M 7 1 17 120
10 52 33 43 16 22 0 0.04 0.0 0 7.1 31 260 M M 7 1 44 220
11 46 31 39 12 26 0 T 0.0 0 9.3 21 320 M M 7 29 310
12 44 27 36 9 29 0 0.00 0.0 0 4.7 14 120 M M 0 16 120
13 43 28 36 9 29 0 0.00 0.0 0 4.0 14 120 M M 0 18 80
14 40 27 34 7 31 0 0.00 0.0 0 2.0 10 260 M M 4 14 150
15 44 34 39 12 26 0 0.03 0.0 0 4.2 15 310 M M 10 1 21 310
16 42 32 37 10 28 0 0.17 1.0 0 5.7 18 110 M M 9 12 25 290
17 35 29 32 4 33 0 0.22 0.7 1 2.3 15 100 M M 9 12 16 100
18 36 25 31 3 34 0 0.01 0.4 2 8.5 15 330 M M 6 12 20 350
19 36 22 29 1 36 0 0.00 0.0 1 6.9 17 100 M M 1 22 90
20 36 26 31 3 34 0 0.00 0.0 T 4.6 15 50 M M 4 19 50
21 37 23 30 2 35 0 0.00 0.0 T 4.1 10 120 M M 1 15 340
22 31 19 25 -3 40 0 0.00 0.0 T 7.4 16 110 M M 1 21 90
23 41 23 32 3 33 0 0.00 0.0 T 2.8 15 30 M M 2 19 40
24 38 22 30 1 35 0 0.00 0.0 T 3.0 10 360 M M 6 14 360
25 36 24 30 1 35 0 T 0.3 T 3.9 17 40 M M 7 18 22 40
26 34 18 26 -3 39 0 0.00 0.0 T 4.9 14 130 M M 2 16 130
27 32 25 29 -1 36 0 T T 0 2.8 10 120 M M 7 8 13 140
28 39 27 33 3 32 0 T T 0 1.6 10 100 M M 9 1 14 340
29 45 30 38 8 27 0 0.00 0.0 0 3.8 15 310 M M 8 20 250
30 43 20 32 2 33 0 0.08 0.8 0 7.8 21 290 M M 10 18 26 290
31 29 8 19 -12 46 0 0.00 0.0 1 4.2 13 110 M M 1 15 120
================================================================================
SM 1222 805 994 0 0.79 5.7 155.1 M 166
================================================================================
AV 39.4 26.0 5.0 FASTST M M 5 MAX(MPH)
MISC ----> 31 260 44 220
================================================================================
NOTES:
# LAST OF SEVERAL OCCURRENCES
COLUMN 17 PEAK WIND IN M.P.H.
PRELIMINARY LOCAL CLIMATOLOGICAL DATA (WS FORM: F-6) , PAGE 2
STATION: GRAND JUNCTION CO
MONTH: JANUARY
YEAR: 2023
LATITUDE: 39 7 N
LONGITUDE: 108 32 W
[TEMPERATURE DATA] [PRECIPITATION DATA] SYMBOLS USED IN COLUMN 16
AVERAGE MONTHLY: 32.7 TOTAL FOR MONTH: 0.79 1 = FOG OR MIST
DPTR FM NORMAL: 5.0 DPTR FM NORMAL: 0.18 2 = FOG REDUCING VISIBILITY
HIGHEST: 52 ON 10 GRTST 24HR 0.39 ON 16-17 TO 1/4 MILE OR LESS
LOWEST: 8 ON 31 3 = THUNDER
SNOW, ICE PELLETS, HAIL 4 = ICE PELLETS
TOTAL MONTH: 5.7 INCHES 5 = HAIL
GRTST 24HR 2.3 ON 2-3 6 = FREEZING RAIN OR DRIZZLE
GRTST DEPTH: 2 ON 18, 3 7 = DUSTSTORM OR SANDSTORM:
VSBY 1/2 MILE OR LESS
8 = SMOKE OR HAZE
[NO. OF DAYS WITH] [WEATHER - DAYS WITH] 9 = BLOWING SNOW
X = TORNADO
MAX 32 OR BELOW: 3 0.01 INCH OR MORE: 10
MAX 90 OR ABOVE: 0 0.10 INCH OR MORE: 2
MIN 32 OR BELOW: 28 0.50 INCH OR MORE: 0
MIN 0 OR BELOW: 0 1.00 INCH OR MORE: 0
[HDD (BASE 65) ]
TOTAL THIS MO. 994 CLEAR (SCALE 0-3) 11
DPTR FM NORMAL -162 PTCLDY (SCALE 4-7) 11
TOTAL FM JUL 1 3229 CLOUDY (SCALE 8-10) 9
DPTR FM NORMAL -254
[CDD (BASE 65) ]
TOTAL THIS MO. 0
DPTR FM NORMAL 0 [PRESSURE DATA]
TOTAL FM JAN 1 0 HIGHEST SLP 30.60 ON 12
DPTR FM NORMAL 0 LOWEST SLP 29.48 ON 15
[REMARKS]
#FINAL-01-23#