068
CXUS55 KGJT 011010
CF6GJT
PRELIMINARY LOCAL CLIMATOLOGICAL DATA (WS FORM: F-6)
STATION: GRAND JUNCTION CO
MONTH: FEBRUARY
YEAR: 2021
LATITUDE: 39 7 N
LONGITUDE: 108 32 W
TEMPERATURE IN F: :PCPN: SNOW: WIND :SUNSHINE: SKY :PK WND
================================================================================
1 2 3 4 5 6A 6B 7 8 9 10 11 12 13 14 15 16 17 18
12Z AVG MX 2MIN
DY MAX MIN AVG DEP HDD CDD WTR SNW DPTH SPD SPD DIR MIN PSBL S-S WX SPD DR
================================================================================
1 39 22 31 1 34 0 0.00 0.0 0 3.1 9 130 M M 2 11 70
2 51 30 41 11 24 0 0.00 0.0 0 1.9 7 120 M M 9 10 240
3 53 34 44 14 21 0 0.06 0.0 0 5.7 29 300 M M 8 3 39 210
4 41 23 32 1 33 0 0.00 0.0 0 2.7 15 300 M M 2 26 310
5 39 21 30 -1 35 0 0.00 0.0 0 3.6 13 110 M M 5 14 110
6 49 19 34 3 31 0 0.00 0.0 0 3.5 17 260 M M 0 23 260
7 57 21 39 7 26 0 0.00 0.0 0 6.3 28 250 M M 0 37 240
8 58 23 41 9 24 0 0.00 0.0 0 6.3 26 260 M M 0 34 260
9 52 35 44 12 21 0 0.00 0.0 0 3.7 24 230 M M 9 31 230
10 50 33 42 9 23 0 T 0.0 0 6.7 21 130 M M 6 24 120
11 52 28 40 7 25 0 0.00 0.0 0 4.9 13 110 M M 2 16 300
12 51 37 44 10 21 0 0.06 0.0 0 5.1 22 120 M M 9 26 120
13 43 34 39 5 26 0 0.15 0.0 0 6.1 17 150 M M 10 1 22 140
14 35 17 26 -8 39 0 0.03 T 0 8.7 23 40 M M 6 1 32 50
15 35 16 26 -9 39 0 0.01 0.5 0 7.6 16 130 M M 6 18 19 120
16 40 27 34 -1 31 0 0.01 0.2 1 5.3 14 330 M M 8 1 18 330
17 35 25 30 -5 35 0 T 0.1 T 7.0 20 350 M M 8 18 24 350
18 39 16 28 -8 37 0 0.00 0.0 T 5.4 15 120 M M 0 20 120
19 45 23 34 -2 31 0 0.00 0.0 0 10.0 28 120 M M 4 33 120
20 50 20 35 -2 30 0 0.00 0.0 0 9.2 32 330 M M 4 38 330
21 44 19 32 -5 33 0 0.00 0.0 0 5.5 15 40 M M 3 21 310
22 49 17 33 -4 32 0 0.00 0.0 0 5.3 15 120 M M 0 17 110
23 53 20 37 -1 28 0 0.00 0.0 0 5.3 16 340 M M 0 22 330
24 52 20 36 -2 29 0 0.00 0.0 0 9.0 24 50 M M 2 30 50
25 46 22 34 -4 31 0 0.00 0.0 0 6.0 26 50 M M 3 36 40
26 50 16 33 -6 32 0 0.00 0.0 0 5.6 21 260 M M 2 29 250
27 41 19 30 -9 35 0 T T T 11.0 26 310 M M 6 32 310
28 40 13 27 -13 38 0 0.00 0.0 0 3.9 16 50 M M 0 21 60
================================================================================
SM 1289 650 844 0 0.32 0.8 164.4 M 114
================================================================================
AV 46.0 23.2 5.9 FASTST M M 4 MAX(MPH)
MISC ----> 32 330 39 210
================================================================================
NOTES:
# LAST OF SEVERAL OCCURRENCES
COLUMN 17 PEAK WIND IN M.P.H.
PRELIMINARY LOCAL CLIMATOLOGICAL DATA (WS FORM: F-6) , PAGE 2
STATION: GRAND JUNCTION CO
MONTH: FEBRUARY
YEAR: 2021
LATITUDE: 39 7 N
LONGITUDE: 108 32 W
[TEMPERATURE DATA] [PRECIPITATION DATA] SYMBOLS USED IN COLUMN 16
AVERAGE MONTHLY: 34.6 TOTAL FOR MONTH: 0.32 1 = FOG OR MIST
DPTR FM NORMAL: 0.1 DPTR FM NORMAL: -0.22 2 = FOG REDUCING VISIBILITY
HIGHEST: 58 ON 8 GRTST 24HR 0.18 ON 13-14 TO 1/4 MILE OR LESS
LOWEST: 13 ON 28 3 = THUNDER
SNOW, ICE PELLETS, HAIL 4 = ICE PELLETS
TOTAL MONTH: 0.8 INCH 5 = HAIL
GRTST 24HR 0.5 ON 15-15 6 = FREEZING RAIN OR DRIZZLE
GRTST DEPTH: 1 ON 16 7 = DUSTSTORM OR SANDSTORM:
VSBY 1/2 MILE OR LESS
8 = SMOKE OR HAZE
[NO. OF DAYS WITH] [WEATHER - DAYS WITH] 9 = BLOWING SNOW
X = TORNADO
MAX 32 OR BELOW: 0 0.01 INCH OR MORE: 6
MAX 90 OR ABOVE: 0 0.10 INCH OR MORE: 1
MIN 32 OR BELOW: 23 0.50 INCH OR MORE: 0
MIN 0 OR BELOW: 0 1.00 INCH OR MORE: 0
[HDD (BASE 65) ]
TOTAL THIS MO. 844 CLEAR (SCALE 0-3) 14
DPTR FM NORMAL -9 PTCLDY (SCALE 4-7) 8
TOTAL FM JUL 1 4265 CLOUDY (SCALE 8-10) 6
DPTR FM NORMAL -114
[CDD (BASE 65) ]
TOTAL THIS MO. 0
DPTR FM NORMAL 0 [PRESSURE DATA]
TOTAL FM JAN 1 0 HIGHEST SLP 30.55 ON 22
DPTR FM NORMAL 0 LOWEST SLP 29.38 ON 13
[REMARKS]
#FINAL-02-21#