024
CXUS54 KFWD 010730
CF6GKY
PRELIMINARY LOCAL CLIMATOLOGICAL DATA (WS FORM: F-6)
STATION: ARLINGTON
MONTH: JULY
YEAR: 2020
LATITUDE: 32 39 N
LONGITUDE: 97 6 W
TEMPERATURE IN F: :PCPN: SNOW: WIND :SUNSHINE: SKY :PK WND
================================================================================
1 2 3 4 5 6A 6B 7 8 9 10 11 12 13 14 15 16 17 18
12Z AVG MX 2MIN
DY MAX MIN AVG DEP HDD CDD WTR SNW DPTH SPD SPD DIR MIN PSBL S-S WX SPD DR
================================================================================
1 96 81 89 6 0 24 0.00 0.0 0 11.3 20 140 M M 3 29 210
2 97 78 88 5 0 23 0.59 0.0 0 6.9 17 290 M M 3 13 25 300
3 100 75 88 5 0 23 0.00 0.0 0 5.1 17 110 M M 0 24 100
4 98 75 87 4 0 22 0.00 0.0 0 5.7 16 100 M M 0 22 100
5 97 80 89 6 0 24 T 0.0 0 4.9 17 30 M M 2 3 22 20
6 91 75 83 0 0 18 0.59 0.0 0 5.3 17 140 M M 4 13 24 140
7 92 75 84 0 0 19 0.00 0.0 0 6.9 16 140 M M 2 3 20 140
8 95 77 86 2 0 21 0.00 0.0 0 9.1 18 140 M M 3 25 140
9 97 80 89 5 0 24 0.00 0.0 0 11.6 21 160 M M 1 30 160
10 97 80 89 5 0 24 0.00 0.0 0 8.8 17 140 M M 0 24 150
11 100 81 91 7 0 26 0.00 0.0 0 8.1 16 140 M M 0 23 130
12 102 78 90 6 0 25 0.00 0.0 0 8.3 39 30 M M 0 58 30
13 103 83 93 9 0 28 0.00 0.0 0 11.3 20 140 M M 0 28 150
14 102 80 91 7 0 26 0.00 0.0 0 13.4 21 150 M M 0 30 140
15 97 82 90 6 0 25 0.00 0.0 0 11.7 22 180 M M 1 30 160
16 98 79 89 5 0 24 T 0.0 0 M M M M M 0 M M
17 99 79 89 5 0 24 0.00 0.0 0 9.9 20 110 M M 0 26 120
18 95 79 87 3 0 22 0.00 0.0 0 11.2 20 150 M M 1 27 150
19 97 79 88 4 0 23 0.00 0.0 0 8.4 15 130 M M 1 21 140
20 98 78 88 4 0 23 0.00 0.0 0 8.5 20 110 M M 0 25 100
21 94 77 86 2 0 21 0.00 0.0 0 8.7 16 120 M M 2 23 130
22 96 79 88 3 0 23 0.00 0.0 0 7.4 16 100 M M 3 22 110
23 98 79 89 4 0 24 0.00 0.0 0 8.4 16 120 M M 1 20 120
24 98 80 89 4 0 24 0.00 0.0 0 8.3 18 100 M M 2 25 30
25 94 80 87 2 0 22 0.00 0.0 0 8.8 18 140 M M 5 25 140
26 94 79 87 2 0 22 T 0.0 0 7.1 16 160 M M 6 22 160
27 95 77 86 1 0 21 0.00 0.0 0 6.2 13 110 M M 5 17 160
28 86 78 82 -3 0 17 T 0.0 0 5.3 13 340 M M 4 13 14 350
29 99 79 89 4 0 24 0.00 0.0 0 9.3 18 150 M M 2 28 150
30 100 79 90 5 0 25 0.00 0.0 0 11.8 24 360 M M 0 33 360
31 94 74 84 -1 0 19 0.00 0.0 0 9.1 16 340 M M 2 27 350
================================================================================
SM 2999 2435 0 710 1.18 0.0 256.8 M 53
================================================================================
AV 96.7 78.6 8.6 FASTST M M 2 MAX(MPH)
MISC ----> # 39 30 # 58 30
================================================================================
NOTES:
# LAST OF SEVERAL OCCURRENCES
COLUMN 17 PEAK WIND IN M.P.H.
PRELIMINARY LOCAL CLIMATOLOGICAL DATA (WS FORM: F-6) , PAGE 2
STATION: ARLINGTON
MONTH: JULY
YEAR: 2020
LATITUDE: 32 39 N
LONGITUDE: 97 6 W
[TEMPERATURE DATA] [PRECIPITATION DATA] SYMBOLS USED IN COLUMN 16
AVERAGE MONTHLY: 87.7 TOTAL FOR MONTH: 1.18 1 = FOG OR MIST
DPTR FM NORMAL: 3.5 DPTR FM NORMAL: -1.17 2 = FOG REDUCING VISIBILITY
HIGHEST: 103 ON 13 GRTST 24HR 0.59 ON 6- 6 TO 1/4 MILE OR LESS
LOWEST: 74 ON 31 3 = THUNDER
SNOW, ICE PELLETS, HAIL 4 = ICE PELLETS
TOTAL MONTH: 0.0 INCH 5 = HAIL
GRTST 24HR 0.0 6 = FREEZING RAIN OR DRIZZLE
GRTST DEPTH: 0 7 = DUSTSTORM OR SANDSTORM:
VSBY 1/2 MILE OR LESS
8 = SMOKE OR HAZE
[NO. OF DAYS WITH] [WEATHER - DAYS WITH] 9 = BLOWING SNOW
X = TORNADO
MAX 32 OR BELOW: 0 0.01 INCH OR MORE: 2
MAX 90 OR ABOVE: 30 0.10 INCH OR MORE: 2
MIN 32 OR BELOW: 0 0.50 INCH OR MORE: 2
MIN 0 OR BELOW: 0 1.00 INCH OR MORE: 0
[HDD (BASE 65) ]
TOTAL THIS MO. 0 CLEAR (SCALE 0-3) 25
DPTR FM NORMAL 0 PTCLDY (SCALE 4-7) 6
TOTAL FM JUL 1 0 CLOUDY (SCALE 8-10) 0
DPTR FM NORMAL 0
[CDD (BASE 65) ]
TOTAL THIS MO. 710
DPTR FM NORMAL 118 [PRESSURE DATA]
TOTAL FM JAN 1 1822 HIGHEST SLP M ON M
DPTR FM NORMAL 348 LOWEST SLP 29.74 ON M
[REMARKS]
#FINAL-07-20#