000
CXUS54 KJAN 020146
CF6GLH
PRELIMINARY LOCAL CLIMATOLOGICAL DATA (WS FORM: F-6)
STATION: GREENVILLE
MONTH: MAY
YEAR: 2022
LATITUDE: 33 29 N
LONGITUDE: 90 59 W
TEMPERATURE IN F: :PCPN: SNOW: WIND :SUNSHINE: SKY :PK WND
================================================================================
1 2 3 4 5 6A 6B 7 8 9 10 11 12 13 14 15 16 17 18
12Z AVG MX 2MIN
DY MAX MIN AVG DEP HDD CDD WTR SNW DPTH SPD SPD DIR MIN PSBL S-S WX SPD DR
================================================================================
1 87 66 77 9 0 12 0.00 0.0 0 6.7 15 20 M M 1 8 20 30
2 86 66 76 7 0 11 0.00 0.0 0 11.1 22 200 M M 1 31 200
3 86 70 78 9 0 13 0.02 0.0 0 10.2 25 190 M M 5 34 180
4 90 68 79 10 0 14 0.00 0.0 0 6.8 16 210 M M 2 8 21 220
5 85 66 76 6 0 11 1.17 0.0 0 11.0 30 330 M M 3 13 44 330
6 79 63 71 1 0 6 0.00 0.0 0 10.8 21 260 M M 4 30 280
7 81 59 70 0 0 5 0.00 0.0 0 7.3 15 30 M M 0 19 30
8 87 59 73 3 0 8 0.00 0.0 0 9.6 15 130 M M 0 22 160
9 91 74 83 12 0 18 0.00 0.0 0 11.6 20 200 M M 3 28 170
10 92 74 83 12 0 18 0.00 0.0 0 9.7 17 130 M M 3 22 190
11 95 69 82 11 0 17 0.00 0.0 0 4.5 10 190 M M 1 14 170
12 96 71 84 12 0 19 0.00 0.0 0 4.8 12 300 M M 1 18 18 260
13 90 69 80 8 0 15 0.52 0.0 0 7.2 40 50 M M 2 3 55 40
14 89 68 79 7 0 14 0.26 0.0 0 6.0 20 30 M M 3 3 26 30
15 91 68 80 8 0 15 0.12 0.0 0 6.1 39 330 M M 2 138 51 330
16 87 66 77 4 0 12 0.01 0.0 0 6.6 14 40 M M 2 18 40
17 88 60 74 1 0 9 0.00 0.0 0 4.4 21 130 M M 0 27 130
18 90 71 81 8 0 16 0.00 0.0 0 10.7 24 200 M M 0 30 200
19 92 73 83 10 0 18 0.00 0.0 0 15.3 26 200 M M 1 36 180
20 92 74 83 9 0 18 0.00 0.0 0 15.7 25 200 M M 2 38 190
21 93 74 84 10 0 19 0.00 0.0 0 13.7 26 360 M M 3 3 40 10
22 77 67 72 -2 0 7 1.12 0.0 0 11.4 22 350 M M 8 13 34 360
23 74 64 69 -5 0 4 0.00 0.0 0 9.2 14 30 M M 10 20 40
24 84 67 76 1 0 11 0.66 0.0 0 7.8 32 170 M M 6 138 43 170
25 81 69 75 0 0 10 0.49 0.0 0 13.1 23 160 M M 5 13 36 160
26 83 61 72 -3 0 7 0.00 0.0 0 10.6 23 250 M M 5 32 270
27 81 58 70 -6 0 5 0.00 0.0 0 6.6 15 270 M M 1 20 260
28 87 58 73 -3 0 8 0.00 0.0 0 3.6 9 300 M M 0 18 13 170
29 89 62 76 0 0 11 0.00 0.0 0 8.1 16 140 M M 0 24 150
30 92 67 80 4 0 15 0.00 0.0 0 10.6 21 190 M M 1 29 190
31 93 71 82 6 0 17 0.00 0.0 0 8.2 16 160 M M 2 22 160
================================================================================
SM 2708 2072 0 383 4.37 0.0 279.0 M 77
================================================================================
AV 87.4 66.8 9.0 FASTST M M 2 MAX(MPH)
MISC ----> 40 50 55 40
================================================================================
NOTES:
# LAST OF SEVERAL OCCURRENCES
COLUMN 17 PEAK WIND IN M.P.H.
PRELIMINARY LOCAL CLIMATOLOGICAL DATA (WS FORM: F-6) , PAGE 2
STATION: GREENVILLE
MONTH: MAY
YEAR: 2022
LATITUDE: 33 29 N
LONGITUDE: 90 59 W
[TEMPERATURE DATA] [PRECIPITATION DATA] SYMBOLS USED IN COLUMN 16
AVERAGE MONTHLY: 77.1 TOTAL FOR MONTH: 4.37 1 = FOG OR MIST
DPTR FM NORMAL: 4.6 DPTR FM NORMAL: 0.58 2 = FOG REDUCING VISIBILITY
HIGHEST: 96 ON 12 GRTST 24HR 1.17 ON 5- 5 TO 1/4 MILE OR LESS
LOWEST: 58 ON 28,27 3 = THUNDER
SNOW, ICE PELLETS, HAIL 4 = ICE PELLETS
TOTAL MONTH: 0.0 INCH 5 = HAIL
GRTST 24HR 0.0 6 = FREEZING RAIN OR DRIZZLE
GRTST DEPTH: 0 7 = DUSTSTORM OR SANDSTORM:
VSBY 1/2 MILE OR LESS
8 = SMOKE OR HAZE
[NO. OF DAYS WITH] [WEATHER - DAYS WITH] 9 = BLOWING SNOW
X = TORNADO
MAX 32 OR BELOW: 0 0.01 INCH OR MORE: 9
MAX 90 OR ABOVE: 13 0.10 INCH OR MORE: 7
MIN 32 OR BELOW: 0 0.50 INCH OR MORE: 4
MIN 0 OR BELOW: 0 1.00 INCH OR MORE: 2
[HDD (BASE 65) ]
TOTAL THIS MO. 0 CLEAR (SCALE 0-3) 24
DPTR FM NORMAL -15 PTCLDY (SCALE 4-7) 5
TOTAL FM JUL 1 2161 CLOUDY (SCALE 8-10) 2
DPTR FM NORMAL -455
[CDD (BASE 65) ]
TOTAL THIS MO. 383
DPTR FM NORMAL 134 [PRESSURE DATA]
TOTAL FM JAN 1 505 HIGHEST SLP 30.22 ON 11
DPTR FM NORMAL 153 LOWEST SLP 29.70 ON 19
[REMARKS]
#FINAL-05-22#