000
CXUS53 KAPX 010830
CF6GLR
PRELIMINARY LOCAL CLIMATOLOGICAL DATA (WS FORM: F-6)
STATION: GAYLORD
MONTH: NOVEMBER
YEAR: 2021
LATITUDE: 45 0 N
LONGITUDE: 84 42 W
TEMPERATURE IN F: :PCPN: SNOW: WIND :SUNSHINE: SKY :PK WND
================================================================================
1 2 3 4 5 6A 6B 7 8 9 10 11 12 13 14 15 16 17 18
12Z AVG MX 2MIN
DY MAX MIN AVG DEP HDD CDD WTR SNW DPTH SPD SPD DIR MIN PSBL S-S WX SPD DR
================================================================================
1 43 34 39 0 26 0 0.29 M M 10.6 24 250 M M 8 18 32 260
2 35 23 29 -10 36 0 0.45 M M 6.6 14 240 M M 9 128 23 240
3 36 21 29 -10 36 0 0.08 M M 2.3 7 260 M M 8 128 M M
4 38 27 33 -5 32 0 0.00 M M 2.4 8 220 M M 9 18 11 220
5 47 29 38 0 27 0 0.00 M M 7.5 13 210 M M 5 M M
6 57 38 48 10 17 0 0.00 M M 12.7 20 200 M M 2 27 200
7 64 37 51 14 14 0 0.00 M M 6.7 15 240 M M 0 18 21 230
8 62 43 53 16 12 0 0.00 M M 7.6 17 250 M M 0 18 22 250
9 53 29 41 5 24 0 0.00 M M 1.7 7 260 M M 0 12 310
10 53 24 39 3 26 0 0.00 M M 2.1 10 120 M M 1 128 16 110
11 57 41 49 13 16 0 0.08 M M 13.8 25 220 M M 7 1 43 130
12 43 34 39 4 26 0 0.16 M M 9.6 18 190 M M 7 1 29 200
13 40 33 37 2 28 0 0.18 M M 6.6 14 290 M M 10 18 23 290
14 36 31 34 -1 31 0 0.10 M M 5.4 15 230 M M 9 128 20 250
15 39 30 35 1 30 0 0.10 M M 5.5 15 270 M M 9 128 24 290
16 38 28 33 -1 32 0 0.00 M M 5.7 20 150 M M 7 29 160
17 47 36 42 8 23 0 T M M 10.2 21 150 M M 8 128 28 160
18 41 29 35 2 30 0 0.07 M M 14.2 25 250 M M 10 1 37 250
19 36 30 33 0 32 0 0.06 M M 7.0 14 250 M M 7 8 23 290
20 38 32 35 3 30 0 T M M 10.4 20 190 M M 8 8 26 190
21 40 25 33 1 32 0 0.12 M M 9.4 25 240 M M 6 18 39 300
22 28 25 27 -5 38 0 T M M 12.3 21 260 M M 10 8 34 290
23 34 24 29 -2 36 0 T M M 8.1 18 190 M M 6 28 210
24 45 32 39 8 26 0 0.00 M M 12.4 21 200 M M 1 30 190
25 41 26 34 3 31 0 0.25 M M 6.9 16 320 M M 9 128 28 320
26 26 15 21 -9 44 0 T M M 6.0 14 330 M M 10 27 310
27 28 18 23 -7 42 0 0.06 M M 3.5 10 150 M M 10 18 16 130
28 35 24 30 0 35 0 0.12 M M 4.1 12 320 M M 10 128 22 310
29 33 28 31 2 34 0 0.05 M M 5.7 13 210 M M 9 18 17 210
30 36 29 33 4 32 0 0.04 M M 7.7 17 270 M M 9 18 29 300
================================================================================
SM 1249 875 878 0 2.21 M 224.7 M 204
================================================================================
AV 41.6 29.2 7.5 FASTST M M 7 MAX(MPH)
MISC ----> # 25 220 43 130
================================================================================
NOTES:
# LAST OF SEVERAL OCCURRENCES
COLUMN 17 PEAK WIND IN M.P.H.
PRELIMINARY LOCAL CLIMATOLOGICAL DATA (WS FORM: F-6) , PAGE 2
STATION: GAYLORD
MONTH: NOVEMBER
YEAR: 2021
LATITUDE: 45 0 N
LONGITUDE: 84 42 W
[TEMPERATURE DATA] [PRECIPITATION DATA] SYMBOLS USED IN COLUMN 16
AVERAGE MONTHLY: 35.4 TOTAL FOR MONTH: 2.21 1 = FOG OR MIST
DPTR FM NORMAL: 1.3 DPTR FM NORMAL: -0.07 2 = FOG REDUCING VISIBILITY
HIGHEST: 64 ON 7 GRTST 24HR 0.59 ON 1- 2 TO 1/4 MILE OR LESS
LOWEST: 15 ON 26 3 = THUNDER
SNOW, ICE PELLETS, HAIL 4 = ICE PELLETS
TOTAL MONTH: M 5 = HAIL
GRTST 24HR M ON M 6 = FREEZING RAIN OR DRIZZLE
GRTST DEPTH: M ON M 7 = DUSTSTORM OR SANDSTORM:
VSBY 1/2 MILE OR LESS
8 = SMOKE OR HAZE
[NO. OF DAYS WITH] [WEATHER - DAYS WITH] 9 = BLOWING SNOW
X = TORNADO
MAX 32 OR BELOW: 3 0.01 INCH OR MORE: 16
MAX 90 OR ABOVE: 0 0.10 INCH OR MORE: 9
MIN 32 OR BELOW: 22 0.50 INCH OR MORE: 0
MIN 0 OR BELOW: 0 1.00 INCH OR MORE: 0
[HDD (BASE 65) ]
TOTAL THIS MO. 878 CLEAR (SCALE 0-3) 6
DPTR FM NORMAL -49 PTCLDY (SCALE 4-7) 10
TOTAL FM JUL 1 1359 CLOUDY (SCALE 8-10) 14
DPTR FM NORMAL -549
[CDD (BASE 65) ]
TOTAL THIS MO. 0
DPTR FM NORMAL 0 [PRESSURE DATA]
TOTAL FM JAN 1 596 HIGHEST SLP 30.42 ON 19
DPTR FM NORMAL 321 LOWEST SLP 29.49 ON 11
[REMARKS]
#FINAL-11-21#