000
CXUS54 KHGX 011510
CF6GLS
PRELIMINARY LOCAL CLIMATOLOGICAL DATA (WS FORM: F-6)
STATION: GALVESTON
MONTH: DECEMBER
YEAR: 2022
LATITUDE: 29 16 N
LONGITUDE: 94 52 W
TEMPERATURE IN F: :PCPN: SNOW: WIND :SUNSHINE: SKY :PK WND
================================================================================
1 2 3 4 5 6A 6B 7 8 9 10 11 12 13 14 15 16 17 18
12Z AVG MX 2MIN
DY MAX MIN AVG DEP HDD CDD WTR SNW DPTH SPD SPD DIR MIN PSBL S-S WX SPD DR
================================================================================
1 63 50 57 -4 8 0 0.00 0.0 0 14.0 21 50 M M 5 27 50
2 76 63 70 9 0 5 T 0.0 0 11.5 17 130 M M 10 12 24 130
3 81 67 74 13 0 9 0.00 0.0 0 4.7 13 170 M M 7 12 16 170
4 69 64 67 6 0 2 0.00 0.0 0 7.4 13 360 M M 8 128 16 350
5 79 65 72 12 0 7 0.00 0.0 0 9.2 16 200 M M 7 12 22 190
6 78 68 73 13 0 8 0.00 0.0 0 11.3 17 180 M M 4 1 24 170
7 80 69 75 15 0 10 0.00 0.0 0 8.3 14 150 M M 7 128 18 140
8 78 69 74 14 0 9 0.00 0.0 0 8.3 13 150 M M 6 128 16 140
9 79 68 74 14 0 9 0.00 0.0 0 6.9 14 150 M M 5 128 17 150
10 79 67 73 13 0 8 0.00 0.0 0 8.3 14 140 M M 4 12 19 150
11 77 67 72 13 0 7 0.30 0.0 0 6.8 18 10 M M 8 123 24 10
12 74 66 70 11 0 5 0.00 0.0 0 12.6 18 110 M M 8 18 28 80
13 78 71 75 16 0 10 0.00 0.0 0 13.3 18 150 M M 7 18 25 170
14 74 59 67 8 0 2 0.32 0.0 0 14.9 36 350 M M 5 13 50 350
15 63 51 57 -2 8 0 0.00 0.0 0 7.7 20 350 M M 0 26 360
16 72 49 61 3 4 0 0.26 0.0 0 13.5 31 340 M M 5 1 40 360
17 56 49 53 -5 12 0 0.12 0.0 0 15.0 25 10 M M 7 1 36 20
18 60 46 53 -5 12 0 0.00 0.0 0 14.7 24 40 M M 3 35 50
19 62 48 55 -3 10 0 0.70 0.0 0 17.4 31 30 M M 10 138 41 30
20 59 49 54 -4 11 0 T 0.0 0 18.2 25 350 M M 8 1 33 350
21 54 47 51 -7 14 0 0.00 0.0 0 6.4 21 360 M M 4 28 10
22 67 28 48 -9 17 0 0.00 0.0 0 15.1 40 340 M M 7 18 54 350
23 34 21 28 -29 37 0 0.00 0.0 0 26.8 38 340 M M 0 52 350
24 40 27 34 -23 31 0 0.00 0.0 0 13.1 26 350 M M 0 42 350
25 47 35 41 -16 24 0 0.00 0.0 0 6.7 15 10 M M 0 20 360
26 58 38 48 -9 17 0 0.00 0.0 0 6.9 17 350 M M 0 20 360
27 53 41 47 -10 18 0 0.00 0.0 0 8.1 21 360 M M 0 27 360
28 73 49 61 4 4 0 0.00 0.0 0 10.6 20 140 M M 2 1 25 140
29 75 62 69 13 0 4 0.93 0.0 0 10.9 31 150 M M 8 138 43 110
30 71 59 65 9 0 0 0.38 0.0 0 6.7 26 210 M M 6 1238 35 210
31 63 55 59 3 6 0 0.00 0.0 0 6.2 15 160 M M 6 128 19 150
================================================================================
SM 2072 1667 233 95 3.01 0.0 341.5 M 157
================================================================================
AV 66.8 53.8 11.0 FASTST M M 5 MAX(MPH)
MISC ----> 40 340 54 350
================================================================================
NOTES:
# LAST OF SEVERAL OCCURRENCES
COLUMN 17 PEAK WIND IN M.P.H.
PRELIMINARY LOCAL CLIMATOLOGICAL DATA (WS FORM: F-6) , PAGE 2
STATION: GALVESTON
MONTH: DECEMBER
YEAR: 2022
LATITUDE: 29 16 N
LONGITUDE: 94 52 W
[TEMPERATURE DATA] [PRECIPITATION DATA] SYMBOLS USED IN COLUMN 16
AVERAGE MONTHLY: 60.3 TOTAL FOR MONTH: 3.01 1 = FOG OR MIST
DPTR FM NORMAL: 1.8 DPTR FM NORMAL: -1.22 2 = FOG REDUCING VISIBILITY
HIGHEST: 81 ON 3 GRTST 24HR 1.31 ON 29-30 TO 1/4 MILE OR LESS
LOWEST: 21 ON 23 3 = THUNDER
SNOW, ICE PELLETS, HAIL 4 = ICE PELLETS
TOTAL MONTH: 0.0 INCH 5 = HAIL
GRTST 24HR 0.0 6 = FREEZING RAIN OR DRIZZLE
GRTST DEPTH: 0 7 = DUSTSTORM OR SANDSTORM:
VSBY 1/2 MILE OR LESS
8 = SMOKE OR HAZE
[NO. OF DAYS WITH] [WEATHER - DAYS WITH] 9 = BLOWING SNOW
X = TORNADO
MAX 32 OR BELOW: 0 0.01 INCH OR MORE: 7
MAX 90 OR ABOVE: 0 0.10 INCH OR MORE: 7
MIN 32 OR BELOW: 3 0.50 INCH OR MORE: 2
MIN 0 OR BELOW: 0 1.00 INCH OR MORE: 0
[HDD (BASE 65) ]
TOTAL THIS MO. 233 CLEAR (SCALE 0-3) 7
DPTR FM NORMAL 3 PTCLDY (SCALE 4-7) 20
TOTAL FM JUL 1 392 CLOUDY (SCALE 8-10) 4
DPTR FM NORMAL 66
[CDD (BASE 65) ]
TOTAL THIS MO. 95
DPTR FM NORMAL 64 [PRESSURE DATA]
TOTAL FM JAN 1 4195 HIGHEST SLP 30.68 ON 23
DPTR FM NORMAL 624 LOWEST SLP 29.65 ON 14
[REMARKS]
#FINAL-12-22#