000
CXUS54 KLIX 010910
CF6GPT
PRELIMINARY LOCAL CLIMATOLOGICAL DATA (WS FORM: F-6)
STATION: GULFPORT
MONTH: JANUARY
YEAR: 2024
LATITUDE: 30 23 N
LONGITUDE: 89 4 W
TEMPERATURE IN F: :PCPN: SNOW: WIND :SUNSHINE: SKY :PK WND
================================================================================
1 2 3 4 5 6A 6B 7 8 9 10 11 12 13 14 15 16 17 18
12Z AVG MX 2MIN
DY MAX MIN AVG DEP HDD CDD WTR SNW DPTH SPD SPD DIR MIN PSBL S-S WX SPD DR
================================================================================
1 69 41 55 3 10 0 0.00 0.0 M 5.0 13 360 M M 3 18 17 360
2 55 34 45 -7 20 0 0.00 0.0 M 4.6 13 60 M M 0 17 10
3 59 41 50 -2 15 0 0.28 M M 8.6 21 100 M M 7 1 26 110
4 60 34 47 -5 18 0 0.00 0.0 M 5.2 13 30 M M 0 17 30
5 65 37 51 -1 14 0 1.43 M M 12.6 30 130 M M 5 1 43 130
6 62 42 52 0 13 0 0.00 0.0 M 8.6 21 300 M M 3 1 29 300
7 59 37 48 -4 17 0 0.00 0.0 M 4.6 17 360 M M 0 24 310
8 67 50 59 7 6 0 1.27 0.0 M 18.5 41 140 M M 8 13 62 120
9 69 43 56 4 9 0 0.82 0.0 M 11.5 36 330 M M 5 13 58 300
10 55 36 46 -6 19 0 0.00 0.0 M 4.1 12 180 M M 0 19 180
11 65 47 56 5 9 0 0.00 0.0 M 9.1 22 130 M M 5 28 130
12 78 45 62 11 3 0 T 0.0 M 13.4 22 300 M M 5 1 36 260
13 54 32 43 -8 22 0 0.00 0.0 M 4.2 18 330 M M 0 28 340
14 62 33 48 -4 17 0 0.00 0.0 M 2.4 9 150 M M 0 1 15 160
15 65 40 53 1 12 0 0.05 M M 7.1 22 350 M M 7 1 30 340
16 40 25 33 -19 32 0 0.27 M M 14.5 24 10 M M 5 1 40 350
17 44 20 32 -20 33 0 0.00 0.0 M 4.2 12 350 M M 0 17 350
18 64 29 47 -5 18 0 0.17 0.0 M 6.1 16 280 M M 8 1 28 280
19 65 39 52 0 13 0 0.01 0.0 M 13.4 25 360 M M 2 1 37 360
20 46 30 38 -14 27 0 0.00 0.0 M 10.8 20 360 M M 0 27 10
21 45 27 36 -16 29 0 0.00 0.0 M 6.9 14 40 M M 1 20 40
22 62 39 51 -1 14 0 T M M 12.4 28 100 M M 6 18 39 90
23 68 61 65 13 0 0 T 0.0 M 16.2 28 110 M M 10 18 38 110
24 68 63 66 14 0 1 1.02 0.0 M 14.2 25 110 M M 10 123 32 120
25 68 61 65 13 0 0 0.63 0.0 M 7.1 28 130 M M 10 123 32 130
26 67 61 64 12 1 0 T 0.0 M 4.0 24 130 M M 6 30 130
27 73 52 63 11 2 0 1.12 0.0 M 7.7 18 310 M M 5 13 28 310
28 61 41 51 -1 14 0 0.00 0.0 M 9.8 18 340 M M 3 28 330
29 64 37 51 -2 14 0 0.00 0.0 M 5.0 15 310 M M 0 20 320
30 64 36 50 -3 15 0 0.00 0.0 M 4.3 13 190 M M 0 17 200
31 72 45 59 6 6 0 0.00 0.0 M 6.5 17 330 M M 0 26 330
================================================================================
SM 1915 1258 422 1 7.07 0.0 262.6 M 114
================================================================================
AV 61.8 40.6 8.5 FASTST M M 4 MAX(MPH)
MISC ----> 41 140 62 120
================================================================================
NOTES:
# LAST OF SEVERAL OCCURRENCES
COLUMN 17 PEAK WIND IN M.P.H.
PRELIMINARY LOCAL CLIMATOLOGICAL DATA (WS FORM: F-6) , PAGE 2
STATION: GULFPORT
MONTH: JANUARY
YEAR: 2024
LATITUDE: 30 23 N
LONGITUDE: 89 4 W
[TEMPERATURE DATA] [PRECIPITATION DATA] SYMBOLS USED IN COLUMN 16
AVERAGE MONTHLY: 51.2 TOTAL FOR MONTH: 7.07 1 = FOG OR MIST
DPTR FM NORMAL: -0.6 DPTR FM NORMAL: 2.20 2 = FOG REDUCING VISIBILITY
HIGHEST: 78 ON 12 GRTST 24HR 1.98 ON 24-25 TO 1/4 MILE OR LESS
LOWEST: 20 ON 17 3 = THUNDER
SNOW, ICE PELLETS, HAIL 4 = ICE PELLETS
TOTAL MONTH: 0.0 INCH 5 = HAIL
GRTST 24HR 0.0 6 = FREEZING RAIN OR DRIZZLE
GRTST DEPTH: M ON M 7 = DUSTSTORM OR SANDSTORM:
VSBY 1/2 MILE OR LESS
8 = SMOKE OR HAZE
[NO. OF DAYS WITH] [WEATHER - DAYS WITH] 9 = BLOWING SNOW
X = TORNADO
MAX 32 OR BELOW: 0 0.01 INCH OR MORE: 11
MAX 90 OR ABOVE: 0 0.10 INCH OR MORE: 9
MIN 32 OR BELOW: 6 0.50 INCH OR MORE: 6
MIN 0 OR BELOW: 0 1.00 INCH OR MORE: 4
[HDD (BASE 65) ]
TOTAL THIS MO. 422 CLEAR (SCALE 0-3) 16
DPTR FM NORMAL 6 PTCLDY (SCALE 4-7) 11
TOTAL FM JUL 1 896 CLOUDY (SCALE 8-10) 4
DPTR FM NORMAL -117
[CDD (BASE 65) ]
TOTAL THIS MO. 1
DPTR FM NORMAL -7 [PRESSURE DATA]
TOTAL FM JAN 1 1 HIGHEST SLP 30.56 ON 21
DPTR FM NORMAL -7 LOWEST SLP 29.46 ON 9
[REMARKS]
#FINAL-01-24#