000
CXUS53 KGRB 090618
CF6GRB
PRELIMINARY LOCAL CLIMATOLOGICAL DATA (WS FORM: F-6)
STATION: GREEN BAY WI
MONTH: JANUARY
YEAR: 2023
LATITUDE: 44 28 N
LONGITUDE: 88 8 W
TEMPERATURE IN F: :PCPN: SNOW: WIND :SUNSHINE: SKY :PK WND
================================================================================
1 2 3 4 5 6A 6B 7 8 9 10 11 12 13 14 15 16 17 18
12Z AVG MX 2MIN
DY MAX MIN AVG DEP HDD CDD WTR SNW DPTH SPD SPD DIR MIN PSBL S-S WX SPD DR
================================================================================
1 40 29 35 15 30 0 T 0.0 0 4.7 14 250 M M 6 16 21 260
2 34 31 33 13 32 0 T T 0 2.7 9 320 M M 9 13 280
3 35 32 34 14 31 0 0.16 0.2 0 15.9 28 40 M M 10 16 37 40
4 38 33 36 16 29 0 0.08 0.0 0 7.2 21 40 M M 10 1 27 60
5 33 30 32 13 33 0 0.09 1.5 1 3.4 9 30 M M 10 1 11 20
6 30 21 26 7 39 0 T T 1 6.1 10 290 M M 9 12 310
7 26 17 22 3 43 0 0.00 0.0 1 4.0 9 250 M M 7 14 240
8 24 17 21 2 44 0 T T 1 7.7 13 210 M M 7 18 18 230
9 32 18 25 6 40 0 0.00 0.0 1 5.7 12 60 M M 1 18 15 260
10 38 28 33 14 32 0 T 0.0 0 7.8 14 120 M M 10 18 21 110
11 38 32 35 17 30 0 0.05 0.0 0 4.3 10 350 M M 10 18 15 160
12 40 30 35 17 30 0 0.01 T 0 9.2 21 10 M M 8 26 360
13 30 24 27 9 38 0 T T 0 10.7 22 10 M M 10 29 10
14 28 22 25 7 40 0 0.00 0.0 0 6.4 13 200 M M 7 18 210
15 41 25 33 15 32 0 0.00 0.0 0 11.9 20 170 M M 0 27 160
16 40 37 39 21 26 0 0.27 0.0 0 10.9 16 140 M M 9 1 23 150
17 40 35 38 20 27 0 0.06 0.0 0 7.9 14 280 M M 10 12 18 280
18 35 31 33 15 32 0 T T 0 8.7 21 50 M M 10 1 29 30
19 34 30 32 14 33 0 0.36 3.8 3 12.4 22 50 M M 10 1 31 40
20 31 17 24 6 41 0 0.03 0.3 3 9.0 16 310 M M 8 18 22 310
21 27 18 23 5 42 0 0.00 0.0 3 7.9 14 210 M M 10 20 230
22 21 18 20 2 45 0 0.00 0.0 3 5.8 13 360 M M 10 1 15 350
23 31 18 25 7 40 0 T T 3 10.8 23 270 M M 8 1 31 250
24 34 20 27 9 38 0 0.00 0.0 3 5.9 15 280 M M 7 20 280
25 32 21 27 9 38 0 0.10 1.3 4 6.3 13 20 M M 10 1 15 10
26 29 18 24 6 41 0 0.09 1.2 5 7.8 15 350 M M 10 18 19 340
27 31 12 22 4 43 0 0.03 0.5 6 13.5 24 280 M M 8 1 34 210
28 19 7 13 -5 52 0 T T 5 7.5 17 10 M M 5 8 21 10
29 19 7 13 -5 52 0 0.01 0.1 5 10.6 17 10 M M 4 8 24 360
30 7 -6 1 -17 64 0 0.00 0.0 5 11.9 22 280 M M 2 28 290
31 8 -10 -1 -19 66 0 0.00 0.0 5 7.4 14 210 M M 0 19 210
================================================================================
SM 945 662 1203 0 1.34 8.9 252.0 M 235
================================================================================
AV 30.5 21.4 8.1 FASTST M M 8 MAX(MPH)
MISC ----> 28 40 37 40
================================================================================
NOTES:
# LAST OF SEVERAL OCCURRENCES
COLUMN 17 PEAK WIND IN M.P.H.
PRELIMINARY LOCAL CLIMATOLOGICAL DATA (WS FORM: F-6) , PAGE 2
STATION: GREEN BAY WI
MONTH: JANUARY
YEAR: 2023
LATITUDE: 44 28 N
LONGITUDE: 88 8 W
[TEMPERATURE DATA] [PRECIPITATION DATA] SYMBOLS USED IN COLUMN 16
AVERAGE MONTHLY: 25.9 TOTAL FOR MONTH: 1.34 1 = FOG OR MIST
DPTR FM NORMAL: 7.6 DPTR FM NORMAL: -0.05 2 = FOG REDUCING VISIBILITY
HIGHEST: 41 ON 15 GRTST 24HR 0.36 ON 19-19 TO 1/4 MILE OR LESS
LOWEST: -10 ON 31 3 = THUNDER
SNOW, ICE PELLETS, HAIL 4 = ICE PELLETS
TOTAL MONTH: 8.9 INCHES 5 = HAIL
GRTST 24HR 3.8 ON 19-19 6 = FREEZING RAIN OR DRIZZLE
GRTST DEPTH: 6 ON 27 7 = DUSTSTORM OR SANDSTORM:
VSBY 1/2 MILE OR LESS
8 = SMOKE OR HAZE
[NO. OF DAYS WITH] [WEATHER - DAYS WITH] 9 = BLOWING SNOW
X = TORNADO
MAX 32 OR BELOW: 17 0.01 INCH OR MORE: 13
MAX 90 OR ABOVE: 0 0.10 INCH OR MORE: 4
MIN 32 OR BELOW: 28 0.50 INCH OR MORE: 0
MIN 0 OR BELOW: 2 1.00 INCH OR MORE: 0
[HDD (BASE 65) ]
TOTAL THIS MO. 1203 CLEAR (SCALE 0-3) 4
DPTR FM NORMAL -245 PTCLDY (SCALE 4-7) 9
TOTAL FM JUL 1 3799 CLOUDY (SCALE 8-10) 18
DPTR FM NORMAL -482
[CDD (BASE 65) ]
TOTAL THIS MO. 0
DPTR FM NORMAL 0 [PRESSURE DATA]
TOTAL FM JAN 1 0 HIGHEST SLP 30.46 ON 31
DPTR FM NORMAL 0 LOWEST SLP 29.35 ON 17
[REMARKS]
#FINAL-01-23#