000
CXUS53 KGRB 012058
CF6GRB
PRELIMINARY LOCAL CLIMATOLOGICAL DATA (WS FORM: F-6)
STATION: GREEN BAY WI
MONTH: JUNE
YEAR: 2021
LATITUDE: 44 28 N
LONGITUDE: 88 8 W
TEMPERATURE IN F: :PCPN: SNOW: WIND :SUNSHINE: SKY :PK WND
================================================================================
1 2 3 4 5 6A 6B 7 8 9 10 11 12 13 14 15 16 17 18
12Z AVG MX 2MIN
DY MAX MIN AVG DEP HDD CDD WTR SNW DPTH SPD SPD DIR MIN PSBL S-S WX SPD DR
================================================================================
1 77 48 63 1 2 0 0.05 0.0 0 5.3 17 140 M M 5 12 21 130
2 81 56 69 6 0 4 0.00 0.0 0 6.3 18 150 M M 5 26 150
3 85 59 72 9 0 7 0.08 0.0 0 8.7 33 320 M M 4 3 46 310
4 93 58 76 13 0 11 0.00 0.0 0 9.5 24 270 M M 1 1 39 250
5 95 71 83 19 0 18 0.00 0.0 0 11.4 20 220 M M 0 31 200
6 90 72 81 17 0 16 0.00 0.0 0 10.8 22 200 M M 0 34 200
7 91 70 81 17 0 16 0.00 0.0 0 8.8 16 170 M M 1 22 190
8 92 69 81 17 0 16 T 0.0 0 4.4 18 150 M M 2 18 23 210
9 89 68 79 14 0 14 0.00 0.0 0 8.2 16 50 M M 0 22 50
10 92 67 80 15 0 15 0.00 0.0 0 5.0 16 140 M M 1 21 130
11 82 65 74 9 0 9 0.08 0.0 0 7.2 15 50 M M 1 3 21 50
12 89 61 75 9 0 10 0.00 0.0 0 7.3 17 300 M M 3 22 300
13 88 59 74 8 0 9 0.01 0.0 0 9.1 35 20 M M 1 3 49 30
14 81 57 69 3 0 4 0.02 0.0 0 8.1 23 300 M M 2 32 300
15 78 52 65 -1 0 0 0.00 0.0 0 6.9 20 40 M M 1 24 40
16 79 47 63 -4 2 0 0.00 0.0 0 4.2 14 150 M M 0 16 150
17 89 55 72 5 0 7 0.18 0.0 0 10.2 26 180 M M 2 3 48 190
18 91 63 77 10 0 12 T 0.0 0 10.4 29 270 M M 1 3 39 290
19 76 58 67 -1 0 2 0.14 0.0 0 6.9 18 10 M M 3 13 25 60
20 75 54 65 -3 0 0 0.46 0.0 0 3.5 22 170 M M 5 8 32 190
21 66 48 57 -11 8 0 0.01 0.0 0 12.1 25 310 M M 6 36 320
22 71 47 59 -9 6 0 T 0.0 0 6.2 18 280 M M 5 24 300
23 77 49 63 -5 2 0 0.00 0.0 0 8.5 18 210 M M 4 28 190
24 76 63 70 1 0 5 1.24 0.0 0 12.1 31 180 M M 6 13 46 190
25 81 64 73 4 0 8 0.00 0.0 0 6.9 18 50 M M 4 12 22 50
26 69 66 68 -1 0 3 1.91 0.0 0 9.9 20 50 M M 10 1 23 50
27 73 60 67 -2 0 2 0.29 0.0 0 8.7 22 40 M M 7 1 29 60
28 80 59 70 1 0 5 0.00 0.0 0 4.2 12 160 M M 1 1 15 150
29 80 64 72 2 0 7 0.25 0.0 0 3.4 22 320 M M 5 13 30 330
30 86 62 74 4 0 9 T 0.0 0 4.9 36 40 M M 3 13 47 40
================================================================================
SM 2472 1791 20 209 4.72 0.0 229.1 M 89
================================================================================
AV 82.4 59.7 7.6 FASTST M M 3 MAX(MPH)
MISC ----> 36 40 49 30
================================================================================
NOTES:
# LAST OF SEVERAL OCCURRENCES
COLUMN 17 PEAK WIND IN M.P.H.
PRELIMINARY LOCAL CLIMATOLOGICAL DATA (WS FORM: F-6) , PAGE 2
STATION: GREEN BAY WI
MONTH: JUNE
YEAR: 2021
LATITUDE: 44 28 N
LONGITUDE: 88 8 W
[TEMPERATURE DATA] [PRECIPITATION DATA] SYMBOLS USED IN COLUMN 16
AVERAGE MONTHLY: 71.1 TOTAL FOR MONTH: 4.72 1 = FOG OR MIST
DPTR FM NORMAL: 4.7 DPTR FM NORMAL: 0.62 2 = FOG REDUCING VISIBILITY
HIGHEST: 95 ON 5 GRTST 24HR 2.18 ON 26-27 TO 1/4 MILE OR LESS
LOWEST: 47 ON 22,16 3 = THUNDER
SNOW, ICE PELLETS, HAIL 4 = ICE PELLETS
TOTAL MONTH: 0.0 INCH 5 = HAIL
GRTST 24HR 0.0 6 = FREEZING RAIN OR DRIZZLE
GRTST DEPTH: 0 7 = DUSTSTORM OR SANDSTORM:
VSBY 1/2 MILE OR LESS
8 = SMOKE OR HAZE
[NO. OF DAYS WITH] [WEATHER - DAYS WITH] 9 = BLOWING SNOW
X = TORNADO
MAX 32 OR BELOW: 0 0.01 INCH OR MORE: 13
MAX 90 OR ABOVE: 7 0.10 INCH OR MORE: 7
MIN 32 OR BELOW: 0 0.50 INCH OR MORE: 2
MIN 0 OR BELOW: 0 1.00 INCH OR MORE: 2
[HDD (BASE 65) ]
TOTAL THIS MO. 20 CLEAR (SCALE 0-3) 18
DPTR FM NORMAL -45 PTCLDY (SCALE 4-7) 11
TOTAL FM JUL 1 7057 CLOUDY (SCALE 8-10) 1
DPTR FM NORMAL -448
[CDD (BASE 65) ]
TOTAL THIS MO. 209
DPTR FM NORMAL 102 [PRESSURE DATA]
TOTAL FM JAN 1 254 HIGHEST SLP 30.21 ON 1
DPTR FM NORMAL 120 LOWEST SLP 29.38 ON 21
[REMARKS]
#FINAL-06-21#