000
CXUS53 KGID 012317
CF6GRI
PRELIMINARY LOCAL CLIMATOLOGICAL DATA (WS FORM: F-6)
STATION: GRAND ISLAND NE
MONTH: AUGUST
YEAR: 2023
LATITUDE: 40 58 N
LONGITUDE: 98 19 W
TEMPERATURE IN F: :PCPN: SNOW: WIND :SUNSHINE: SKY :PK WND
================================================================================
1 2 3 4 5 6A 6B 7 8 9 10 11 12 13 14 15 16 17 18
12Z AVG MX 2MIN
DY MAX MIN AVG DEP HDD CDD WTR SNW DPTH SPD SPD DIR MIN PSBL S-S WX SPD DR
================================================================================
1 76 69 73 -4 0 8 0.11 0.0 0 7.4 18 90 M M 10 13 25 80
2 88 71 80 3 0 15 0.27 0.0 0 7.5 33 250 M M 5 13 47 250
3 83 70 77 1 0 12 0.00 0.0 0 7.0 15 100 M M 5 1 19 100
4 83 68 76 0 0 11 T 0.0 0 6.2 24 240 M M 5 123 35 230
5 91 63 77 1 0 12 0.00 0.0 0 8.2 35 280 M M 0 49 280
6 77 63 70 -6 0 5 T 0.0 0 16.6 32 350 M M 7 18 44 320
7 80 59 70 -6 0 5 0.06 0.0 0 5.5 15 320 M M 3 138 20 310
8 83 59 71 -5 0 6 0.12 0.0 0 4.6 22 280 M M 2 138 28 270
9 85 63 74 -2 0 9 0.03 0.0 0 6.1 18 10 M M 3 3 26 10
10 90 64 77 1 0 12 0.00 0.0 0 8.2 18 180 M M 0 23 180
11 91 65 78 2 0 13 0.00 0.0 0 5.7 15 20 M M 0 22 130
12 88 63 76 0 0 11 0.01 0.0 0 7.1 15 140 M M 0 22 110
13 80 58 69 -6 0 4 0.02 0.0 0 10.4 24 330 M M 4 33 340
14 80 56 68 -7 0 3 0.00 0.0 0 13.3 25 340 M M 2 37 340
15 87 54 71 -4 0 6 0.00 0.0 0 6.3 14 250 M M 0 21 240
16 96 62 79 4 0 14 0.00 0.0 0 13.3 24 210 M M 0 34 210
17 83 62 73 -2 0 8 0.00 0.0 0 7.8 17 30 M M 0 27 330
18 92 60 76 2 0 11 0.00 0.0 0 13.9 25 180 M M 0 34 170
19 104 74 89 15 0 24 0.00 0.0 0 9.3 16 360 M M 0 22 190
20 93 73 83 9 0 18 0.00 0.0 0 8.7 15 20 M M 4 21 360
21 106 76 91 17 0 26 0.00 0.0 0 10.0 20 220 M M 1 18 26 180
22 105 73 89 15 0 24 0.00 0.0 0 11.7 21 180 M M 0 28 210
23 103 75 89 15 0 24 0.00 0.0 0 11.3 21 230 M M 0 28 210
24 105 76 91 18 0 26 0.00 0.0 0 11.5 20 240 M M 0 28 250
25 97 70 84 11 0 19 0.62 0.0 0 10.4 24 320 M M 4 13 36 320
26 80 62 71 -2 0 6 0.19 0.0 0 8.4 17 20 M M 3 1 24 10
27 82 56 69 -4 0 4 0.00 0.0 0 3.6 8 180 M M 1 1 12 130
28 85 61 73 1 0 8 0.01 0.0 0 7.9 17 260 M M 1 24 250
29 88 60 74 2 0 9 0.00 0.0 0 5.2 14 30 M M 0 18 40
30 88 59 74 2 0 9 0.00 0.0 0 8.1 17 150 M M 0 18 25 140
31 90 62 76 4 0 11 0.00 0.0 0 14.6 23 160 M M 0 33 160
================================================================================
SM 2759 2006 0 373 1.44 0.0 275.8 M 60
================================================================================
AV 89.0 64.7 8.9 FASTST M M 2 MAX(MPH)
MISC ----> 35 280 49 280
================================================================================
NOTES:
# LAST OF SEVERAL OCCURRENCES
COLUMN 17 PEAK WIND IN M.P.H.
PRELIMINARY LOCAL CLIMATOLOGICAL DATA (WS FORM: F-6) , PAGE 2
STATION: GRAND ISLAND NE
MONTH: AUGUST
YEAR: 2023
LATITUDE: 40 58 N
LONGITUDE: 98 19 W
[TEMPERATURE DATA] [PRECIPITATION DATA] SYMBOLS USED IN COLUMN 16
AVERAGE MONTHLY: 76.9 TOTAL FOR MONTH: 1.44 1 = FOG OR MIST
DPTR FM NORMAL: 2.3 DPTR FM NORMAL: -1.76 2 = FOG REDUCING VISIBILITY
HIGHEST: 106 ON 21 GRTST 24HR 0.81 ON 25-26 TO 1/4 MILE OR LESS
LOWEST: 54 ON 15 3 = THUNDER
SNOW, ICE PELLETS, HAIL 4 = ICE PELLETS
TOTAL MONTH: 0.0 INCH 5 = HAIL
GRTST 24HR 0.0 6 = FREEZING RAIN OR DRIZZLE
GRTST DEPTH: 0 7 = DUSTSTORM OR SANDSTORM:
VSBY 1/2 MILE OR LESS
8 = SMOKE OR HAZE
[NO. OF DAYS WITH] [WEATHER - DAYS WITH] 9 = BLOWING SNOW
X = TORNADO
MAX 32 OR BELOW: 0 0.01 INCH OR MORE: 10
MAX 90 OR ABOVE: 13 0.10 INCH OR MORE: 5
MIN 32 OR BELOW: 0 0.50 INCH OR MORE: 1
MIN 0 OR BELOW: 0 1.00 INCH OR MORE: 0
[HDD (BASE 65) ]
TOTAL THIS MO. 0 CLEAR (SCALE 0-3) 23
DPTR FM NORMAL -4 PTCLDY (SCALE 4-7) 7
TOTAL FM JUL 1 0 CLOUDY (SCALE 8-10) 1
DPTR FM NORMAL -2
[CDD (BASE 65) ]
TOTAL THIS MO. 373
DPTR FM NORMAL 69 [PRESSURE DATA]
TOTAL FM JAN 1 1108 HIGHEST SLP 30.23 ON 15
DPTR FM NORMAL 100 LOWEST SLP 29.67 ON 10
[REMARKS]
#FINAL-08-23#