000
CXUS53 KIWX 010910
CF6GSH
PRELIMINARY LOCAL CLIMATOLOGICAL DATA (WS FORM: F-6)
STATION: GOSHEN
MONTH: NOVEMBER
YEAR: 2023
LATITUDE: 41 31 N
LONGITUDE: 85 47 W
TEMPERATURE IN F: :PCPN: SNOW: WIND :SUNSHINE: SKY :PK WND
================================================================================
1 2 3 4 5 6A 6B 7 8 9 10 11 12 13 14 15 16 17 18
12Z AVG MX 2MIN
DY MAX MIN AVG DEP HDD CDD WTR SNW DPTH SPD SPD DIR MIN PSBL S-S WX SPD DR
================================================================================
1 44 26 35 -11 30 0 T M M 6.3 17 250 M M 5 126 23 260
2 53 34 44 -2 21 0 0.00 M M 12.7 22 230 M M 4 31 230
3 56 40 48 3 17 0 T M M 13.8 23 200 M M 3 35 180
4 61 36 49 4 16 0 T M M 4.3 16 320 M M 4 12 22 320
5 58 29 44 -1 21 0 T M M 3.5 10 230 M M 4 12 15 190
6 65 45 55 11 10 0 0.00 M M 14.2 28 210 M M 4 38 210
7 55 44 50 6 15 0 0.00 M M 8.5 16 350 M M 2 23 350
8 57 42 50 7 15 0 T M M 11.5 22 130 M M 7 35 130
9 55 42 49 6 16 0 T M M 11.9 22 300 M M 4 1 29 290
10 52 37 45 2 20 0 0.00 M M 11.0 22 260 M M 3 29 260
11 51 27 39 -3 26 0 T M M 2.6 9 120 M M 1 18 13 130
12 55 30 43 1 22 0 0.00 M M 8.4 20 140 M M 2 26 150
13 60 33 47 6 18 0 0.00 M M 8.6 24 310 M M 0 31 290
14 60 25 43 2 22 0 0.00 M M 5.1 14 170 M M 0 8 20 180
15 64 33 49 8 16 0 0.00 M M 8.6 16 230 M M 0 22 220
16 66 38 52 12 13 0 0.00 M M 10.7 23 200 M M 2 32 180
17 60 33 47 7 18 0 0.01 M M 11.4 22 340 M M 6 1 28 340
18 50 24 37 -3 28 0 0.00 M M 6.1 17 250 M M 0 1 23 260
19 56 28 42 3 23 0 0.00 M M 4.0 10 80 M M 0 15 80
20 48 37 43 4 22 0 T M M 15.0 26 100 M M 4 34 100
21 49 39 44 6 21 0 0.27 M M 11.6 24 100 M M 10 1 34 110
22 46 33 40 2 25 0 0.02 M M 7.4 15 230 M M 8 1 21 250
23 47 33 40 2 25 0 0.00 M M 10.8 17 10 M M 4 23 20
24 36 26 31 -6 34 0 0.00 M M 7.5 17 350 M M 2 24 10
25 36 19 28 -9 37 0 0.00 M M 3.2 8 140 M M 1 11 150
26 34 22 28 -8 37 0 0.10 M M 7.0 25 260 M M 8 1 34 270
27 M 25 M M M M T M M 18.5 25 260 M M 9 35 260
28 M M M M M M T M M 12.7 22 270 M M 6 8 29 280
29 M M M M M M 0.00 M M 11.4 20 220 M M 2 25 230
30 56 34 45 10 20 0 T M M 12.1 22 210 M M 2 1 31 220
================================================================================
SM 1430 914 588 0 0.40 M 280.4 M 107
================================================================================
AV 53.0 32.6 9.3 FASTST M M 4 MAX(MPH)
MISC ----> 28 210 38 210
================================================================================
NOTES:
# LAST OF SEVERAL OCCURRENCES
COLUMN 17 PEAK WIND IN M.P.H.
PRELIMINARY LOCAL CLIMATOLOGICAL DATA (WS FORM: F-6) , PAGE 2
STATION: GOSHEN
MONTH: NOVEMBER
YEAR: 2023
LATITUDE: 41 31 N
LONGITUDE: 85 47 W
[TEMPERATURE DATA] [PRECIPITATION DATA] SYMBOLS USED IN COLUMN 16
AVERAGE MONTHLY: 42.8 TOTAL FOR MONTH: 0.40 1 = FOG OR MIST
DPTR FM NORMAL: 2.3 DPTR FM NORMAL: -2.43 2 = FOG REDUCING VISIBILITY
HIGHEST: 66 ON 16 GRTST 24HR 0.27 ON 21-21 TO 1/4 MILE OR LESS
LOWEST: 19 ON 25 3 = THUNDER
SNOW, ICE PELLETS, HAIL 4 = ICE PELLETS
TOTAL MONTH: M 5 = HAIL
GRTST 24HR M ON M 6 = FREEZING RAIN OR DRIZZLE
GRTST DEPTH: M ON M 7 = DUSTSTORM OR SANDSTORM:
VSBY 1/2 MILE OR LESS
8 = SMOKE OR HAZE
[NO. OF DAYS WITH] [WEATHER - DAYS WITH] 9 = BLOWING SNOW
X = TORNADO
MAX 32 OR BELOW: 0 0.01 INCH OR MORE: 4
MAX 90 OR ABOVE: 0 0.10 INCH OR MORE: 2
MIN 32 OR BELOW: 11 0.50 INCH OR MORE: 0
MIN 0 OR BELOW: 0 1.00 INCH OR MORE: 0
[HDD (BASE 65) ]
TOTAL THIS MO. 588 CLEAR (SCALE 0-3) 15
DPTR FM NORMAL -147 PTCLDY (SCALE 4-7) 13
TOTAL FM JUL 1 1017 CLOUDY (SCALE 8-10) 2
DPTR FM NORMAL -245
[CDD (BASE 65) ]
TOTAL THIS MO. 0
DPTR FM NORMAL 0 [PRESSURE DATA]
TOTAL FM JAN 1 705 HIGHEST SLP 30.49 ON 24
DPTR FM NORMAL -60 LOWEST SLP 29.61 ON 8
[REMARKS]
#FINAL-11-23#