102
CXGM50 PGUM 010005
CF6GSN
PRELIMINARY LOCAL CLIMATOLOGICAL DATA (WS FORM: F-6)
STATION: SAIPAN/ISLEY_(CGS) MP
MONTH: OCTOBER
YEAR: 2020
LATITUDE: 15 7 N
LONGITUDE: 145-44 E
TEMPERATURE IN F: :PCPN: SNOW: WIND :SUNSHINE: SKY :PK WND
================================================================================
1 2 3 4 5 6A 6B 7 8 9 10 11 12 13 14 15 16 17 18
12Z AVG MX 2MIN
DY MAX MIN AVG DEP HDD CDD WTR SNW DPTH SPD SPD DIR MIN PSBL S-S WX SPD DR
================================================================================
1 86 78 82 M 0 17 0.17 0.0 0 6.2 20 270 M M 5 1 26 270
2 86 75 81 M 0 16 0.97 0.0 0 10.1 25 240 M M 5 1 32 240
3 89 79 84 M 0 19 0.26 0.0 0 9.8 21 190 M M 3 30 190
4 89 79 84 M 0 19 0.03 0.0 0 7.8 16 90 M M 3 21 100
5 89 79 84 M 0 19 0.34 0.0 0 6.4 18 90 M M 3 23 90
6 88 75 82 M 0 17 0.63 0.0 0 12.6 30 130 M M 3 3 41 120
7 89 75 82 M 0 17 0.21 0.0 0 10.3 29 120 M M 2 39 120
8 88 79 84 M 0 19 0.35 0.0 0 12.7 25 40 M M 5 8 31 50
9 88 79 84 M 0 19 0.14 0.0 0 10.5 22 80 M M 4 28 70
10 89 79 84 M 0 19 0.13 0.0 0 5.3 14 140 M M 2 19 90
11 85 79 82 M 0 17 0.38 0.0 0 6.1 15 140 M M 2 19 150
12 89 79 84 M 0 19 0.02 0.0 0 5.9 12 190 M M 2 14 190
13 90 78 84 M 0 19 T 0.0 0 5.7 12 130 M M 2 16 130
14 90 80 85 M 0 20 0.04 0.0 0 10.4 17 70 M M 2 22 80
15 90 78 84 M 0 19 0.12 0.0 0 11.9 22 40 M M 4 32 40
16 91 80 86 M 0 21 T 0.0 0 15.9 28 90 M M 4 37 90
17 86 78 82 M 0 17 0.38 0.0 0 12.6 26 160 M M 5 1 35 150
18 89 80 85 M 0 20 T 0.0 0 8.6 16 110 M M 2 19 110
19 92 80 86 M 0 21 0.01 0.0 0 11.2 18 90 M M 4 22 80
20 90 79 85 M 0 20 0.22 0.0 0 11.4 22 140 M M 4 29 100
21 91 79 85 M 0 20 0.04 0.0 0 9.2 15 90 M M 3 19 100
22 87 78 83 M 0 18 0.28 0.0 0 6.3 10 100 M M 5 1 M M
23 85 76 81 M 0 16 0.76 0.0 0 8.6 18 110 M M 5 1 23 120
24 90 79 85 M 0 20 0.08 0.0 0 9.2 22 100 M M 3 27 100
25 89 75 82 M 0 17 0.88 0.0 0 12.5 32 120 M M 5 1 40 130
26 87 76 82 M 0 17 0.20 0.0 0 10.2 20 80 M M 4 26 170
27 89 79 84 M 0 19 0.01 0.0 0 9.8 20 130 M M 3 25 130
28 90 79 85 M 0 20 0.08 0.0 0 9.0 17 60 M M 3 23 70
29 90 79 85 M 0 20 0.29 0.0 0 13.8 18 70 M M 4 26 70
30 87 77 82 M 0 17 0.93 0.0 0 16.3 36 130 M M 6 1 45 130
31 89 79 84 M 0 19 0.13 0.0 0 14.2 18 120 M M 4 25 100
================================================================================
SM 2747 2424 0 577 8.08 0.0 310.5 M 111
================================================================================
AV 88.6 78.2 10.0 FASTST M M 4 MAX(MPH)
MISC ----> # 36 130 # 45 130
================================================================================
NOTES:
# LAST OF SEVERAL OCCURRENCES
COLUMN 17 PEAK WIND IN M.P.H.
PRELIMINARY LOCAL CLIMATOLOGICAL DATA (WS FORM: F-6) , PAGE 2
STATION: SAIPAN/ISLEY_(CGS) MP
MONTH: OCTOBER
YEAR: 2020
LATITUDE: 15 7 N
LONGITUDE: 145-44 E
[TEMPERATURE DATA] [PRECIPITATION DATA] SYMBOLS USED IN COLUMN 16
AVERAGE MONTHLY: 83.4 TOTAL FOR MONTH: 8.08 1 = FOG OR MIST
DPTR FM NORMAL: M DPTR FM NORMAL: -3.24 2 = FOG REDUCING VISIBILITY
HIGHEST: 92 ON 19 GRTST 24HR 2.57 ON 30- 1 TO 1/4 MILE OR LESS
LOWEST: 75 ON 25, 7 3 = THUNDER
SNOW, ICE PELLETS, HAIL 4 = ICE PELLETS
TOTAL MONTH: 0.0 INCH 5 = HAIL
GRTST 24HR 0.0 6 = FREEZING RAIN OR DRIZZLE
GRTST DEPTH: 0 7 = DUSTSTORM OR SANDSTORM:
VSBY 1/2 MILE OR LESS
8 = SMOKE OR HAZE
[NO. OF DAYS WITH] [WEATHER - DAYS WITH] 9 = BLOWING SNOW
X = TORNADO
MAX 32 OR BELOW: 0 0.01 INCH OR MORE: 28
MAX 90 OR ABOVE: 10 0.10 INCH OR MORE: 20
MIN 32 OR BELOW: 0 0.50 INCH OR MORE: 5
MIN 0 OR BELOW: 0 1.00 INCH OR MORE: 0
[HDD (BASE 65) ]
TOTAL THIS MO. 0 CLEAR (SCALE 0-3) 14
DPTR FM NORMAL M PTCLDY (SCALE 4-7) 17
TOTAL FM JUL 1 0 CLOUDY (SCALE 8-10) 0
DPTR FM NORMAL M
[CDD (BASE 65) ]
TOTAL THIS MO. 577
DPTR FM NORMAL M [PRESSURE DATA]
TOTAL FM JAN 1 5826 HIGHEST SLP M ON M
DPTR FM NORMAL M LOWEST SLP 29.56 ON 30
[REMARKS]
#FINAL-10-20#