000
CXUS52 KRAH 011641 CCA
CLMGSO

CLIMATE REPORT
NATIONAL WEATHER SERVICE RALEIGH NC
1029 AM EST THU MAR 1 2018

...................................

...THE PIEDMONT TRIAD INTL AIRPORT CLIMATE SUMMARY FOR THE MONTH OF FEBRUARY 2018...

CLIMATE NORMAL PERIOD 1981 TO 2010
CLIMATE RECORD PERIOD 1903 TO 2018

WEATHER         OBSERVED          NORMAL  DEPART  LAST YEAR`S
                 VALUE   DATE(S)  VALUE   FROM    VALUE
                                          NORMAL
.............................................................
TEMPERATURE (F)
RECORD
 HIGH              81   02/12/2017
                        02/26/1977
                        02/25/1930
 LOW               -4   02/01/1936
HIGHEST            80   02/16                         81
LOWEST             18   02/03                         20
AVG. MAXIMUM     59.5              52.5     7.0     63.8
AVG. MINIMUM     40.5              32.4     8.1     38.2
MEAN             50.0              42.4     7.6     51.0
DAYS MAX >= 90      0                                  0
DAYS MAX <= 32      0                                  0
DAYS MIN <= 32      8                                  8
DAYS MIN <= 0       0                                  0

PRECIPITATION (INCHES)
RECORD
 MAXIMUM         7.04   1929
TOTALS           2.56              2.96   -0.40     0.49
DAYS >= .01        13
DAYS >= .10         3
DAYS >= .50         2
DAYS >= 1.00        1
GREATEST
 24 HR. TOTAL    1.09   02/07 TO 02/07

SNOWFALL (INCHES)
RECORDS
 TOTAL           16.3   1979
TOTALS              T               2.4    -2.4        T
SINCE 7/1         9.7
SNOWDEPTH AVG.      0
DAYS >= TRACE       1
DAYS >= 1.0         0               0.8    -0.8        0

DEGREE_DAYS
HEATING TOTAL     423               632    -209      387
 SINCE 7/1       2699              2855    -156     2170
COOLING TOTAL       8                 0       8        4
 SINCE 1/1          8                 0       8        4
..............................................................

WIND (MPH)
AVERAGE WIND SPEED              7.9
HIGHEST WIND SPEED/DIRECTION    28/220    DATE  02/11
HIGHEST GUST SPEED/DIRECTION    35/230    DATE  02/11

SKY COVER
POSSIBLE SUNSHINE (PERCENT)   MM
AVERAGE SKY COVER           0.70
NUMBER OF DAYS FAIR            2
NUMBER OF DAYS PC             13
NUMBER OF DAYS CLOUDY         13

AVERAGE RH (PERCENT)     74

WEATHER CONDITIONS. NUMBER OF DAYS WITH
THUNDERSTORM              0     MIXED PRECIP               0
HEAVY RAIN                1     RAIN                       6
LIGHT RAIN               19     FREEZING RAIN              1
LT FREEZING RAIN          1     HAIL                       0
HEAVY SNOW                0     SNOW                       0
LIGHT SNOW                4     SLEET                      0
FOG                      20     FOG W/VIS <= 1/4 MILE      6
HAZE                      1


-  INDICATES NEGATIVE NUMBERS.
R  INDICATES RECORD WAS SET OR TIED.
MM INDICATES DATA IS MISSING.
T  INDICATES TRACE AMOUNT.

&&

THE AVERAGE MEAN TEMPERATURE OF 50.00 DEGREES MADE 2018 THE 2ND
WARMEST FEBRUARY ON RECORD.

A RECORD HIGH MINIMUM TEMPERATURE OF 55 DEGREES WAS SET AT PIEDMONT
TRIAD INTERNATIONAL AIRPORT ON FEBRUARY 11.

A RECORD HIGH TEMPERATURE OF 80 DEGREES WAS SET AT PIEDMONT TRIAD
INTERNATIONAL AIRPORT ON FEBRUARY 16.

A RECORD HIGH TEMPERATURE OF 78 DEGREES WAS SET AT PIEDMONT TRIAD
INTERNATIONAL AIRPORT ON FEBRUARY 21.

A RECORD HIGH MINIMUM TEMPERATURE OF 57 DEGREES WAS SET AT PIEDMONT
TRIAD INTERNATIONAL AIRPORT ON FEBRUARY 21.

A RECORD HIGH TEMPERATURE OF 76 DEGREES WAS SET AT PIEDMONT TRIAD
INTERNATIONAL AIRPORT ON FEBRUARY 22.

A RECORD HIGH MINIMUM TEMPERATURE OF 62 DEGREES WAS SET AT PIEDMONT
TRIAD INTERNATIONAL AIRPORT ON FEBRUARY 22.

A RECORD HIGH MINIMUM TEMPERATURE OF 61 DEGREES WAS SET AT PIEDMONT
TRIAD INTERNATIONAL AIRPORT ON FEBRUARY 25.

$$
