000
CXUS52 KGSP 010817
CF6GSP
PRELIMINARY LOCAL CLIMATOLOGICAL DATA (WS FORM: F-6)
STATION: GREENVILLE-SPARTANBURG SC
MONTH: OCTOBER
YEAR: 2023
LATITUDE: 34 54 N
LONGITUDE: 82 13 W
TEMPERATURE IN F: :PCPN: SNOW: WIND :SUNSHINE: SKY :PK WND
================================================================================
1 2 3 4 5 6A 6B 7 8 9 10 11 12 13 14 15 16 17 18
12Z AVG MX 2MIN
DY MAX MIN AVG DEP HDD CDD WTR SNW DPTH SPD SPD DIR MIN PSBL S-S WX SPD DR
================================================================================
1 82 60 71 4 0 6 0.00 0.0 0 4.7 12 80 M M 3 17 90
2 83 57 70 3 0 5 0.00 0.0 0 4.2 12 50 M M 0 17 70
3 83 58 71 4 0 6 0.00 0.0 0 3.2 13 100 M M 0 19 110
4 84 58 71 5 0 6 0.00 0.0 0 4.1 12 80 M M 2 1 18 90
5 80 58 69 3 0 4 0.00 0.0 0 4.1 12 50 M M 2 17 70
6 85 61 73 7 0 8 T 0.0 0 3.5 15 340 M M 5 1 24 330
7 72 53 63 -2 2 0 0.00 0.0 0 7.3 17 10 M M 2 28 20
8 68 39 54 -11 11 0 0.00 0.0 0 3.4 12 270 M M 0 18 270
9 73 40 57 -7 8 0 0.00 0.0 0 7.3 21 220 M M 2 18 30 250
10 82 46 64 0 1 0 0.00 0.0 0 6.8 22 210 M M 1 32 230
11 71 52 62 -2 3 0 T 0.0 0 2.2 8 170 M M 2 1 14 130
12 72 54 63 0 2 0 0.46 0.0 0 5.9 17 60 M M 6 1 22 50
13 79 50 65 2 0 0 0.06 0.0 0 4.5 15 160 M M 5 1 21 170
14 79 59 69 7 0 4 0.21 0.0 0 6.8 17 240 M M 6 18 26 340
15 66 52 59 -3 6 0 0.00 0.0 0 5.7 16 330 M M 5 28 320
16 61 41 51 -11 14 0 0.00 0.0 0 4.3 14 300 M M 5 23 320
17 67 43 55 -6 10 0 0.00 0.0 0 3.7 12 20 M M 3 16 290
18 70 43 57 -4 8 0 0.00 0.0 0 2.6 13 210 M M 2 19 220
19 72 44 58 -3 7 0 0.00 0.0 0 5.5 15 200 M M 4 1 22 200
20 71 50 61 1 4 0 0.07 0.0 0 8.0 18 250 M M 5 13 25 260
21 73 41 57 -3 8 0 0.00 0.0 0 7.2 17 210 M M 0 23 220
22 75 46 61 1 4 0 0.00 0.0 0 5.1 15 350 M M 0 24 340
23 70 39 55 -4 10 0 0.00 0.0 0 1.4 8 100 M M 0 13 70
24 72 38 55 -4 10 0 0.00 0.0 0 1.5 9 120 M M 0 12 130
25 76 39 58 0 7 0 0.00 0.0 0 1.9 9 170 M M 0 16 120
26 79 51 65 7 0 0 0.00 0.0 0 2.1 10 160 M M 2 15 190
27 80 53 67 9 0 2 0.00 0.0 0 3.9 12 210 M M 3 1 16 190
28 83 55 69 12 0 4 0.00 0.0 0 4.6 12 220 M M 0 20 130
29 82 56 69 12 0 4 0.00 0.0 0 7.1 21 230 M M 0 29 210
30 85 57 71 14 0 6 0.00 0.0 0 8.2 18 230 M M 1 28 260
31 59 45 52 -4 13 0 T 0.0 0 7.9 17 60 M M 7 24 60
================================================================================
SM 2334 1538 128 55 0.80 0.0 148.7 M 73
================================================================================
AV 75.3 49.6 4.8 FASTST M M 2 MAX(MPH)
MISC ----> 22 210 32 230
================================================================================
NOTES:
# LAST OF SEVERAL OCCURRENCES
COLUMN 17 PEAK WIND IN M.P.H.
PRELIMINARY LOCAL CLIMATOLOGICAL DATA (WS FORM: F-6) , PAGE 2
STATION: GREENVILLE-SPARTANBURG SC
MONTH: OCTOBER
YEAR: 2023
LATITUDE: 34 54 N
LONGITUDE: 82 13 W
[TEMPERATURE DATA] [PRECIPITATION DATA] SYMBOLS USED IN COLUMN 16
AVERAGE MONTHLY: 62.5 TOTAL FOR MONTH: 0.80 1 = FOG OR MIST
DPTR FM NORMAL: 0.8 DPTR FM NORMAL: -2.79 2 = FOG REDUCING VISIBILITY
HIGHEST: 85 ON 30, 6 GRTST 24HR 0.46 ON 11-12 TO 1/4 MILE OR LESS
LOWEST: 38 ON 24 3 = THUNDER
SNOW, ICE PELLETS, HAIL 4 = ICE PELLETS
TOTAL MONTH: 0.0 INCH 5 = HAIL
GRTST 24HR 0.0 6 = FREEZING RAIN OR DRIZZLE
GRTST DEPTH: 0 7 = DUSTSTORM OR SANDSTORM:
VSBY 1/2 MILE OR LESS
8 = SMOKE OR HAZE
[NO. OF DAYS WITH] [WEATHER - DAYS WITH] 9 = BLOWING SNOW
X = TORNADO
MAX 32 OR BELOW: 0 0.01 INCH OR MORE: 4
MAX 90 OR ABOVE: 0 0.10 INCH OR MORE: 2
MIN 32 OR BELOW: 0 0.50 INCH OR MORE: 0
MIN 0 OR BELOW: 0 1.00 INCH OR MORE: 0
[HDD (BASE 65) ]
TOTAL THIS MO. 128 CLEAR (SCALE 0-3) 21
DPTR FM NORMAL -22 PTCLDY (SCALE 4-7) 10
TOTAL FM JUL 1 128 CLOUDY (SCALE 8-10) 0
DPTR FM NORMAL -34
[CDD (BASE 65) ]
TOTAL THIS MO. 55
DPTR FM NORMAL 6 [PRESSURE DATA]
TOTAL FM JAN 1 1596 HIGHEST SLP 30.42 ON 25
DPTR FM NORMAL -119 LOWEST SLP 29.57 ON 20
[REMARKS]
#FINAL-10-23#