000
CXGM50 PGUM 010030
CF6GUM
PRELIMINARY LOCAL CLIMATOLOGICAL DATA (WS FORM: F-6)
STATION: GUAM INTERNATIONAL AIRPORT
MONTH: MAY
YEAR: 2022
LATITUDE: 13 29 N
LONGITUDE: 144-48 E
TEMPERATURE IN F: :PCPN: SNOW: WIND :SUNSHINE: SKY :PK WND
================================================================================
1 2 3 4 5 6A 6B 7 8 9 10 11 12 13 14 15 16 17 18
12Z AVG MX 2MIN
DY MAX MIN AVG DEP HDD CDD WTR SNW DPTH SPD SPD DIR MIN PSBL S-S WX SPD DR
================================================================================
1 87 75 81 -2 0 16 0.01 0.0 0 10.5 17 90 M M 2 23 90
2 87 79 83 0 0 18 T 0.0 0 12.0 20 80 M M 4 24 80
3 88 78 83 0 0 18 0.02 0.0 0 13.0 22 70 M M 3 27 70
4 86 79 83 0 0 18 0.02 0.0 0 15.1 25 80 M M 4 32 90
5 87 77 82 -1 0 17 0.13 0.0 0 13.3 25 80 M M 4 31 80
6 88 77 83 0 0 18 0.03 0.0 0 14.1 24 80 M M 3 29 80
7 87 78 83 0 0 18 0.08 0.0 0 13.5 22 60 M M 2 29 70
8 87 79 83 0 0 18 0.01 0.0 0 14.0 25 70 M M 5 30 60
9 86 75 81 -2 0 16 0.07 0.0 0 13.6 29 90 M M 5 36 70
10 89 79 84 1 0 19 0.00 0.0 0 13.1 22 70 M M 3 27 60
11 88 78 83 0 0 18 0.03 0.0 0 9.6 18 90 M M 2 23 100
12 87 77 82 -1 0 17 0.13 0.0 0 11.1 18 80 M M 5 23 80
13 88 77 83 0 0 18 0.01 0.0 0 8.2 16 90 M M 2 21 70
14 89 77 83 0 0 18 0.00 0.0 0 8.5 17 50 M M 2 22 50
15 88 76 82 -1 0 17 0.01 0.0 0 9.3 20 70 M M 3 24 70
16 89 76 83 0 0 18 T 0.0 0 7.3 14 90 M M 2 19 80
17 88 80 84 1 0 19 T 0.0 0 11.3 20 80 M M 3 25 90
18 89 76 83 0 0 18 0.09 0.0 0 9.4 18 70 M M 3 23 70
19 88 78 83 0 0 18 0.01 0.0 0 10.0 20 70 M M 2 25 90
20 87 75 81 -2 0 16 0.22 0.0 0 8.8 20 90 M M 3 25 100
21 87 77 82 -1 0 17 0.14 0.0 0 9.4 23 90 M M 4 28 90
22 87 77 82 -1 0 17 0.28 0.0 0 9.0 18 60 M M 3 23 70
23 88 75 82 -1 0 17 0.06 0.0 0 9.6 20 70 M M 2 24 70
24 88 79 84 1 0 19 T 0.0 0 10.5 20 80 M M 2 26 70
25 89 80 85 2 0 20 0.01 0.0 0 11.9 21 70 M M 3 26 90
26 89 78 84 1 0 19 0.04 0.0 0 7.7 15 60 M M 1 20 90
27 88 76 82 -1 0 17 0.14 0.0 0 7.4 15 70 M M 3 20 80
28 88 78 83 0 0 18 0.02 0.0 0 10.5 24 70 M M 3 31 80
29 89 79 84 1 0 19 0.02 0.0 0 11.9 21 80 M M 2 31 90
30 88 75 82 -1 0 17 0.66 0.0 0 8.6 18 80 M M 5 23 110
31 88 76 82 -1 0 17 0.11 0.0 0 5.6 14 110 M M 2 20 110
================================================================================
SM 2722 2396 0 550 2.35 0.0 327.8 M 92
================================================================================
AV 87.8 77.3 10.6 FASTST M M 3 MAX(MPH)
MISC ----> 29 90 36 70
================================================================================
NOTES:
# LAST OF SEVERAL OCCURRENCES
COLUMN 17 PEAK WIND IN M.P.H.
PRELIMINARY LOCAL CLIMATOLOGICAL DATA (WS FORM: F-6) , PAGE 2
STATION: GUAM INTERNATIONAL AIRPORT
MONTH: MAY
YEAR: 2022
LATITUDE: 13 29 N
LONGITUDE: 144-48 E
[TEMPERATURE DATA] [PRECIPITATION DATA] SYMBOLS USED IN COLUMN 16
AVERAGE MONTHLY: 82.5 TOTAL FOR MONTH: 2.35 1 = FOG OR MIST
DPTR FM NORMAL: -0.5 DPTR FM NORMAL: -2.10 2 = FOG REDUCING VISIBILITY
HIGHEST: 89 ON 29,26 GRTST 24HR 0.66 ON 30-30 TO 1/4 MILE OR LESS
LOWEST: 75 ON 30,23 3 = THUNDER
SNOW, ICE PELLETS, HAIL 4 = ICE PELLETS
TOTAL MONTH: 0.0 INCH 5 = HAIL
GRTST 24HR 0.0 6 = FREEZING RAIN OR DRIZZLE
GRTST DEPTH: 0 7 = DUSTSTORM OR SANDSTORM:
VSBY 1/2 MILE OR LESS
8 = SMOKE OR HAZE
[NO. OF DAYS WITH] [WEATHER - DAYS WITH] 9 = BLOWING SNOW
X = TORNADO
MAX 32 OR BELOW: 0 0.01 INCH OR MORE: 25
MAX 90 OR ABOVE: 0 0.10 INCH OR MORE: 8
MIN 32 OR BELOW: 0 0.50 INCH OR MORE: 1
MIN 0 OR BELOW: 0 1.00 INCH OR MORE: 0
[HDD (BASE 65) ]
TOTAL THIS MO. 0 CLEAR (SCALE 0-3) 22
DPTR FM NORMAL 0 PTCLDY (SCALE 4-7) 9
TOTAL FM JUL 1 0 CLOUDY (SCALE 8-10) 0
DPTR FM NORMAL 0
[CDD (BASE 65) ]
TOTAL THIS MO. 550
DPTR FM NORMAL -8 [PRESSURE DATA]
TOTAL FM JAN 1 2482 HIGHEST SLP 29.86 ON 1
DPTR FM NORMAL 7 LOWEST SLP 29.76 ON 1
[REMARKS]
#FINAL-05-22#