000
CXGM50 PGUM 010030
CF6GUM
PRELIMINARY LOCAL CLIMATOLOGICAL DATA (WS FORM: F-6)
STATION: GUAM INTERNATIONAL AIRPORT
MONTH: APRIL
YEAR: 2022
LATITUDE: 13 29 N
LONGITUDE: 144-48 E
TEMPERATURE IN F: :PCPN: SNOW: WIND :SUNSHINE: SKY :PK WND
================================================================================
1 2 3 4 5 6A 6B 7 8 9 10 11 12 13 14 15 16 17 18
12Z AVG MX 2MIN
DY MAX MIN AVG DEP HDD CDD WTR SNW DPTH SPD SPD DIR MIN PSBL S-S WX SPD DR
================================================================================
1 86 75 81 -1 0 16 0.17 0.0 0 11.4 20 70 M M 3 24 80
2 84 76 80 -2 0 15 0.64 0.0 0 14.7 25 90 M M 7 32 80
3 87 78 83 1 0 18 0.07 0.0 0 14.9 22 90 M M 4 29 100
4 85 78 82 0 0 17 0.04 0.0 0 14.7 22 70 M M 4 28 90
5 87 79 83 1 0 18 T 0.0 0 16.0 28 80 M M 4 36 70
6 87 78 83 1 0 18 0.07 0.0 0 14.6 24 60 M M 3 30 50
7 86 73 80 -2 0 15 0.11 0.0 0 14.6 25 90 M M 3 33 90
8 86 79 83 1 0 18 T 0.0 0 15.7 24 100 M M 3 31 90
9 83 78 81 -1 0 16 0.23 0.0 0 21.3 31 70 M M 5 39 70
10 84 74 79 -3 0 14 0.23 0.0 0 20.5 30 100 M M 7 44 110
11 86 76 81 -1 0 16 0.48 0.0 0 13.7 24 110 M M 7 32 160
12 81 72 77 -5 0 12 0.70 0.0 0 10.8 24 210 M M 6 32 190
13 85 75 80 -2 0 15 0.02 0.0 0 12.7 20 140 M M 6 32 140
14 86 79 83 1 0 18 0.00 0.0 0 14.0 26 140 M M 3 32 140
15 87 79 83 1 0 18 0.00 0.0 0 9.4 18 150 M M 2 24 150
16 85 78 82 0 0 17 0.01 0.0 0 6.5 15 150 M M 4 3 18 140
17 86 77 82 0 0 17 0.03 0.0 0 4.6 12 90 M M 5 3 15 80
18 84 75 80 -2 0 15 0.95 0.0 0 6.6 14 90 M M 5 18 90
19 86 77 82 0 0 17 0.02 0.0 0 10.4 20 70 M M 2 26 80
20 87 77 82 0 0 17 0.05 0.0 0 10.4 21 60 M M 2 24 70
21 87 77 82 0 0 17 T 0.0 0 15.7 24 70 M M 3 33 70
22 87 77 82 -1 0 17 0.20 0.0 0 16.5 26 70 M M 4 33 70
23 87 78 83 0 0 18 0.13 0.0 0 13.7 21 70 M M 4 27 80
24 87 77 82 -1 0 17 0.13 0.0 0 13.8 24 80 M M 3 31 80
25 83 76 80 -3 0 15 0.21 0.0 0 13.1 23 70 M M 5 29 70
26 86 75 81 -2 0 16 0.12 0.0 0 15.8 29 60 M M 4 34 60
27 86 77 82 -1 0 17 0.08 0.0 0 16.1 28 90 M M 4 34 90
28 88 79 84 1 0 19 0.01 0.0 0 15.9 26 70 M M 3 32 90
29 86 79 83 0 0 18 0.04 0.0 0 14.3 25 70 M M 2 32 70
30 87 76 82 -1 0 17 T 0.0 0 11.1 18 60 M M 1 26 80
================================================================================
SM 2572 2304 0 498 4.74 0.0 403.5 M 118
================================================================================
AV 85.7 76.8 13.4 FASTST M M 4 MAX(MPH)
MISC ----> 31 70 44 110
================================================================================
NOTES:
# LAST OF SEVERAL OCCURRENCES
COLUMN 17 PEAK WIND IN M.P.H.
PRELIMINARY LOCAL CLIMATOLOGICAL DATA (WS FORM: F-6) , PAGE 2
STATION: GUAM INTERNATIONAL AIRPORT
MONTH: APRIL
YEAR: 2022
LATITUDE: 13 29 N
LONGITUDE: 144-48 E
[TEMPERATURE DATA] [PRECIPITATION DATA] SYMBOLS USED IN COLUMN 16
AVERAGE MONTHLY: 81.3 TOTAL FOR MONTH: 4.74 1 = FOG OR MIST
DPTR FM NORMAL: -1.0 DPTR FM NORMAL: 1.24 2 = FOG REDUCING VISIBILITY
HIGHEST: 88 ON 28 GRTST 24HR 1.12 ON 11-12 TO 1/4 MILE OR LESS
LOWEST: 72 ON 12 3 = THUNDER
SNOW, ICE PELLETS, HAIL 4 = ICE PELLETS
TOTAL MONTH: 0.0 INCH 5 = HAIL
GRTST 24HR 0.0 6 = FREEZING RAIN OR DRIZZLE
GRTST DEPTH: 0 7 = DUSTSTORM OR SANDSTORM:
VSBY 1/2 MILE OR LESS
8 = SMOKE OR HAZE
[NO. OF DAYS WITH] [WEATHER - DAYS WITH] 9 = BLOWING SNOW
X = TORNADO
MAX 32 OR BELOW: 0 0.01 INCH OR MORE: 24
MAX 90 OR ABOVE: 0 0.10 INCH OR MORE: 13
MIN 32 OR BELOW: 0 0.50 INCH OR MORE: 3
MIN 0 OR BELOW: 0 1.00 INCH OR MORE: 0
[HDD (BASE 65) ]
TOTAL THIS MO. 0 CLEAR (SCALE 0-3) 9
DPTR FM NORMAL 0 PTCLDY (SCALE 4-7) 21
TOTAL FM JUL 1 0 CLOUDY (SCALE 8-10) 0
DPTR FM NORMAL 0
[CDD (BASE 65) ]
TOTAL THIS MO. 498
DPTR FM NORMAL -21 [PRESSURE DATA]
TOTAL FM JAN 1 1932 HIGHEST SLP 29.85 ON 1
DPTR FM NORMAL 15 LOWEST SLP 29.75 ON 1
[REMARKS]
#FINAL-04-22#