000
CXGM50 PGUM 010623
CF6GUM
PRELIMINARY LOCAL CLIMATOLOGICAL DATA (WS FORM: F-6)
STATION: GUAM INTERNATIONAL AIRPORT
MONTH: NOVEMBER
YEAR: 2023
LATITUDE: 13 29 N
LONGITUDE: 144-48 E
TEMPERATURE IN F: :PCPN: SNOW: WIND :SUNSHINE: SKY :PK WND
================================================================================
1 2 3 4 5 6A 6B 7 8 9 10 11 12 13 14 15 16 17 18
12Z AVG MX 2MIN
DY MAX MIN AVG DEP HDD CDD WTR SNW DPTH SPD SPD DIR MIN PSBL S-S WX SPD DR
================================================================================
1 87 79 83 1 0 18 0.07 0.0 0 9.2 17 90 M M 2 24 90
2 89 78 84 2 0 19 0.04 0.0 0 9.9 18 70 M M 2 26 90
3 87 77 82 0 0 17 0.02 0.0 0 9.3 21 80 M M 2 28 70
4 87 76 82 0 0 17 0.44 0.0 0 9.9 23 110 M M 3 34 110
5 87 78 83 1 0 18 0.35 0.0 0 10.8 20 90 M M 5 28 90
6 87 76 82 0 0 17 0.45 0.0 0 11.3 23 60 M M 3 29 60
7 88 75 82 0 0 17 T 0.0 0 9.0 16 70 M M 2 22 80
8 88 78 83 1 0 18 T 0.0 0 9.5 16 70 M M 2 21 70
9 89 78 84 2 0 19 0.06 0.0 0 12.6 23 60 M M 2 32 60
10 88 79 84 2 0 19 T 0.0 0 11.9 20 60 M M 2 28 60
11 88 80 84 2 0 19 0.03 0.0 0 14.6 25 70 M M 4 32 60
12 86 77 82 0 0 17 0.30 0.0 0 13.7 24 90 M M 4 33 100
13 88 79 84 2 0 19 0.18 0.0 0 13.8 23 70 M M 3 33 70
14 88 80 84 2 0 19 0.19 0.0 0 15.3 26 70 M M 3 33 60
15 87 80 84 2 0 19 T 0.0 0 14.4 28 60 M M 3 36 50
16 86 74 80 -2 0 15 1.05 0.0 0 15.3 24 80 M M 4 36 60
17 86 80 83 1 0 18 T 0.0 0 12.1 21 110 M M 4 29 110
18 84 72 78 -4 0 13 1.49 0.0 0 8.3 17 90 M M 5 23 60
19 85 78 82 0 0 17 0.21 0.0 0 8.2 20 170 M M 7 28 170
20 87 77 82 0 0 17 T 0.0 0 4.5 10 140 M M 2 17 130
21 87 77 82 0 0 17 0.06 0.0 0 6.9 14 90 M M 5 22 110
22 87 75 81 -1 0 16 0.05 0.0 0 10.4 21 120 M M 3 29 110
23 87 73 80 -2 0 15 0.40 0.0 0 10.4 26 90 M M 2 39 90
24 86 75 81 -1 0 16 0.23 0.0 0 9.8 22 70 M M 6 31 110
25 87 75 81 -1 0 16 0.05 0.0 0 12.4 22 70 M M 4 30 60
26 87 77 82 0 0 17 0.17 0.0 0 14.7 29 110 M M 4 3 38 80
27 87 77 82 0 0 17 0.04 0.0 0 13.4 21 60 M M 2 3 33 60
28 85 77 81 -1 0 16 0.24 0.0 0 11.1 23 80 M M 4 29 90
29 87 78 83 1 0 18 T 0.0 0 15.1 28 70 M M 3 37 80
30 87 79 83 1 0 18 0.06 0.0 0 13.7 28 70 M M 2 33 70
================================================================================
SM 2609 2314 0 518 6.18 0.0 341.5 M 99
================================================================================
AV 87.0 77.1 11.4 FASTST M M 3 MAX(MPH)
MISC ----> 29 110 39 90
================================================================================
NOTES:
# LAST OF SEVERAL OCCURRENCES
COLUMN 17 PEAK WIND IN M.P.H.
PRELIMINARY LOCAL CLIMATOLOGICAL DATA (WS FORM: F-6) , PAGE 2
STATION: GUAM INTERNATIONAL AIRPORT
MONTH: NOVEMBER
YEAR: 2023
LATITUDE: 13 29 N
LONGITUDE: 144-48 E
[TEMPERATURE DATA] [PRECIPITATION DATA] SYMBOLS USED IN COLUMN 16
AVERAGE MONTHLY: 82.1 TOTAL FOR MONTH: 6.18 1 = FOG OR MIST
DPTR FM NORMAL: -0.4 DPTR FM NORMAL: -2.11 2 = FOG REDUCING VISIBILITY
HIGHEST: 89 ON 9, 2 GRTST 24HR 1.50 ON 18-18 TO 1/4 MILE OR LESS
LOWEST: 72 ON 18 3 = THUNDER
SNOW, ICE PELLETS, HAIL 4 = ICE PELLETS
TOTAL MONTH: 0.0 INCH 5 = HAIL
GRTST 24HR 0.0 6 = FREEZING RAIN OR DRIZZLE
GRTST DEPTH: 0 7 = DUSTSTORM OR SANDSTORM:
VSBY 1/2 MILE OR LESS
8 = SMOKE OR HAZE
[NO. OF DAYS WITH] [WEATHER - DAYS WITH] 9 = BLOWING SNOW
X = TORNADO
MAX 32 OR BELOW: 0 0.01 INCH OR MORE: 23
MAX 90 OR ABOVE: 0 0.10 INCH OR MORE: 13
MIN 32 OR BELOW: 0 0.50 INCH OR MORE: 2
MIN 0 OR BELOW: 0 1.00 INCH OR MORE: 2
[HDD (BASE 65) ]
TOTAL THIS MO. 0 CLEAR (SCALE 0-3) 13
DPTR FM NORMAL 0 PTCLDY (SCALE 4-7) 17
TOTAL FM JUL 1 0 CLOUDY (SCALE 8-10) 0
DPTR FM NORMAL 0
[CDD (BASE 65) ]
TOTAL THIS MO. 518
DPTR FM NORMAL -6 [PRESSURE DATA]
TOTAL FM JAN 1 5537 HIGHEST SLP 29.92 ON 1
DPTR FM NORMAL -147 LOWEST SLP 29.81 ON 1
[REMARKS]
#FINAL-11-23#