000
CXUS55 KABQ 011110
CF6GUP
PRELIMINARY LOCAL CLIMATOLOGICAL DATA (WS FORM: F-6)
STATION: GALLUP NM
MONTH: FEBRUARY
YEAR: 2023
LATITUDE: 35 30 N
LONGITUDE: 108 48 W
TEMPERATURE IN F: :PCPN: SNOW: WIND :SUNSHINE: SKY :PK WND
================================================================================
1 2 3 4 5 6A 6B 7 8 9 10 11 12 13 14 15 16 17 18
12Z AVG MX 2MIN
DY MAX MIN AVG DEP HDD CDD WTR SNW DPTH SPD SPD DIR MIN PSBL S-S WX SPD DR
================================================================================
1 41 14 28 -4 37 0 0.00 M M 3.7 12 350 M M 0 14 350
2 46 12 29 -3 36 0 0.00 M M 1.8 7 320 M M 0 10 250
3 50 13 32 0 33 0 0.00 M M 3.0 10 310 M M 0 12 320
4 55 25 40 8 25 0 0.00 M M 3.3 13 220 M M 0 17 210
5 59 20 40 8 25 0 0.00 M M 9.3 28 230 M M 0 41 220
6 41 24 33 0 32 0 T M M 5.7 20 360 M M 6 1 25 20
7 42 20 31 -2 34 0 0.00 M M 4.2 15 60 M M 2 20 70
8 47 18 33 0 32 0 0.00 M M 5.7 18 310 M M 0 25 310
9 37 19 28 -5 37 0 0.00 M M 9.2 26 330 M M 0 36 340
10 45 11 28 -5 37 0 0.00 M M 1.6 9 40 M M 0 12 30
11 55 17 36 2 29 0 T M M 3.4 22 170 M M 2 8 31 240
12 57 22 40 6 25 0 0.00 M M 4.5 17 60 M M 2 26 50
13 54 26 40 6 25 0 T M M 9.9 30 240 M M 6 1 39 210
14 35 24 30 -4 35 0 0.08 M M 19.6 35 220 M M 10 12 51 250
15 25 8 17 -17 48 0 0.05 M M 13.5 30 230 M M 8 12 40 230
16 28 -7 11 -24 54 0 T M M 1.1 9 10 M M 1 1 12 10
17 35 2 19 -16 46 0 0.00 M M 5.8 18 20 M M 0 25 20
18 48 18 33 -2 32 0 0.00 M M 6.7 23 230 M M 2 18 34 210
19 53 23 38 3 27 0 T M M 5.3 17 250 M M 5 24 240
20 54 28 41 5 24 0 0.00 M M 8.0 20 240 M M 1 28 250
21 50 26 38 2 27 0 T M M 12.1 29 220 M M 6 1 41 230
22 38 20 29 -7 36 0 0.08 M M 24.5 51 230 M M 9 128 72 230
23 35 20 28 -8 37 0 0.02 M M 11.1 26 230 M M 8 1 38 240
24 49 24 37 1 28 0 0.00 M M 7.0 20 230 M M 3 27 230
25 58 25 42 5 23 0 0.00 M M 2.5 13 150 M M 0 17 150
26 41 26 34 -3 31 0 T M M 13.0 36 250 M M 5 128 47 240
27 44 22 33 -4 32 0 0.00 M M 11.2 20 230 M M 4 27 240
28 46 26 36 -1 29 0 0.00 M M 15.6 26 240 M M 3 43 260
================================================================================
SM 1268 526 916 0 0.23 M 222.3 M 83
================================================================================
AV 45.3 18.8 7.9 FASTST M M 3 MAX(MPH)
MISC ----> 51 230 72 230
================================================================================
NOTES:
# LAST OF SEVERAL OCCURRENCES
COLUMN 17 PEAK WIND IN M.P.H.
PRELIMINARY LOCAL CLIMATOLOGICAL DATA (WS FORM: F-6) , PAGE 2
STATION: GALLUP NM
MONTH: FEBRUARY
YEAR: 2023
LATITUDE: 35 30 N
LONGITUDE: 108 48 W
[TEMPERATURE DATA] [PRECIPITATION DATA] SYMBOLS USED IN COLUMN 16
AVERAGE MONTHLY: 32.0 TOTAL FOR MONTH: 0.23 1 = FOG OR MIST
DPTR FM NORMAL: -2.4 DPTR FM NORMAL: -0.48 2 = FOG REDUCING VISIBILITY
HIGHEST: 59 ON 5 GRTST 24HR 0.13 ON 14-15 TO 1/4 MILE OR LESS
LOWEST: -7 ON 16 3 = THUNDER
SNOW, ICE PELLETS, HAIL 4 = ICE PELLETS
TOTAL MONTH: M 5 = HAIL
GRTST 24HR M ON M 6 = FREEZING RAIN OR DRIZZLE
GRTST DEPTH: M ON M 7 = DUSTSTORM OR SANDSTORM:
VSBY 1/2 MILE OR LESS
8 = SMOKE OR HAZE
[NO. OF DAYS WITH] [WEATHER - DAYS WITH] 9 = BLOWING SNOW
X = TORNADO
MAX 32 OR BELOW: 2 0.01 INCH OR MORE: 4
MAX 90 OR ABOVE: 0 0.10 INCH OR MORE: 0
MIN 32 OR BELOW: 28 0.50 INCH OR MORE: 0
MIN 0 OR BELOW: 1 1.00 INCH OR MORE: 0
[HDD (BASE 65) ]
TOTAL THIS MO. 916 CLEAR (SCALE 0-3) 18
DPTR FM NORMAL 59 PTCLDY (SCALE 4-7) 7
TOTAL FM JUL 1 4470 CLOUDY (SCALE 8-10) 3
DPTR FM NORMAL 17
[CDD (BASE 65) ]
TOTAL THIS MO. 0
DPTR FM NORMAL 0 [PRESSURE DATA]
TOTAL FM JAN 1 0 HIGHEST SLP 30.78 ON 17
DPTR FM NORMAL 0 LOWEST SLP 29.20 ON 22
[REMARKS]
#FINAL-02-23#