000
CXUS54 KAMA 010710
CF6GUY
PRELIMINARY LOCAL CLIMATOLOGICAL DATA (WS FORM: F-6)
STATION: GUYMON
MONTH: AUGUST
YEAR: 2020
LATITUDE: 36 41 N
LONGITUDE: 101 30 W
TEMPERATURE IN F: :PCPN: SNOW: WIND :SUNSHINE: SKY :PK WND
================================================================================
1 2 3 4 5 6A 6B 7 8 9 10 11 12 13 14 15 16 17 18
12Z AVG MX 2MIN
DY MAX MIN AVG DEP HDD CDD WTR SNW DPTH SPD SPD DIR MIN PSBL S-S WX SPD DR
================================================================================
1 89 62 76 -4 0 11 T M M 3.7 14 30 M M 1 3 18 40
2 88 61 75 -4 0 10 0.00 M M 8.4 17 90 M M 0 22 120
3 85 61 73 -6 0 8 0.00 M M 10.2 20 110 M M 2 25 120
4 92 62 77 -2 0 12 0.00 M M 12.8 22 20 M M 0 3 29 150
5 88 63 76 -3 0 11 0.01 M M 8.3 26 30 M M 1 3 35 30
6 92 66 79 0 0 14 T M M 10.3 20 180 M M 2 26 190
7 98 64 81 2 0 16 0.00 M M 8.1 23 260 M M 0 3 31 250
8 104 68 86 7 0 21 T M M 17.4 38 180 M M 0 3 55 180
9 100 68 84 5 0 19 1.10 M M 16.1 38 250 M M 1 3 57 210
10 96 65 81 2 0 16 T M M 10.7 30 210 M M 0 41 210
11 94 60 77 -2 0 12 0.00 M M 7.5 18 140 M M 0 1 25 140
12 92 69 81 2 0 16 0.00 M M 6.8 15 140 M M 1 1 21 150
13 93 70 82 4 0 17 0.00 M M 9.8 18 10 M M 4 12 23 10
14 99 69 84 6 0 19 0.39 M M 8.9 33 40 M M 3 13 42 40
15 90 66 78 0 0 13 0.00 M M 8.2 16 120 M M 0 1 23 120
16 89 65 77 -1 0 12 0.01 M M 9.6 32 30 M M 0 3 43 30
17 91 63 77 -1 0 12 0.06 M M 8.0 23 150 M M 1 3 30 150
18 91 61 76 -2 0 11 0.00 M M 7.0 14 190 M M 0 20 160
19 89 64 77 -1 0 12 0.02 M M 10.7 24 190 M M 0 30 190
20 90 63 77 -1 0 12 0.00 M M 9.2 20 330 M M 1 25 320
21 92 63 78 0 0 13 0.00 M M 8.1 17 200 M M 0 24 300
22 95 64 80 2 0 15 0.00 M M 9.7 15 190 M M 0 19 190
23 96 65 81 3 0 16 0.00 M M 11.3 20 180 M M 0 27 160
24 96 64 80 3 0 15 0.00 M M 11.9 21 190 M M 1 28 190
25 95 64 80 3 0 15 0.00 M M 11.7 20 200 M M 0 25 200
26 97 63 80 3 0 15 0.00 M M 12.0 23 210 M M 0 29 200
27 100 61 81 4 0 16 0.00 M M 8.4 16 210 M M 0 20 190
28 106 62 84 7 0 19 0.19 M M 11.2 38 250 M M 0 13 50 270
29 81 66 74 -2 0 9 0.19 M M 9.3 26 310 M M 6 13 38 300
30 92 59 76 0 0 11 0.00 M M 8.2 21 200 M M 0 1 26 230
31 81 61 71 -5 0 6 0.00 M M 11.9 29 360 M M 2 36 350
================================================================================
SM 2881 1982 0 424 1.97 M 305.4 M 26
================================================================================
AV 92.9 63.9 9.9 FASTST M M 1 MAX(MPH)
MISC ----> # 38 180 57 210
================================================================================
NOTES:
# LAST OF SEVERAL OCCURRENCES
COLUMN 17 PEAK WIND IN M.P.H.
PRELIMINARY LOCAL CLIMATOLOGICAL DATA (WS FORM: F-6) , PAGE 2
STATION: GUYMON
MONTH: AUGUST
YEAR: 2020
LATITUDE: 36 41 N
LONGITUDE: 101 30 W
[TEMPERATURE DATA] [PRECIPITATION DATA] SYMBOLS USED IN COLUMN 16
AVERAGE MONTHLY: 78.4 TOTAL FOR MONTH: 1.97 1 = FOG OR MIST
DPTR FM NORMAL: 0.3 DPTR FM NORMAL: -0.95 2 = FOG REDUCING VISIBILITY
HIGHEST: 106 ON 28 GRTST 24HR 1.10 ON 8- 9 TO 1/4 MILE OR LESS
LOWEST: 59 ON 30 3 = THUNDER
SNOW, ICE PELLETS, HAIL 4 = ICE PELLETS
TOTAL MONTH: M 5 = HAIL
GRTST 24HR M ON M 6 = FREEZING RAIN OR DRIZZLE
GRTST DEPTH: M ON M 7 = DUSTSTORM OR SANDSTORM:
VSBY 1/2 MILE OR LESS
8 = SMOKE OR HAZE
[NO. OF DAYS WITH] [WEATHER - DAYS WITH] 9 = BLOWING SNOW
X = TORNADO
MAX 32 OR BELOW: 0 0.01 INCH OR MORE: 8
MAX 90 OR ABOVE: 23 0.10 INCH OR MORE: 4
MIN 32 OR BELOW: 0 0.50 INCH OR MORE: 1
MIN 0 OR BELOW: 0 1.00 INCH OR MORE: 1
[HDD (BASE 65) ]
TOTAL THIS MO. 0 CLEAR (SCALE 0-3) 29
DPTR FM NORMAL -1 PTCLDY (SCALE 4-7) 2
TOTAL FM JUL 1 0 CLOUDY (SCALE 8-10) 0
DPTR FM NORMAL 0
[CDD (BASE 65) ]
TOTAL THIS MO. 424
DPTR FM NORMAL 17 [PRESSURE DATA]
TOTAL FM JAN 1 1566 HIGHEST SLP M ON M
DPTR FM NORMAL 317 LOWEST SLP 29.57 ON 30
[REMARKS]
#FINAL-08-20#