000
CXUS55 KBOU 011000
CF6GXY
PRELIMINARY LOCAL CLIMATOLOGICAL DATA (WS FORM: F-6)
STATION: GREELEY CO
MONTH: NOVEMBER
YEAR: 2021
LATITUDE: 40 25 N
LONGITUDE: 104 38 W
TEMPERATURE IN F: :PCPN: SNOW: WIND :SUNSHINE: SKY :PK WND
================================================================================
1 2 3 4 5 6A 6B 7 8 9 10 11 12 13 14 15 16 17 18
12Z AVG MX 2MIN
DY MAX MIN AVG DEP HDD CDD WTR SNW DPTH SPD SPD DIR MIN PSBL S-S WX SPD DR
================================================================================
1 39 33 36 M 29 0 M M M 7.0 12 30 M M 10 1 M M
2 43 33 38 M 27 0 M M M 2.6 7 130 M M 10 1 M M
3 61 30 46 M 19 0 M M M 2.0 6 290 M M 5 12 M M
4 68 26 47 M 18 0 M M M 3.9 8 190 M M 0 1 M M
5 75 28 52 M 13 0 M M M 5.0 10 20 M M 0 M M
6 73 29 51 M 14 0 M M M 3.3 8 350 M M 0 M M
7 78 30 54 M 11 0 M M M 4.4 13 10 M M 0 M M
8 52 28 40 M 25 0 M M M 4.6 16 20 M M 2 M M
9 52 23 38 M 27 0 M M M 4.2 10 360 M M 0 M M
10 58 29 44 M 21 0 M M M 13.0 35 320 M M 1 41 320
11 56 21 39 M 26 0 M M M 11.5 30 320 M M 4 41 310
12 54 22 38 M 27 0 M M M 4.4 9 170 M M 3 M M
13 69 29 49 M 16 0 M M M 11.7 25 320 M M 0 41 310
14 70 24 47 M 18 0 M M M 4.3 8 120 M M 0 M M
15 73 32 53 M 12 0 M M M 3.9 12 250 M M 0 M M
16 72 37 55 M 10 0 M M M 11.4 28 350 M M 1 39 270
17 41 15 28 M 37 0 M M M 5.7 17 60 M M 3 1 25 50
18 45 8 27 M 38 0 M M M 3.4 9 350 M M 0 M M
19 65 26 46 M 19 0 M M M 4.1 10 140 M M 0 M M
20 54 26 40 M 25 0 M M M 5.7 16 360 M M 8 M M
21 54 21 38 M 27 0 M M M 6.4 12 210 M M 0 16 160
22 63 18 41 M 24 0 M M M 3.4 8 140 M M 0 M M
23 64 15 40 M 25 0 M M M 3.5 8 50 M M 0 M M
24 48 18 33 M 32 0 M M M 16.2 33 330 M M 4 41 340
25 56 7 32 M 33 0 M M M 2.8 7 290 M M 0 M M
26 69 20 45 M 20 0 M M M 3.9 7 270 M M 0 M M
27 55 25 40 M 25 0 M M M 5.4 15 10 M M 0 M M
28 61 19 40 M 25 0 M M M 4.3 9 330 M M 0 21 40
29 72 24 48 M 17 0 M M M 4.3 10 140 M M 0 M M
30 55 31 43 M 22 0 M M M 8.7 23 360 M M 0 33 10
================================================================================
SM 1795 727 682 0 M M 174.9 M 51
================================================================================
AV 59.8 24.2 5.8 FASTST M M 2 MAX(MPH)
MISC ----> 35 320 # 41 340
================================================================================
NOTES:
# LAST OF SEVERAL OCCURRENCES
COLUMN 17 PEAK WIND IN M.P.H.
PRELIMINARY LOCAL CLIMATOLOGICAL DATA (WS FORM: F-6) , PAGE 2
STATION: GREELEY CO
MONTH: NOVEMBER
YEAR: 2021
LATITUDE: 40 25 N
LONGITUDE: 104 38 W
[TEMPERATURE DATA] [PRECIPITATION DATA] SYMBOLS USED IN COLUMN 16
AVERAGE MONTHLY: 42.0 TOTAL FOR MONTH: M 1 = FOG OR MIST
DPTR FM NORMAL: 0.0 DPTR FM NORMAL: M 2 = FOG REDUCING VISIBILITY
HIGHEST: 78 ON 7 GRTST 24HR 0.04 ON 31- 1 TO 1/4 MILE OR LESS
LOWEST: 7 ON 25 3 = THUNDER
SNOW, ICE PELLETS, HAIL 4 = ICE PELLETS
TOTAL MONTH: M 5 = HAIL
GRTST 24HR M ON M 6 = FREEZING RAIN OR DRIZZLE
GRTST DEPTH: M ON M 7 = DUSTSTORM OR SANDSTORM:
VSBY 1/2 MILE OR LESS
8 = SMOKE OR HAZE
[NO. OF DAYS WITH] [WEATHER - DAYS WITH] 9 = BLOWING SNOW
X = TORNADO
MAX 32 OR BELOW: 0 0.01 INCH OR MORE: 0
MAX 90 OR ABOVE: 0 0.10 INCH OR MORE: 0
MIN 32 OR BELOW: 27 0.50 INCH OR MORE: 0
MIN 0 OR BELOW: 0 1.00 INCH OR MORE: 0
[HDD (BASE 65) ]
TOTAL THIS MO. 682 CLEAR (SCALE 0-3) 23
DPTR FM NORMAL M PTCLDY (SCALE 4-7) 5
TOTAL FM JUL 1 1150 CLOUDY (SCALE 8-10) 2
DPTR FM NORMAL M
[CDD (BASE 65) ]
TOTAL THIS MO. 0
DPTR FM NORMAL M [PRESSURE DATA]
TOTAL FM JAN 1 933 HIGHEST SLP 30.63 ON 25
DPTR FM NORMAL M LOWEST SLP 29.61 ON 16
[REMARKS]
#FINAL-11-21#