000
CXUS54 KEWX 011110
CF6GYB
PRELIMINARY LOCAL CLIMATOLOGICAL DATA (WS FORM: F-6)
STATION: GIDDINGS-LEE COUNTY AIRPORT
MONTH: JANUARY
YEAR: 2022
LATITUDE: 30 10 N
LONGITUDE: 96 59 W
TEMPERATURE IN F: :PCPN: SNOW: WIND :SUNSHINE: SKY :PK WND
================================================================================
1 2 3 4 5 6A 6B 7 8 9 10 11 12 13 14 15 16 17 18
12Z AVG MX 2MIN
DY MAX MIN AVG DEP HDD CDD WTR SNW DPTH SPD SPD DIR MIN PSBL S-S WX SPD DR
================================================================================
1 81 38 60 M 5 0 0.00 M M 9.3 20 360 M M 4 30 360
2 44 25 35 M 30 0 0.09 M M 14.9 26 350 M M 3 35 350
3 53 25 39 M 26 0 0.00 M M 0.6 3 70 M M 0 M M
4 66 29 48 M 17 0 0.00 M M 6.1 15 200 M M 0 24 220
5 74 43 59 M 6 0 0.00 M M 4.8 7 220 M M 0 1 M M
6 55 35 45 M 20 0 0.00 M M 7.8 18 360 M M 0 24 360
7 47 29 38 M 27 0 0.00 M M 5.2 9 20 M M 7 1 16 360
8 67 47 57 M 8 0 0.06 M M 5.5 10 230 M M 10 12 17 220
9 63 49 56 M 9 0 0.00 M M 10.5 18 360 M M 7 1 26 10
10 57 41 49 M 16 0 0.00 M M 10.3 15 10 M M 2 23 10
11 52 40 46 M 19 0 0.00 M M 4.3 9 350 M M 4 M M
12 62 39 51 M 14 0 0.00 M M 1.5 7 210 M M 5 1 M M
13 73 34 54 M 11 0 0.00 M M 1.7 7 320 M M 0 1 M M
14 75 37 56 M 9 0 0.00 M M 4.8 15 200 M M 0 22 200
15 61 38 50 M 15 0 0.00 M M 17.0 25 330 M M 0 39 330
16 58 32 45 M 20 0 0.00 M M 6.3 15 330 M M 0 23 330
17 67 29 48 M 17 0 0.00 M M 2.6 7 190 M M 0 M M
18 73 43 58 M 7 0 0.00 M M 8.4 16 200 M M 0 1 25 210
19 78 45 62 M 3 0 0.00 M M 9.1 20 10 M M 5 32 360
20 45 31 38 M 27 0 0.00 M M 15.1 23 360 M M 9 31 10
21 48 27 38 M 27 0 0.00 M M 7.6 14 360 M M 2 22 360
22 54 27 41 M 24 0 0.00 M M 2.8 8 50 M M 0 M M
23 57 36 47 M 18 0 0.00 M M 1.9 7 230 M M 10 8 M M
24 52 47 50 M 15 0 0.10 M M 1.0 5 350 M M 10 12 M M
25 53 46 50 M 15 0 0.01 M M 3.1 7 360 M M 9 12 M M
26 50 38 44 M 21 0 0.00 M M 4.3 12 60 M M 6 1 M M
27 61 37 49 M 16 0 0.00 M M 2.1 6 340 M M 6 M M
28 56 34 45 M 20 0 0.00 M M 8.5 15 360 M M 3 23 40
29 64 27 46 M 19 0 0.00 M M 4.2 10 220 M M 0 16 220
30 68 33 51 M 14 0 0.00 M M 5.6 12 200 M M 0 18 200
31 58 50 54 M 11 0 1.57 M M 4.4 14 80 M M 8 20 360
================================================================================
SM 1872 1131 506 0 1.83 M 191.0 M 110
================================================================================
AV 60.4 36.5 6.2 FASTST M M 4 MAX(MPH)
MISC ----> 26 350 39 330
================================================================================
NOTES:
# LAST OF SEVERAL OCCURRENCES
COLUMN 17 PEAK WIND IN M.P.H.
PRELIMINARY LOCAL CLIMATOLOGICAL DATA (WS FORM: F-6) , PAGE 2
STATION: GIDDINGS-LEE COUNTY AIRPORT
MONTH: JANUARY
YEAR: 2022
LATITUDE: 30 10 N
LONGITUDE: 96 59 W
[TEMPERATURE DATA] [PRECIPITATION DATA] SYMBOLS USED IN COLUMN 16
AVERAGE MONTHLY: 48.4 TOTAL FOR MONTH: 1.83 1 = FOG OR MIST
DPTR FM NORMAL: 0.0 DPTR FM NORMAL: M 2 = FOG REDUCING VISIBILITY
HIGHEST: 81 ON 1 GRTST 24HR 1.57 ON 31-31 TO 1/4 MILE OR LESS
LOWEST: 25 ON 3, 2 3 = THUNDER
SNOW, ICE PELLETS, HAIL 4 = ICE PELLETS
TOTAL MONTH: M 5 = HAIL
GRTST 24HR M ON M 6 = FREEZING RAIN OR DRIZZLE
GRTST DEPTH: M ON M 7 = DUSTSTORM OR SANDSTORM:
VSBY 1/2 MILE OR LESS
8 = SMOKE OR HAZE
[NO. OF DAYS WITH] [WEATHER - DAYS WITH] 9 = BLOWING SNOW
X = TORNADO
MAX 32 OR BELOW: 0 0.01 INCH OR MORE: 5
MAX 90 OR ABOVE: 0 0.10 INCH OR MORE: 1
MIN 32 OR BELOW: 10 0.50 INCH OR MORE: 1
MIN 0 OR BELOW: 0 1.00 INCH OR MORE: 1
[HDD (BASE 65) ]
TOTAL THIS MO. 506 CLEAR (SCALE 0-3) 17
DPTR FM NORMAL M PTCLDY (SCALE 4-7) 9
TOTAL FM JUL 1 831 CLOUDY (SCALE 8-10) 5
DPTR FM NORMAL M
[CDD (BASE 65) ]
TOTAL THIS MO. 0
DPTR FM NORMAL M [PRESSURE DATA]
TOTAL FM JAN 1 0 HIGHEST SLP M ON M
DPTR FM NORMAL M LOWEST SLP M ON M
[REMARKS]
#FINAL-01-22#